{"id":12182,"date":"2026-01-12T17:38:55","date_gmt":"2026-01-12T16:38:55","guid":{"rendered":"https:\/\/www.bobooaza.pl\/?page_id=12182"},"modified":"2026-01-13T14:56:25","modified_gmt":"2026-01-13T13:56:25","slug":"dane-kontaktowe","status":"publish","type":"page","link":"https:\/\/www.bobooaza.pl\/index.php\/dane-kontaktowe\/","title":{"rendered":"Dane kontaktowe"},"content":{"rendered":"\n<p><strong>Dane kontaktowe Bobo Oaza &#8211; Mateusz Banach<\/strong><br><br><strong>NIP:\u00a0<\/strong>7182176687<br><br><strong>Adres:<\/strong> ul. Ksi\u0119\u017cnej Anny 10 lok. 58, 18-400 \u0141om\u017ca, Polska<br><br><strong>Telefon:<\/strong> +48 503520787<br><br><strong>Adres e-mail:<\/strong> sklep.bobooaza@gmail.com<\/p>\n\n\n\n<p><\/p>\n","protected":false},"excerpt":{"rendered":"<p>Dane kontaktowe Bobo Oaza &#8211; Mateusz Banach NIP:\u00a07182176687 Adres: ul. Ksi\u0119\u017cnej Anny 10 lok. 58, 18-400 \u0141om\u017ca, Polska Telefon: +48 503520787 Adres e-mail: sklep.bobooaza@gmail.com<\/p>\n","protected":false},"author":2,"featured_media":0,"parent":0,"menu_order":0,"comment_status":"closed","ping_status":"closed","template":"","meta":{"footnotes":""},"class_list":["post-12182","page","type-page","status-publish","hentry"],"_links":{"self":[{"href":"https:\/\/www.bobooaza.pl\/index.php\/wp-json\/wp\/v2\/pages\/12182","targetHints":{"allow":["GET"]}}],"collection":[{"href":"https:\/\/www.bobooaza.pl\/index.php\/wp-json\/wp\/v2\/pages"}],"about":[{"href":"https:\/\/www.bobooaza.pl\/index.php\/wp-json\/wp\/v2\/types\/page"}],"author":[{"embeddable":true,"href":"https:\/\/www.bobooaza.pl\/index.php\/wp-json\/wp\/v2\/users\/2"}],"replies":[{"embeddable":true,"href":"https:\/\/www.bobooaza.pl\/index.php\/wp-json\/wp\/v2\/comments?post=12182"}],"version-history":[{"count":3,"href":"https:\/\/www.bobooaza.pl\/index.php\/wp-json\/wp\/v2\/pages\/12182\/revisions"}],"predecessor-version":[{"id":12194,"href":"https:\/\/www.bobooaza.pl\/index.php\/wp-json\/wp\/v2\/pages\/12182\/revisions\/12194"}],"wp:attachment":[{"href":"https:\/\/www.bobooaza.pl\/index.php\/wp-json\/wp\/v2\/media?parent=12182"}],"curies":[{"name":"wp","href":"https:\/\/api.w.org\/{rel}","templated":true}]}}