{"id":10009,"date":"2026-01-04T21:19:30","date_gmt":"2026-01-04T20:19:30","guid":{"rendered":"https:\/\/bobooaza.pl\/index.php\/produkt\/canpol-9-598-majtki-poporodowe-m\/"},"modified":"2026-01-26T15:05:37","modified_gmt":"2026-01-26T14:05:37","slug":"canpol-9-598-majtki-poporodowe-m","status":"publish","type":"product","link":"https:\/\/www.bobooaza.pl\/index.php\/produkt\/canpol-9-598-majtki-poporodowe-m\/","title":{"rendered":"CANPOL 9\/598 Majtki poporodowe M"},"content":{"rendered":"<p>Canpol 9\/598 Majtki poporodowe w rozmiarze M to praktyczne i wygodne rozwi\u0105zanie dla kobiet w pierwszych dniach po porodzie. Majtki jednorazowego u\u017cytku pomagaj\u0105 utrzyma\u0107 podk\u0142ad poporodowy na w\u0142a\u015bciwym miejscu, zapewniaj\u0105c higien\u0119 i komfort. Wykonane s\u0105 z mi\u0119kkich, delikatnych dla sk\u00f3ry w\u0142\u00f3kien, kt\u00f3re umo\u017cliwiaj\u0105 swobodny przep\u0142yw powietrza, a pas i pachwiny wyko\u0144czone s\u0105 elastyczn\u0105, nieuciskaj\u0105c\u0105 gumk\u0105, co zwi\u0119ksza wygod\u0119 noszenia.<\/p>\n<p>Dla zachowania higieny ka\u017cda para majtek pakowana jest osobno w woreczek foliowy. Opakowanie zawiera pi\u0119\u0107 sztuk majtek w rozmiarze M, odpowiednim dla kobiet o obwodzie bioder oko\u0142o 98 cm. Produkt \u0142\u0105czy wygod\u0119, higien\u0119 i praktyczno\u015b\u0107 w okresie poporodowym, stanowi\u0105c niezb\u0119dny element codziennej piel\u0119gnacji.<\/p>\n","protected":false},"excerpt":{"rendered":"<p>Canpol 9\/598 Majtki poporodowe w rozmiarze M to praktyczne i wygodne rozwi\u0105zanie dla kobiet w pierwszych dniach po porodzie. Majtki jednorazowego u\u017cytku pomagaj\u0105 utrzyma\u0107 podk\u0142ad poporodowy na w\u0142a\u015bciwym miejscu, zapewniaj\u0105c higien\u0119 i komfort. Wykonane s\u0105 z mi\u0119kkich, delikatnych dla sk\u00f3ry w\u0142\u00f3kien, kt\u00f3re umo\u017cliwiaj\u0105 swobodny przep\u0142yw powietrza, a pas i pachwiny wyko\u0144czone s\u0105 elastyczn\u0105, nieuciskaj\u0105c\u0105 gumk\u0105, [&hellip;]<\/p>\n","protected":false},"featured_media":10008,"comment_status":"open","ping_status":"closed","template":"","meta":[],"product_brand":[],"product_cat":[95,97,89,88],"product_tag":[],"class_list":{"0":"post-10009","1":"product","2":"type-product","3":"status-publish","4":"has-post-thumbnail","6":"product_cat-artykuly-higieniczne","7":"product_cat-majtki","8":"product_cat-majtki-poporodowe","9":"product_cat-mama","11":"first","12":"instock","13":"taxable","14":"shipping-taxable","15":"purchasable","16":"product-type-simple"},"_links":{"self":[{"href":"https:\/\/www.bobooaza.pl\/index.php\/wp-json\/wp\/v2\/product\/10009","targetHints":{"allow":["GET"]}}],"collection":[{"href":"https:\/\/www.bobooaza.pl\/index.php\/wp-json\/wp\/v2\/product"}],"about":[{"href":"https:\/\/www.bobooaza.pl\/index.php\/wp-json\/wp\/v2\/types\/product"}],"replies":[{"embeddable":true,"href":"https:\/\/www.bobooaza.pl\/index.php\/wp-json\/wp\/v2\/comments?post=10009"}],"wp:featuredmedia":[{"embeddable":true,"href":"https:\/\/www.bobooaza.pl\/index.php\/wp-json\/wp\/v2\/media\/10008"}],"wp:attachment":[{"href":"https:\/\/www.bobooaza.pl\/index.php\/wp-json\/wp\/v2\/media?parent=10009"}],"wp:term":[{"taxonomy":"product_brand","embeddable":true,"href":"https:\/\/www.bobooaza.pl\/index.php\/wp-json\/wp\/v2\/product_brand?post=10009"},{"taxonomy":"product_cat","embeddable":true,"href":"https:\/\/www.bobooaza.pl\/index.php\/wp-json\/wp\/v2\/product_cat?post=10009"},{"taxonomy":"product_tag","embeddable":true,"href":"https:\/\/www.bobooaza.pl\/index.php\/wp-json\/wp\/v2\/product_tag?post=10009"}],"curies":[{"name":"wp","href":"https:\/\/api.w.org\/{rel}","templated":true}]}}