{"id":10029,"date":"2026-01-04T21:26:12","date_gmt":"2026-01-04T20:26:12","guid":{"rendered":"https:\/\/bobooaza.pl\/index.php\/produkt\/b-o-505-xl-poporodowy-pas-brzuszny-xl\/"},"modified":"2026-01-19T21:53:18","modified_gmt":"2026-01-19T20:53:18","slug":"b-o-505-xl-poporodowy-pas-brzuszny-xl","status":"publish","type":"product","link":"https:\/\/www.bobooaza.pl\/index.php\/produkt\/b-o-505-xl-poporodowy-pas-brzuszny-xl\/","title":{"rendered":"B.O.505\/XL Poporodowy pas brzuszny XL"},"content":{"rendered":"<p>B.O.505\/XL Poporodowy pas brzuszny XL to produkt stworzony z my\u015bl\u0105 o kobietach po porodzie fizjologicznym oraz po cesarskim ci\u0119ciu, maj\u0105cy na celu wsparcie nadmiernie rozci\u0105gni\u0119tych pow\u0142ok brzusznych i zmniejszenie ryzyka wyst\u0105pienia przepukliny. Pas zapewnia wsparcie dla rany pooperacyjnej, \u0142agodzi dolegliwo\u015bci b\u00f3lowe oraz daje poczucie bezpiecze\u0144stwa i komfortu, umo\u017cliwiaj\u0105c wcze\u015bniejsze rozpocz\u0119cie \u0107wicze\u0144 wzmacniaj\u0105cych mi\u0119\u015bnie brzucha.<\/p>\n<p>Produkt powinien by\u0107 stosowany zgodnie z zaleceniami lekarza, a jego u\u017cycie najlepiej \u0142\u0105czy\u0107 z podstawowym zestawem \u0107wicze\u0144 rehabilitacyjnych, poniewa\u017c samo noszenie pasa bez aktywno\u015bci fizycznej mo\u017ce prowadzi\u0107 do os\u0142abienia mi\u0119\u015bni brzucha. Pas poporodowy B.O.505\/XL wspiera regeneracj\u0119 pow\u0142ok brzusznych, zapobiega powstawaniu przepuklin pooperacyjnych, \u0142agodzi b\u00f3l rany oraz u\u0142atwia wykonywanie wczesnych \u0107wicze\u0144 gimnastycznych. Prawid\u0142owy dob\u00f3r rozmiaru uzyskuje si\u0119 poprzez zmierzenie obwodu brzucha i dopasowanie do tabeli rozmiar\u00f3w producenta.<\/p>\n","protected":false},"excerpt":{"rendered":"<p>B.O.505\/XL Poporodowy pas brzuszny XL to produkt stworzony z my\u015bl\u0105 o kobietach po porodzie fizjologicznym oraz po cesarskim ci\u0119ciu, maj\u0105cy na celu wsparcie nadmiernie rozci\u0105gni\u0119tych pow\u0142ok brzusznych i zmniejszenie ryzyka wyst\u0105pienia przepukliny. Pas zapewnia wsparcie dla rany pooperacyjnej, \u0142agodzi dolegliwo\u015bci b\u00f3lowe oraz daje poczucie bezpiecze\u0144stwa i komfortu, umo\u017cliwiaj\u0105c wcze\u015bniejsze rozpocz\u0119cie \u0107wicze\u0144 wzmacniaj\u0105cych mi\u0119\u015bnie brzucha. Produkt [&hellip;]<\/p>\n","protected":false},"featured_media":10028,"comment_status":"open","ping_status":"closed","template":"","meta":[],"product_brand":[],"product_cat":[95,88,150],"product_tag":[],"class_list":{"0":"post-10029","1":"product","2":"type-product","3":"status-publish","4":"has-post-thumbnail","6":"product_cat-artykuly-higieniczne","7":"product_cat-mama","8":"product_cat-pasy-brzuszne","10":"first","11":"instock","12":"taxable","13":"shipping-taxable","14":"purchasable","15":"product-type-simple"},"_links":{"self":[{"href":"https:\/\/www.bobooaza.pl\/index.php\/wp-json\/wp\/v2\/product\/10029","targetHints":{"allow":["GET"]}}],"collection":[{"href":"https:\/\/www.bobooaza.pl\/index.php\/wp-json\/wp\/v2\/product"}],"about":[{"href":"https:\/\/www.bobooaza.pl\/index.php\/wp-json\/wp\/v2\/types\/product"}],"replies":[{"embeddable":true,"href":"https:\/\/www.bobooaza.pl\/index.php\/wp-json\/wp\/v2\/comments?post=10029"}],"wp:featuredmedia":[{"embeddable":true,"href":"https:\/\/www.bobooaza.pl\/index.php\/wp-json\/wp\/v2\/media\/10028"}],"wp:attachment":[{"href":"https:\/\/www.bobooaza.pl\/index.php\/wp-json\/wp\/v2\/media?parent=10029"}],"wp:term":[{"taxonomy":"product_brand","embeddable":true,"href":"https:\/\/www.bobooaza.pl\/index.php\/wp-json\/wp\/v2\/product_brand?post=10029"},{"taxonomy":"product_cat","embeddable":true,"href":"https:\/\/www.bobooaza.pl\/index.php\/wp-json\/wp\/v2\/product_cat?post=10029"},{"taxonomy":"product_tag","embeddable":true,"href":"https:\/\/www.bobooaza.pl\/index.php\/wp-json\/wp\/v2\/product_tag?post=10029"}],"curies":[{"name":"wp","href":"https:\/\/api.w.org\/{rel}","templated":true}]}}