{"id":10186,"date":"2026-01-05T09:10:38","date_gmt":"2026-01-05T08:10:38","guid":{"rendered":"https:\/\/bobooaza.pl\/index.php\/produkt\/woopie-47351-chodzik-jezdzik-nocnik-3w1-osiolek\/"},"modified":"2026-01-05T09:11:32","modified_gmt":"2026-01-05T08:11:32","slug":"woopie-47351-chodzik-jezdzik-nocnik-3w1-osiolek","status":"publish","type":"product","link":"https:\/\/www.bobooaza.pl\/index.php\/produkt\/woopie-47351-chodzik-jezdzik-nocnik-3w1-osiolek\/","title":{"rendered":"WOOPIE 47351 Chodzik je\u017adzik nocnik 3w1 Osio\u0142ek"},"content":{"rendered":"<p>WOOPIE 47351 Chodzik je\u017adzik nocnik 3w1 Osio\u0142ek to wszechstronna zabawka przeznaczona dla dzieci od 18 miesi\u0105ca \u017cycia, \u0142\u0105cz\u0105ca funkcje je\u017adzika, pchacza i nocnika. Jako je\u017adzik, zabawka wyposa\u017cona jest w stabilne oparcie, kt\u00f3re wspiera malucha w nauce jazdy i samodzielno\u015bci. Funkcja pchacza pomaga w stawianiu pierwszych krok\u00f3w, poprawiaj\u0105c r\u00f3wnowag\u0119 i koordynacj\u0119. Nocnik z efektami d\u017awi\u0119kowymi i \u015bwietlnymi u\u0142atwia proces zmiany pieluchy i zach\u0119ca dziecko do samodzielno\u015bci w codziennych czynno\u015bciach.<\/p>\n<p>Chodzik posiada wygodny uchwyt i ciche ko\u0142a, wykonany jest z trwa\u0142ego i bezpiecznego tworzywa. Wymaga 3 baterii AA 1,5V (brak w zestawie). Zabawka wspiera rozw\u00f3j du\u017cej motoryki, r\u00f3wnowagi, koordynacji ruchowej, samodzielno\u015bci, eksploracji otoczenia oraz adaptacj\u0119 do nowych sytuacji. Wymiary produktu to 32 x 52,5 x 41 cm.<\/p>\n","protected":false},"excerpt":{"rendered":"<p>WOOPIE 47351 Chodzik je\u017adzik nocnik 3w1 Osio\u0142ek to wszechstronna zabawka przeznaczona dla dzieci od 18 miesi\u0105ca \u017cycia, \u0142\u0105cz\u0105ca funkcje je\u017adzika, pchacza i nocnika. Jako je\u017adzik, zabawka wyposa\u017cona jest w stabilne oparcie, kt\u00f3re wspiera malucha w nauce jazdy i samodzielno\u015bci. Funkcja pchacza pomaga w stawianiu pierwszych krok\u00f3w, poprawiaj\u0105c r\u00f3wnowag\u0119 i koordynacj\u0119. Nocnik z efektami d\u017awi\u0119kowymi i [&hellip;]<\/p>\n","protected":false},"featured_media":10179,"comment_status":"open","ping_status":"closed","template":"","meta":[],"product_brand":[],"product_cat":[145,61,136],"product_tag":[],"class_list":{"0":"post-10186","1":"product","2":"type-product","3":"status-publish","4":"has-post-thumbnail","6":"product_cat-jezdziki","7":"product_cat-zabawki","8":"product_cat-zabawki-pozostale","10":"first","11":"instock","12":"taxable","13":"shipping-taxable","14":"purchasable","15":"product-type-simple"},"_links":{"self":[{"href":"https:\/\/www.bobooaza.pl\/index.php\/wp-json\/wp\/v2\/product\/10186","targetHints":{"allow":["GET"]}}],"collection":[{"href":"https:\/\/www.bobooaza.pl\/index.php\/wp-json\/wp\/v2\/product"}],"about":[{"href":"https:\/\/www.bobooaza.pl\/index.php\/wp-json\/wp\/v2\/types\/product"}],"replies":[{"embeddable":true,"href":"https:\/\/www.bobooaza.pl\/index.php\/wp-json\/wp\/v2\/comments?post=10186"}],"wp:featuredmedia":[{"embeddable":true,"href":"https:\/\/www.bobooaza.pl\/index.php\/wp-json\/wp\/v2\/media\/10179"}],"wp:attachment":[{"href":"https:\/\/www.bobooaza.pl\/index.php\/wp-json\/wp\/v2\/media?parent=10186"}],"wp:term":[{"taxonomy":"product_brand","embeddable":true,"href":"https:\/\/www.bobooaza.pl\/index.php\/wp-json\/wp\/v2\/product_brand?post=10186"},{"taxonomy":"product_cat","embeddable":true,"href":"https:\/\/www.bobooaza.pl\/index.php\/wp-json\/wp\/v2\/product_cat?post=10186"},{"taxonomy":"product_tag","embeddable":true,"href":"https:\/\/www.bobooaza.pl\/index.php\/wp-json\/wp\/v2\/product_tag?post=10186"}],"curies":[{"name":"wp","href":"https:\/\/api.w.org\/{rel}","templated":true}]}}