{"id":10257,"date":"2026-01-05T09:11:52","date_gmt":"2026-01-05T08:11:52","guid":{"rendered":"https:\/\/bobooaza.pl\/index.php\/produkt\/woopie-56775-jezdzik-rowerek-zielony\/"},"modified":"2026-01-05T09:23:42","modified_gmt":"2026-01-05T08:23:42","slug":"woopie-56775-jezdzik-rowerek-zielony","status":"publish","type":"product","link":"https:\/\/www.bobooaza.pl\/index.php\/produkt\/woopie-56775-jezdzik-rowerek-zielony\/","title":{"rendered":"WOOPIE 56775 Je\u017adzik Rowerek zielony"},"content":{"rendered":"<p>WOOPIE 56775 Je\u017adzik Rowerek zielony to czteroko\u0142owy rowerek biegowy dla dzieci od 3 roku \u017cycia, kt\u00f3ry wspiera nauk\u0119 r\u00f3wnowagi i koordynacji ruchowej. Stabilna, lekka konstrukcja z ograniczeniem skr\u0119tu kierownicy do 135\u00b0 oraz nisko po\u0142o\u017cony \u015brodek ci\u0119\u017cko\u015bci zapewniaj\u0105 bezpiecze\u0144stwo podczas jazdy i zmniejszaj\u0105 ryzyko przewr\u00f3cenia. Cztery szerokie, ciche ko\u0142a amortyzuj\u0105 wstrz\u0105sy, maj\u0105 dobr\u0105 przyczepno\u015b\u0107 i odporno\u015b\u0107 na \u015bcieranie, a brak ostrych kraw\u0119dzi oraz mi\u0119kkie elementy gwarantuj\u0105 komfort u\u017cytkowania. Monta\u017c jest szybki i nie wymaga narz\u0119dzi. Rowerek wspiera rozw\u00f3j motoryki du\u017cej, koordynacji ruchowej, samodzielno\u015bci i pewno\u015bci siebie. Wymiary produktu to 50 x 20 x 35 cm.<\/p>\n","protected":false},"excerpt":{"rendered":"<p>WOOPIE 56775 Je\u017adzik Rowerek zielony to czteroko\u0142owy rowerek biegowy dla dzieci od 3 roku \u017cycia, kt\u00f3ry wspiera nauk\u0119 r\u00f3wnowagi i koordynacji ruchowej. Stabilna, lekka konstrukcja z ograniczeniem skr\u0119tu kierownicy do 135\u00b0 oraz nisko po\u0142o\u017cony \u015brodek ci\u0119\u017cko\u015bci zapewniaj\u0105 bezpiecze\u0144stwo podczas jazdy i zmniejszaj\u0105 ryzyko przewr\u00f3cenia. Cztery szerokie, ciche ko\u0142a amortyzuj\u0105 wstrz\u0105sy, maj\u0105 dobr\u0105 przyczepno\u015b\u0107 i odporno\u015b\u0107 [&hellip;]<\/p>\n","protected":false},"featured_media":10254,"comment_status":"open","ping_status":"closed","template":"","meta":[],"product_brand":[],"product_cat":[145,61,136],"product_tag":[],"class_list":{"0":"post-10257","1":"product","2":"type-product","3":"status-publish","4":"has-post-thumbnail","6":"product_cat-jezdziki","7":"product_cat-zabawki","8":"product_cat-zabawki-pozostale","10":"first","11":"instock","12":"taxable","13":"shipping-taxable","14":"purchasable","15":"product-type-simple"},"_links":{"self":[{"href":"https:\/\/www.bobooaza.pl\/index.php\/wp-json\/wp\/v2\/product\/10257","targetHints":{"allow":["GET"]}}],"collection":[{"href":"https:\/\/www.bobooaza.pl\/index.php\/wp-json\/wp\/v2\/product"}],"about":[{"href":"https:\/\/www.bobooaza.pl\/index.php\/wp-json\/wp\/v2\/types\/product"}],"replies":[{"embeddable":true,"href":"https:\/\/www.bobooaza.pl\/index.php\/wp-json\/wp\/v2\/comments?post=10257"}],"wp:featuredmedia":[{"embeddable":true,"href":"https:\/\/www.bobooaza.pl\/index.php\/wp-json\/wp\/v2\/media\/10254"}],"wp:attachment":[{"href":"https:\/\/www.bobooaza.pl\/index.php\/wp-json\/wp\/v2\/media?parent=10257"}],"wp:term":[{"taxonomy":"product_brand","embeddable":true,"href":"https:\/\/www.bobooaza.pl\/index.php\/wp-json\/wp\/v2\/product_brand?post=10257"},{"taxonomy":"product_cat","embeddable":true,"href":"https:\/\/www.bobooaza.pl\/index.php\/wp-json\/wp\/v2\/product_cat?post=10257"},{"taxonomy":"product_tag","embeddable":true,"href":"https:\/\/www.bobooaza.pl\/index.php\/wp-json\/wp\/v2\/product_tag?post=10257"}],"curies":[{"name":"wp","href":"https:\/\/api.w.org\/{rel}","templated":true}]}}