{"id":10345,"date":"2026-01-05T15:21:49","date_gmt":"2026-01-05T14:21:49","guid":{"rendered":"https:\/\/bobooaza.pl\/index.php\/produkt\/b-o1649-02-plecak-dla-mamy-modern-style-bezowy\/"},"modified":"2026-01-05T15:30:46","modified_gmt":"2026-01-05T14:30:46","slug":"b-o1649-02-plecak-dla-mamy-modern-style-bezowy","status":"publish","type":"product","link":"https:\/\/www.bobooaza.pl\/index.php\/produkt\/b-o1649-02-plecak-dla-mamy-modern-style-bezowy\/","title":{"rendered":"B.O1649\/02 Plecak dla mamy MODERN STYLE be\u017cowy"},"content":{"rendered":"<p>Plecak dla mamy MODERN STYLE w kolorze be\u017cowym to stylowy i praktyczny wyb\u00f3r dla kobiet, kt\u00f3re ceni\u0105 minimalizm, funkcjonalno\u015b\u0107 i nowoczesny design. Kompaktowe wymiary \u0142\u0105cz\u0105 si\u0119 tu z du\u017c\u0105 pojemno\u015bci\u0105, dzi\u0119ki czemu plecak sprawdzi si\u0119 zar\u00f3wno podczas spacer\u00f3w z dzieckiem, jak i w pracy, na uczelni czy podczas wycieczek.<\/p>\n<p>Wn\u0119trze wyposa\u017cono w dwana\u015bcie przemy\u015blanych kieszeni, kt\u00f3re umo\u017cliwiaj\u0105 wygodne przechowywanie pieluszek, butelek, przewijaka, a tak\u017ce tabletu, ksi\u0105\u017cek czy bidonu. Specjalne kieszenie termiczne i wodoodporne pozwalaj\u0105 bezpiecznie przechowywa\u0107 mokre lub wymagaj\u0105ce ochrony przed temperatur\u0105 akcesoria.<\/p>\n<p>Lekki, wodoodporny poliester sprawia, \u017ce plecak jest \u0142atwy w utrzymaniu czysto\u015bci i odporny na warunki atmosferyczne. Regulowane szelki i wygodne uchwyty umo\u017cliwiaj\u0105 noszenie na plecach lub w r\u0119ku, a odpinane zaczepy pozwalaj\u0105 przypi\u0105\u0107 plecak do w\u00f3zka. Dodatkowa kiesze\u0144 szybkiego dost\u0119pu oraz smycz na klucze lub smoczek zwi\u0119kszaj\u0105 komfort codziennego u\u017cytkowania.<\/p>\n<p>Do plecaka do\u0142\u0105czono du\u017c\u0105 mat\u0119 do przewijania, kt\u00f3ra u\u0142atwia opiek\u0119 nad dzieckiem poza domem. Uniwersalny design sprawia, \u017ce plecak MODERN STYLE jest odpowiedni dla mam i tat\u00f3w, stanowi\u0105c praktyczny organizer i stylowy dodatek w jednym dla aktywnych rodzic\u00f3w.<\/p>\n","protected":false},"excerpt":{"rendered":"<p>Plecak dla mamy MODERN STYLE w kolorze be\u017cowym to stylowy i praktyczny wyb\u00f3r dla kobiet, kt\u00f3re ceni\u0105 minimalizm, funkcjonalno\u015b\u0107 i nowoczesny design. Kompaktowe wymiary \u0142\u0105cz\u0105 si\u0119 tu z du\u017c\u0105 pojemno\u015bci\u0105, dzi\u0119ki czemu plecak sprawdzi si\u0119 zar\u00f3wno podczas spacer\u00f3w z dzieckiem, jak i w pracy, na uczelni czy podczas wycieczek. Wn\u0119trze wyposa\u017cono w dwana\u015bcie przemy\u015blanych kieszeni, [&hellip;]<\/p>\n","protected":false},"featured_media":10340,"comment_status":"open","ping_status":"closed","template":"","meta":[],"product_brand":[],"product_cat":[88,149],"product_tag":[],"class_list":{"0":"post-10345","1":"product","2":"type-product","3":"status-publish","4":"has-post-thumbnail","6":"product_cat-mama","7":"product_cat-torby-i-plecaki","9":"first","10":"instock","11":"taxable","12":"shipping-taxable","13":"purchasable","14":"product-type-simple"},"_links":{"self":[{"href":"https:\/\/www.bobooaza.pl\/index.php\/wp-json\/wp\/v2\/product\/10345","targetHints":{"allow":["GET"]}}],"collection":[{"href":"https:\/\/www.bobooaza.pl\/index.php\/wp-json\/wp\/v2\/product"}],"about":[{"href":"https:\/\/www.bobooaza.pl\/index.php\/wp-json\/wp\/v2\/types\/product"}],"replies":[{"embeddable":true,"href":"https:\/\/www.bobooaza.pl\/index.php\/wp-json\/wp\/v2\/comments?post=10345"}],"wp:featuredmedia":[{"embeddable":true,"href":"https:\/\/www.bobooaza.pl\/index.php\/wp-json\/wp\/v2\/media\/10340"}],"wp:attachment":[{"href":"https:\/\/www.bobooaza.pl\/index.php\/wp-json\/wp\/v2\/media?parent=10345"}],"wp:term":[{"taxonomy":"product_brand","embeddable":true,"href":"https:\/\/www.bobooaza.pl\/index.php\/wp-json\/wp\/v2\/product_brand?post=10345"},{"taxonomy":"product_cat","embeddable":true,"href":"https:\/\/www.bobooaza.pl\/index.php\/wp-json\/wp\/v2\/product_cat?post=10345"},{"taxonomy":"product_tag","embeddable":true,"href":"https:\/\/www.bobooaza.pl\/index.php\/wp-json\/wp\/v2\/product_tag?post=10345"}],"curies":[{"name":"wp","href":"https:\/\/api.w.org\/{rel}","templated":true}]}}