{"id":10347,"date":"2026-01-05T15:21:52","date_gmt":"2026-01-05T14:21:52","guid":{"rendered":"https:\/\/bobooaza.pl\/index.php\/produkt\/canpol-50-103-plecak-dla-mamy-z-funkcja-przypiecia-do-wozka-szary\/"},"modified":"2026-01-05T15:30:47","modified_gmt":"2026-01-05T14:30:47","slug":"canpol-50-103-plecak-dla-mamy-z-funkcja-przypiecia-do-wozka-szary","status":"publish","type":"product","link":"https:\/\/www.bobooaza.pl\/index.php\/produkt\/canpol-50-103-plecak-dla-mamy-z-funkcja-przypiecia-do-wozka-szary\/","title":{"rendered":"CANPOL 50\/103 Plecak dla mamy z funkcj\u0105 przypi\u0119cia do w\u00f3zka szary"},"content":{"rendered":"<p>Plecak dla mamy **CANPOL 50\/103** w kolorze szarym to elegancki i praktyczny towarzysz ka\u017cdego wyj\u015bcia z dzieckiem. \u0141\u0105czy nowoczesny design z funkcjonalno\u015bci\u0105, umo\u017cliwiaj\u0105c wygodne przechowywanie wszystkich niezb\u0119dnych akcesori\u00f3w oraz ulubionych zabawek maluszka.<\/p>\n<p>Wn\u0119trze plecaka wyposa\u017cono w termoizolacyjne kieszenie, kt\u00f3re utrzymuj\u0105 optymaln\u0105 temperatur\u0119 pokarmu lub napoj\u00f3w. Boczne kieszenie zapewniaj\u0105 \u0142atwy dost\u0119p do bidonu, kubka czy chusteczek, a dyskretne przegr\u00f3dki pozwalaj\u0105 bezpiecznie przechowa\u0107 dokumenty. Karabi\u0144czyk umo\u017cliwia przypi\u0119cie kluczy, breloczka lub zabawki dziecka.<\/p>\n<p>Plecak posiada wodoodporn\u0105 kiesze\u0144 na mokre ubranie lub pieluszk\u0119, zapinan\u0105 na suwak, oraz wygodne, szerokie i regulowane szelki. Do zestawu do\u0142\u0105czono uchwyty do mocowania plecaka na w\u00f3zku i praktyczn\u0105 mat\u0119 do przewijania, kt\u00f3ra u\u0142atwia opiek\u0119 nad dzieckiem podczas spacer\u00f3w i podr\u00f3\u017cy. Elegancki, szary kolor oraz przemy\u015blany uk\u0142ad kieszeni czyni\u0105 plecak CANPOL idealnym wyborem dla aktywnych rodzic\u00f3w.<\/p>\n","protected":false},"excerpt":{"rendered":"<p>Plecak dla mamy **CANPOL 50\/103** w kolorze szarym to elegancki i praktyczny towarzysz ka\u017cdego wyj\u015bcia z dzieckiem. \u0141\u0105czy nowoczesny design z funkcjonalno\u015bci\u0105, umo\u017cliwiaj\u0105c wygodne przechowywanie wszystkich niezb\u0119dnych akcesori\u00f3w oraz ulubionych zabawek maluszka. Wn\u0119trze plecaka wyposa\u017cono w termoizolacyjne kieszenie, kt\u00f3re utrzymuj\u0105 optymaln\u0105 temperatur\u0119 pokarmu lub napoj\u00f3w. Boczne kieszenie zapewniaj\u0105 \u0142atwy dost\u0119p do bidonu, kubka czy chusteczek, [&hellip;]<\/p>\n","protected":false},"featured_media":10346,"comment_status":"open","ping_status":"closed","template":"","meta":[],"product_brand":[],"product_cat":[88,149],"product_tag":[],"class_list":{"0":"post-10347","1":"product","2":"type-product","3":"status-publish","4":"has-post-thumbnail","6":"product_cat-mama","7":"product_cat-torby-i-plecaki","9":"first","10":"instock","11":"taxable","12":"shipping-taxable","13":"purchasable","14":"product-type-simple"},"_links":{"self":[{"href":"https:\/\/www.bobooaza.pl\/index.php\/wp-json\/wp\/v2\/product\/10347","targetHints":{"allow":["GET"]}}],"collection":[{"href":"https:\/\/www.bobooaza.pl\/index.php\/wp-json\/wp\/v2\/product"}],"about":[{"href":"https:\/\/www.bobooaza.pl\/index.php\/wp-json\/wp\/v2\/types\/product"}],"replies":[{"embeddable":true,"href":"https:\/\/www.bobooaza.pl\/index.php\/wp-json\/wp\/v2\/comments?post=10347"}],"wp:featuredmedia":[{"embeddable":true,"href":"https:\/\/www.bobooaza.pl\/index.php\/wp-json\/wp\/v2\/media\/10346"}],"wp:attachment":[{"href":"https:\/\/www.bobooaza.pl\/index.php\/wp-json\/wp\/v2\/media?parent=10347"}],"wp:term":[{"taxonomy":"product_brand","embeddable":true,"href":"https:\/\/www.bobooaza.pl\/index.php\/wp-json\/wp\/v2\/product_brand?post=10347"},{"taxonomy":"product_cat","embeddable":true,"href":"https:\/\/www.bobooaza.pl\/index.php\/wp-json\/wp\/v2\/product_cat?post=10347"},{"taxonomy":"product_tag","embeddable":true,"href":"https:\/\/www.bobooaza.pl\/index.php\/wp-json\/wp\/v2\/product_tag?post=10347"}],"curies":[{"name":"wp","href":"https:\/\/api.w.org\/{rel}","templated":true}]}}