{"id":10351,"date":"2026-01-05T15:21:54","date_gmt":"2026-01-05T14:21:54","guid":{"rendered":"https:\/\/bobooaza.pl\/index.php\/produkt\/canpol-50-101-plecak-dla-mamy-z-funkcja-przypiecia-do-wozka-czerwony\/"},"modified":"2026-01-05T15:30:48","modified_gmt":"2026-01-05T14:30:48","slug":"canpol-50-101-plecak-dla-mamy-z-funkcja-przypiecia-do-wozka-czerwony","status":"publish","type":"product","link":"https:\/\/www.bobooaza.pl\/index.php\/produkt\/canpol-50-101-plecak-dla-mamy-z-funkcja-przypiecia-do-wozka-czerwony\/","title":{"rendered":"CANPOL 50\/101 Plecak dla mamy z funkcj\u0105 przypi\u0119cia do w\u00f3zka czerwony"},"content":{"rendered":"<p>Plecak dla mamy CANPOL 50\/101 w kolorze czerwonym to stylowy i praktyczny wyb\u00f3r na spacery, spotkania czy wyjazdy z dzieckiem. \u0141\u0105czy elegancki design z funkcjonalnymi rozwi\u0105zaniami, umo\u017cliwiaj\u0105c wygodne przechowywanie wszystkich niezb\u0119dnych akcesori\u00f3w oraz ulubionych zabawek maluszka.<\/p>\n<p>Plecak wyposa\u017cono w termoizolacyjne kieszenie, kt\u00f3re utrzymuj\u0105 optymaln\u0105 temperatur\u0119 pokarmu i napoj\u00f3w. Boczne przegr\u00f3dki zapewniaj\u0105 \u0142atwy dost\u0119p do kubka, bidonu czy chusteczek, a dyskretne kieszenie pozwalaj\u0105 bezpiecznie przechowa\u0107 dokumenty. Karabi\u0144czyk umo\u017cliwia przypi\u0119cie kluczy, breloczka lub zabawki dziecka, a wodoodporna kiesze\u0144 na mokre ubranie lub pieluszk\u0119 zwi\u0119ksza komfort u\u017cytkowania.<\/p>\n<p>Szerokie i regulowane szelki gwarantuj\u0105 wygodne noszenie, a uchwyty pozwalaj\u0105 przypi\u0105\u0107 plecak do w\u00f3zka. Do zestawu do\u0142\u0105czono praktyczn\u0105 mat\u0119 do przewijania, idealn\u0105 podczas spacer\u00f3w i podr\u00f3\u017cy, co czyni plecak CANPOL 50\/101 niezast\u0105pionym dodatkiem dla aktywnych rodzic\u00f3w.<\/p>\n","protected":false},"excerpt":{"rendered":"<p>Plecak dla mamy CANPOL 50\/101 w kolorze czerwonym to stylowy i praktyczny wyb\u00f3r na spacery, spotkania czy wyjazdy z dzieckiem. \u0141\u0105czy elegancki design z funkcjonalnymi rozwi\u0105zaniami, umo\u017cliwiaj\u0105c wygodne przechowywanie wszystkich niezb\u0119dnych akcesori\u00f3w oraz ulubionych zabawek maluszka. Plecak wyposa\u017cono w termoizolacyjne kieszenie, kt\u00f3re utrzymuj\u0105 optymaln\u0105 temperatur\u0119 pokarmu i napoj\u00f3w. Boczne przegr\u00f3dki zapewniaj\u0105 \u0142atwy dost\u0119p do kubka, [&hellip;]<\/p>\n","protected":false},"featured_media":10350,"comment_status":"open","ping_status":"closed","template":"","meta":[],"product_brand":[],"product_cat":[88,149],"product_tag":[],"class_list":{"0":"post-10351","1":"product","2":"type-product","3":"status-publish","4":"has-post-thumbnail","6":"product_cat-mama","7":"product_cat-torby-i-plecaki","9":"first","10":"instock","11":"taxable","12":"shipping-taxable","13":"purchasable","14":"product-type-simple"},"_links":{"self":[{"href":"https:\/\/www.bobooaza.pl\/index.php\/wp-json\/wp\/v2\/product\/10351","targetHints":{"allow":["GET"]}}],"collection":[{"href":"https:\/\/www.bobooaza.pl\/index.php\/wp-json\/wp\/v2\/product"}],"about":[{"href":"https:\/\/www.bobooaza.pl\/index.php\/wp-json\/wp\/v2\/types\/product"}],"replies":[{"embeddable":true,"href":"https:\/\/www.bobooaza.pl\/index.php\/wp-json\/wp\/v2\/comments?post=10351"}],"wp:featuredmedia":[{"embeddable":true,"href":"https:\/\/www.bobooaza.pl\/index.php\/wp-json\/wp\/v2\/media\/10350"}],"wp:attachment":[{"href":"https:\/\/www.bobooaza.pl\/index.php\/wp-json\/wp\/v2\/media?parent=10351"}],"wp:term":[{"taxonomy":"product_brand","embeddable":true,"href":"https:\/\/www.bobooaza.pl\/index.php\/wp-json\/wp\/v2\/product_brand?post=10351"},{"taxonomy":"product_cat","embeddable":true,"href":"https:\/\/www.bobooaza.pl\/index.php\/wp-json\/wp\/v2\/product_cat?post=10351"},{"taxonomy":"product_tag","embeddable":true,"href":"https:\/\/www.bobooaza.pl\/index.php\/wp-json\/wp\/v2\/product_tag?post=10351"}],"curies":[{"name":"wp","href":"https:\/\/api.w.org\/{rel}","templated":true}]}}