{"id":10456,"date":"2026-01-05T15:44:44","date_gmt":"2026-01-05T14:44:44","guid":{"rendered":"https:\/\/bobooaza.pl\/index.php\/produkt\/b-o-1515-torba-dla-mamy-do-wozka-best-time-ever\/"},"modified":"2026-01-05T15:54:56","modified_gmt":"2026-01-05T14:54:56","slug":"b-o-1515-torba-dla-mamy-do-wozka-best-time-ever","status":"publish","type":"product","link":"https:\/\/www.bobooaza.pl\/index.php\/produkt\/b-o-1515-torba-dla-mamy-do-wozka-best-time-ever\/","title":{"rendered":"B.O.1515 Torba dla mamy\/do w\u00f3zka BEST TIME EVER"},"content":{"rendered":"<p>Torba dla mamy i do w\u00f3zka BEST TIME EVER B.O.1515 to praktyczny i stylowy dodatek dla aktywnych rodzic\u00f3w. Du\u017ca pojemno\u015b\u0107 i przemy\u015blany uk\u0142ad kieszeni pozwalaj\u0105 wygodnie zorganizowa\u0107 rzeczy dla dziecka i mamy. W \u015brodku znajduje si\u0119 12 kieszeni, w tym termokiesze\u0144 na butelki oraz kieszenie szybkiego dost\u0119pu na telefon lub tablet. Torb\u0119 mo\u017cna nosi\u0107 na ramieniu lub przypi\u0105\u0107 do w\u00f3zka dzi\u0119ki odpinanym paskom. Wyposa\u017cono j\u0105 w smycz na klucze, mat\u0119 do przewijania oraz solidny, \u0142atwy do utrzymania w czysto\u015bci materia\u0142 odporny na r\u00f3\u017cne warunki pogodowe. Du\u017ca klapka z dwoma zamkami zapewnia szybki dost\u0119p do g\u0142\u00f3wnej komory.<\/p>\n<p>Torba wykonana jest w ca\u0142o\u015bci z nylonu, ma wymiary 43 x 30 x 13 cm i wa\u017cy 0,70 kg. Jest \u0142atwa w czyszczeniu, ma wygodne uchwyty do r\u0119ki i na rami\u0119 oraz ozdobny napis \u201eBEST TIME EVER\u201d na uchwytach. To idealny wyb\u00f3r na spacer, rodzinny wypad czy wyjazd turystyczny, \u0142\u0105cz\u0105c funkcjonalno\u015b\u0107 z miejskim stylem.<\/p>\n","protected":false},"excerpt":{"rendered":"<p>Torba dla mamy i do w\u00f3zka BEST TIME EVER B.O.1515 to praktyczny i stylowy dodatek dla aktywnych rodzic\u00f3w. Du\u017ca pojemno\u015b\u0107 i przemy\u015blany uk\u0142ad kieszeni pozwalaj\u0105 wygodnie zorganizowa\u0107 rzeczy dla dziecka i mamy. W \u015brodku znajduje si\u0119 12 kieszeni, w tym termokiesze\u0144 na butelki oraz kieszenie szybkiego dost\u0119pu na telefon lub tablet. Torb\u0119 mo\u017cna nosi\u0107 na [&hellip;]<\/p>\n","protected":false},"featured_media":10448,"comment_status":"open","ping_status":"closed","template":"","meta":[],"product_brand":[],"product_cat":[88,149],"product_tag":[],"class_list":{"0":"post-10456","1":"product","2":"type-product","3":"status-publish","4":"has-post-thumbnail","6":"product_cat-mama","7":"product_cat-torby-i-plecaki","9":"first","10":"instock","11":"taxable","12":"shipping-taxable","13":"purchasable","14":"product-type-simple"},"_links":{"self":[{"href":"https:\/\/www.bobooaza.pl\/index.php\/wp-json\/wp\/v2\/product\/10456","targetHints":{"allow":["GET"]}}],"collection":[{"href":"https:\/\/www.bobooaza.pl\/index.php\/wp-json\/wp\/v2\/product"}],"about":[{"href":"https:\/\/www.bobooaza.pl\/index.php\/wp-json\/wp\/v2\/types\/product"}],"replies":[{"embeddable":true,"href":"https:\/\/www.bobooaza.pl\/index.php\/wp-json\/wp\/v2\/comments?post=10456"}],"wp:featuredmedia":[{"embeddable":true,"href":"https:\/\/www.bobooaza.pl\/index.php\/wp-json\/wp\/v2\/media\/10448"}],"wp:attachment":[{"href":"https:\/\/www.bobooaza.pl\/index.php\/wp-json\/wp\/v2\/media?parent=10456"}],"wp:term":[{"taxonomy":"product_brand","embeddable":true,"href":"https:\/\/www.bobooaza.pl\/index.php\/wp-json\/wp\/v2\/product_brand?post=10456"},{"taxonomy":"product_cat","embeddable":true,"href":"https:\/\/www.bobooaza.pl\/index.php\/wp-json\/wp\/v2\/product_cat?post=10456"},{"taxonomy":"product_tag","embeddable":true,"href":"https:\/\/www.bobooaza.pl\/index.php\/wp-json\/wp\/v2\/product_tag?post=10456"}],"curies":[{"name":"wp","href":"https:\/\/api.w.org\/{rel}","templated":true}]}}