{"id":10480,"date":"2026-01-05T21:58:57","date_gmt":"2026-01-05T20:58:57","guid":{"rendered":"https:\/\/bobooaza.pl\/index.php\/produkt\/canpol-1-655-ultrachlonne-wkladki-laktacyjne-3d-60-szt-czarne\/"},"modified":"2026-01-05T22:03:29","modified_gmt":"2026-01-05T21:03:29","slug":"canpol-1-655-ultrachlonne-wkladki-laktacyjne-3d-60-szt-czarne","status":"publish","type":"product","link":"https:\/\/www.bobooaza.pl\/index.php\/produkt\/canpol-1-655-ultrachlonne-wkladki-laktacyjne-3d-60-szt-czarne\/","title":{"rendered":"CANPOL 1\/655 Ultrach\u0142onne wk\u0142adki laktacyjne 3D 60 szt czarne"},"content":{"rendered":"<p>CANPOL 1\/655 Ultrach\u0142onne wk\u0142adki laktacyjne 3D czarne 60 szt. to nowoczesne wk\u0142adki dla kobiet karmi\u0105cych, kt\u00f3re zapewniaj\u0105 skuteczn\u0105 ochron\u0119 i nawet trzykrotnie szybsze uczucie sucho\u015bci oraz \u015bwie\u017co\u015bci zar\u00f3wno w dzie\u0144, jak i w nocy. Dzi\u0119ki bardzo cienkiej konstrukcji s\u0105 dyskretne i niewidoczne pod bielizn\u0105 oraz ubraniem, a jednocze\u015bnie oferuj\u0105 wysoki poziom ch\u0142onno\u015bci.<\/p>\n<p>Wk\u0142adki posiadaj\u0105 sze\u015b\u0107 warstw ochronnych, w tym ultrach\u0142onny wk\u0142ad, kt\u00f3ry szybko absorbuje p\u0142yny i zatrzymuje wilgo\u0107 wewn\u0105trz, skutecznie chroni\u0105c przed przeciekaniem. Mi\u0119kka, oddychaj\u0105ca warstwa zewn\u0119trzna jest delikatna dla wra\u017cliwej sk\u00f3ry piersi i pozwala jej swobodnie oddycha\u0107, minimalizuj\u0105c ryzyko podra\u017cnie\u0144. Anatomiczny kszta\u0142t 3D zwi\u0119ksza komfort noszenia i umo\u017cliwia idealne dopasowanie do kszta\u0142tu piersi.<\/p>\n<p>Podw\u00f3jny pasek samoprzylepny stabilnie utrzymuje wk\u0142adk\u0119 na miejscu, zapobiegaj\u0105c jej przesuwaniu si\u0119 w biustonoszu i chroni\u0105c bielizn\u0119 oraz ubranie przed zabrudzeniem. Wk\u0142adki nie rozwarstwiaj\u0105 si\u0119 po wch\u0142oni\u0119ciu p\u0142ynu i zachowuj\u0105 sw\u00f3j pierwotny kszta\u0142t. Czarny kolor zosta\u0142 stworzony z my\u015bl\u0105 o kobietach preferuj\u0105cych ciemn\u0105 bielizn\u0119. Ka\u017cda wk\u0142adka pakowana jest osobno, co zapewnia maksymaln\u0105 higien\u0119 u\u017cytkowania.<\/p>\n","protected":false},"excerpt":{"rendered":"<p>CANPOL 1\/655 Ultrach\u0142onne wk\u0142adki laktacyjne 3D czarne 60 szt. to nowoczesne wk\u0142adki dla kobiet karmi\u0105cych, kt\u00f3re zapewniaj\u0105 skuteczn\u0105 ochron\u0119 i nawet trzykrotnie szybsze uczucie sucho\u015bci oraz \u015bwie\u017co\u015bci zar\u00f3wno w dzie\u0144, jak i w nocy. Dzi\u0119ki bardzo cienkiej konstrukcji s\u0105 dyskretne i niewidoczne pod bielizn\u0105 oraz ubraniem, a jednocze\u015bnie oferuj\u0105 wysoki poziom ch\u0142onno\u015bci. Wk\u0142adki posiadaj\u0105 sze\u015b\u0107 [&hellip;]<\/p>\n","protected":false},"featured_media":10479,"comment_status":"open","ping_status":"closed","template":"","meta":[],"product_brand":[],"product_cat":[94,88,91],"product_tag":[],"class_list":{"0":"post-10480","1":"product","2":"type-product","3":"status-publish","4":"has-post-thumbnail","6":"product_cat-karmienie-piersia","7":"product_cat-mama","8":"product_cat-wkladki-laktacyjne","10":"first","11":"instock","12":"taxable","13":"shipping-taxable","14":"purchasable","15":"product-type-simple"},"_links":{"self":[{"href":"https:\/\/www.bobooaza.pl\/index.php\/wp-json\/wp\/v2\/product\/10480","targetHints":{"allow":["GET"]}}],"collection":[{"href":"https:\/\/www.bobooaza.pl\/index.php\/wp-json\/wp\/v2\/product"}],"about":[{"href":"https:\/\/www.bobooaza.pl\/index.php\/wp-json\/wp\/v2\/types\/product"}],"replies":[{"embeddable":true,"href":"https:\/\/www.bobooaza.pl\/index.php\/wp-json\/wp\/v2\/comments?post=10480"}],"wp:featuredmedia":[{"embeddable":true,"href":"https:\/\/www.bobooaza.pl\/index.php\/wp-json\/wp\/v2\/media\/10479"}],"wp:attachment":[{"href":"https:\/\/www.bobooaza.pl\/index.php\/wp-json\/wp\/v2\/media?parent=10480"}],"wp:term":[{"taxonomy":"product_brand","embeddable":true,"href":"https:\/\/www.bobooaza.pl\/index.php\/wp-json\/wp\/v2\/product_brand?post=10480"},{"taxonomy":"product_cat","embeddable":true,"href":"https:\/\/www.bobooaza.pl\/index.php\/wp-json\/wp\/v2\/product_cat?post=10480"},{"taxonomy":"product_tag","embeddable":true,"href":"https:\/\/www.bobooaza.pl\/index.php\/wp-json\/wp\/v2\/product_tag?post=10480"}],"curies":[{"name":"wp","href":"https:\/\/api.w.org\/{rel}","templated":true}]}}