{"id":10494,"date":"2026-01-05T22:24:54","date_gmt":"2026-01-05T21:24:54","guid":{"rendered":"https:\/\/bobooaza.pl\/index.php\/produkt\/canpol-12-216-laktator-reczny-basic-light\/"},"modified":"2026-01-19T21:53:33","modified_gmt":"2026-01-19T20:53:33","slug":"canpol-12-216-laktator-reczny-basic-light","status":"publish","type":"product","link":"https:\/\/www.bobooaza.pl\/index.php\/produkt\/canpol-12-216-laktator-reczny-basic-light\/","title":{"rendered":"CANPOL 12\/216 Laktator r\u0119czny Basic light"},"content":{"rendered":"<p>Laktator r\u0119czny Canpol babies Basic light to rozwi\u0105zanie dla mam, kt\u00f3re okazjonalnie odci\u0105gaj\u0105 pokarm. Ergonomiczny uchwyt pozwala wygodnie trzyma\u0107 urz\u0105dzenie, a prosty mechanizm z pompk\u0105 umo\u017cliwia komfortowe odci\u0105ganie jedn\u0105 r\u0119k\u0105 przy niewielkiej sile. Wyprofilowany lejek szczelnie przylega do piersi, a silikonowa nak\u0142adka zapewnia delikatne i skuteczne odci\u0105ganie. Laktator dzia\u0142a bardzo cicho, nie budz\u0105c dziecka. Prosta konstrukcja u\u0142atwia czyszczenie i monta\u017c, a niewielka waga i rozmiar sprawiaj\u0105, \u017ce urz\u0105dzenie jest wygodne w przechowywaniu i podr\u00f3\u017cy. Kompatybilny ze wszystkimi standardowymi i antykolkowymi butelkami Canpol babies. Nie zawiera BPA.<\/p>\n","protected":false},"excerpt":{"rendered":"<p>Laktator r\u0119czny Canpol babies Basic light to rozwi\u0105zanie dla mam, kt\u00f3re okazjonalnie odci\u0105gaj\u0105 pokarm. Ergonomiczny uchwyt pozwala wygodnie trzyma\u0107 urz\u0105dzenie, a prosty mechanizm z pompk\u0105 umo\u017cliwia komfortowe odci\u0105ganie jedn\u0105 r\u0119k\u0105 przy niewielkiej sile. Wyprofilowany lejek szczelnie przylega do piersi, a silikonowa nak\u0142adka zapewnia delikatne i skuteczne odci\u0105ganie. Laktator dzia\u0142a bardzo cicho, nie budz\u0105c dziecka. Prosta [&hellip;]<\/p>\n","protected":false},"featured_media":10492,"comment_status":"open","ping_status":"closed","template":"","meta":[],"product_brand":[],"product_cat":[94,92,88],"product_tag":[],"class_list":{"0":"post-10494","1":"product","2":"type-product","3":"status-publish","4":"has-post-thumbnail","6":"product_cat-karmienie-piersia","7":"product_cat-laktatory","8":"product_cat-mama","10":"first","11":"instock","12":"taxable","13":"shipping-taxable","14":"purchasable","15":"product-type-simple"},"_links":{"self":[{"href":"https:\/\/www.bobooaza.pl\/index.php\/wp-json\/wp\/v2\/product\/10494","targetHints":{"allow":["GET"]}}],"collection":[{"href":"https:\/\/www.bobooaza.pl\/index.php\/wp-json\/wp\/v2\/product"}],"about":[{"href":"https:\/\/www.bobooaza.pl\/index.php\/wp-json\/wp\/v2\/types\/product"}],"replies":[{"embeddable":true,"href":"https:\/\/www.bobooaza.pl\/index.php\/wp-json\/wp\/v2\/comments?post=10494"}],"wp:featuredmedia":[{"embeddable":true,"href":"https:\/\/www.bobooaza.pl\/index.php\/wp-json\/wp\/v2\/media\/10492"}],"wp:attachment":[{"href":"https:\/\/www.bobooaza.pl\/index.php\/wp-json\/wp\/v2\/media?parent=10494"}],"wp:term":[{"taxonomy":"product_brand","embeddable":true,"href":"https:\/\/www.bobooaza.pl\/index.php\/wp-json\/wp\/v2\/product_brand?post=10494"},{"taxonomy":"product_cat","embeddable":true,"href":"https:\/\/www.bobooaza.pl\/index.php\/wp-json\/wp\/v2\/product_cat?post=10494"},{"taxonomy":"product_tag","embeddable":true,"href":"https:\/\/www.bobooaza.pl\/index.php\/wp-json\/wp\/v2\/product_tag?post=10494"}],"curies":[{"name":"wp","href":"https:\/\/api.w.org\/{rel}","templated":true}]}}