{"id":10511,"date":"2026-01-05T22:25:02","date_gmt":"2026-01-05T21:25:02","guid":{"rendered":"https:\/\/bobooaza.pl\/index.php\/produkt\/innogio-gio-357i-giomum-line-comfort-laktator-muszlowy-pojedynczy-z-pilotem\/"},"modified":"2026-01-05T22:35:50","modified_gmt":"2026-01-05T21:35:50","slug":"innogio-gio-357i-giomum-line-comfort-laktator-muszlowy-pojedynczy-z-pilotem","status":"publish","type":"product","link":"https:\/\/www.bobooaza.pl\/index.php\/produkt\/innogio-gio-357i-giomum-line-comfort-laktator-muszlowy-pojedynczy-z-pilotem\/","title":{"rendered":"INNOGIO GIO-357I GIOmum Line Comfort Laktator muszlowy pojedynczy z pilotem"},"content":{"rendered":"<p>Laktator muszlowy INNOGIO GIOmum Line Comfort to nowoczesne, kompaktowe i ciche urz\u0105dzenie do odci\u0105gania pokarmu. Dzia\u0142a bez rurek, przewod\u00f3w i dodatkowych butelek \u2013 wystarczy umie\u015bci\u0107 go pod bielizn\u0105, a laktator automatycznie pobiera mleko. Posiada du\u017cy wy\u015bwietlacz LED, kt\u00f3ry pokazuje wybrany tryb pracy i poziom si\u0142y ssania, oraz pilot do zdalnego sterowania, co zwi\u0119ksza wygod\u0119 u\u017cytkowania. Urz\u0105dzenie ma 12-stopniow\u0105 regulacj\u0119 si\u0142y ssania, 12-stopniow\u0105 regulacj\u0119 mocy masa\u017cu oraz 6-stopniow\u0105 stymulacj\u0119. Laktator posiada systemy zapobiegaj\u0105ce cofaniu si\u0119 pokarmu i pobraniu nadmiernej ilo\u015bci mleka, zapewniaj\u0105c higien\u0119 i komfort. Urz\u0105dzenie dzia\u0142a do 3 godzin na w pe\u0142ni na\u0142adowanym akumulatorze i jest wolne od BPA. W zestawie znajduje si\u0119 pilot, torebka do przechowywania, miarka do mierzenia brodawki, jednostka nap\u0119dowa, membrana silikonowa, wypustka mocuj\u0105ca, nasadka, zaw\u00f3r, muszla zbieraj\u0105ca, zaw\u00f3r typu kaczy dzi\u00f3b, zapi\u0119cie do regulacji biustonosza oraz kabel USB-C. Laktator jest \u0142atwy w obs\u0142udze, przeno\u015bny i zapewnia wygodne, higieniczne odci\u0105ganie pokarmu w dowolnym miejscu.<\/p>\n","protected":false},"excerpt":{"rendered":"<p>Laktator muszlowy INNOGIO GIOmum Line Comfort to nowoczesne, kompaktowe i ciche urz\u0105dzenie do odci\u0105gania pokarmu. Dzia\u0142a bez rurek, przewod\u00f3w i dodatkowych butelek \u2013 wystarczy umie\u015bci\u0107 go pod bielizn\u0105, a laktator automatycznie pobiera mleko. Posiada du\u017cy wy\u015bwietlacz LED, kt\u00f3ry pokazuje wybrany tryb pracy i poziom si\u0142y ssania, oraz pilot do zdalnego sterowania, co zwi\u0119ksza wygod\u0119 u\u017cytkowania. [&hellip;]<\/p>\n","protected":false},"featured_media":10508,"comment_status":"open","ping_status":"closed","template":"","meta":[],"product_brand":[],"product_cat":[94,92,88],"product_tag":[],"class_list":{"0":"post-10511","1":"product","2":"type-product","3":"status-publish","4":"has-post-thumbnail","6":"product_cat-karmienie-piersia","7":"product_cat-laktatory","8":"product_cat-mama","10":"first","11":"instock","12":"taxable","13":"shipping-taxable","14":"purchasable","15":"product-type-simple"},"_links":{"self":[{"href":"https:\/\/www.bobooaza.pl\/index.php\/wp-json\/wp\/v2\/product\/10511","targetHints":{"allow":["GET"]}}],"collection":[{"href":"https:\/\/www.bobooaza.pl\/index.php\/wp-json\/wp\/v2\/product"}],"about":[{"href":"https:\/\/www.bobooaza.pl\/index.php\/wp-json\/wp\/v2\/types\/product"}],"replies":[{"embeddable":true,"href":"https:\/\/www.bobooaza.pl\/index.php\/wp-json\/wp\/v2\/comments?post=10511"}],"wp:featuredmedia":[{"embeddable":true,"href":"https:\/\/www.bobooaza.pl\/index.php\/wp-json\/wp\/v2\/media\/10508"}],"wp:attachment":[{"href":"https:\/\/www.bobooaza.pl\/index.php\/wp-json\/wp\/v2\/media?parent=10511"}],"wp:term":[{"taxonomy":"product_brand","embeddable":true,"href":"https:\/\/www.bobooaza.pl\/index.php\/wp-json\/wp\/v2\/product_brand?post=10511"},{"taxonomy":"product_cat","embeddable":true,"href":"https:\/\/www.bobooaza.pl\/index.php\/wp-json\/wp\/v2\/product_cat?post=10511"},{"taxonomy":"product_tag","embeddable":true,"href":"https:\/\/www.bobooaza.pl\/index.php\/wp-json\/wp\/v2\/product_tag?post=10511"}],"curies":[{"name":"wp","href":"https:\/\/api.w.org\/{rel}","templated":true}]}}