{"id":10534,"date":"2026-01-05T22:25:21","date_gmt":"2026-01-05T21:25:21","guid":{"rendered":"https:\/\/bobooaza.pl\/index.php\/produkt\/avent-scf395-31-elektryczny-laktator-pojedynczy-natural-motion\/"},"modified":"2026-01-05T22:35:53","modified_gmt":"2026-01-05T21:35:53","slug":"avent-scf395-31-elektryczny-laktator-pojedynczy-natural-motion","status":"publish","type":"product","link":"https:\/\/www.bobooaza.pl\/index.php\/produkt\/avent-scf395-31-elektryczny-laktator-pojedynczy-natural-motion\/","title":{"rendered":"AVENT SCF395\/31 Elektryczny laktator pojedynczy Natural Motion"},"content":{"rendered":"<p>AVENT SCF395\/31 to pojedynczy elektryczny laktator Natural Motion, zaprojektowany tak, aby na\u015bladowa\u0107 naturalny spos\u00f3b ssania dziecka podczas odci\u0105gania pokarmu. Wyposa\u017cony w uniwersaln\u0105 silikonow\u0105 nak\u0142adk\u0119, dopasowuj\u0105c\u0105 si\u0119 do kszta\u0142tu i rozmiaru piersi, oferuje 8 poziom\u00f3w stymulacji i 16 poziom\u00f3w odci\u0105gania, umo\u017cliwiaj\u0105c pe\u0142n\u0105 personalizacj\u0119 sesji. Dzi\u0119ki technologii Natural Motion wyp\u0142yw mleka zaczyna si\u0119 szybko, ju\u017c po jednej minucie, a delikatne przyssanie nak\u0142adki zapewnia komfort nawet dla 99,98% rozmiar\u00f3w piersi. Konstrukcja laktatora pozwala odci\u0105ga\u0107 pokarm w pozycji siedz\u0105cej, bez pochylania si\u0119 do przodu, co jest klinicznie udowodnione jako wygodna pozycja. Silnik dzia\u0142a niemal bezg\u0142o\u015bnie, a minimalistyczna liczba element\u00f3w u\u0142atwia sk\u0142adanie i czyszczenie, eliminuj\u0105c konieczno\u015b\u0107 mycia rurek dzi\u0119ki systemowi zamkni\u0119tego odci\u0105gania. Laktator posiada funkcj\u0119 wstrzymywania i wznawiania pracy jednym przyciskiem oraz automatyczne zapami\u0119tywanie ostatnich ustawie\u0144. W zestawie znajduj\u0105 si\u0119 jednorazowe wk\u0142adki laktacyjne, zestaw do odci\u0105gania pokarmu, cz\u0119\u015b\u0107 silnikowa z zasilaniem sieciowym, pokrywka, zasilacz micro-USB, woreczki na mleko, butelka 4 uncje oraz smoczek wolny, a smoczki responsywne Natural pozwalaj\u0105 dopasowa\u0107 przep\u0142yw mleka do indywidualnych potrzeb dziecka.<\/p>\n","protected":false},"excerpt":{"rendered":"<p>AVENT SCF395\/31 to pojedynczy elektryczny laktator Natural Motion, zaprojektowany tak, aby na\u015bladowa\u0107 naturalny spos\u00f3b ssania dziecka podczas odci\u0105gania pokarmu. Wyposa\u017cony w uniwersaln\u0105 silikonow\u0105 nak\u0142adk\u0119, dopasowuj\u0105c\u0105 si\u0119 do kszta\u0142tu i rozmiaru piersi, oferuje 8 poziom\u00f3w stymulacji i 16 poziom\u00f3w odci\u0105gania, umo\u017cliwiaj\u0105c pe\u0142n\u0105 personalizacj\u0119 sesji. Dzi\u0119ki technologii Natural Motion wyp\u0142yw mleka zaczyna si\u0119 szybko, ju\u017c po jednej [&hellip;]<\/p>\n","protected":false},"featured_media":10532,"comment_status":"open","ping_status":"closed","template":"","meta":[],"product_brand":[],"product_cat":[94,92,88],"product_tag":[],"class_list":{"0":"post-10534","1":"product","2":"type-product","3":"status-publish","4":"has-post-thumbnail","6":"product_cat-karmienie-piersia","7":"product_cat-laktatory","8":"product_cat-mama","10":"first","11":"instock","12":"taxable","13":"shipping-taxable","14":"purchasable","15":"product-type-simple"},"_links":{"self":[{"href":"https:\/\/www.bobooaza.pl\/index.php\/wp-json\/wp\/v2\/product\/10534","targetHints":{"allow":["GET"]}}],"collection":[{"href":"https:\/\/www.bobooaza.pl\/index.php\/wp-json\/wp\/v2\/product"}],"about":[{"href":"https:\/\/www.bobooaza.pl\/index.php\/wp-json\/wp\/v2\/types\/product"}],"replies":[{"embeddable":true,"href":"https:\/\/www.bobooaza.pl\/index.php\/wp-json\/wp\/v2\/comments?post=10534"}],"wp:featuredmedia":[{"embeddable":true,"href":"https:\/\/www.bobooaza.pl\/index.php\/wp-json\/wp\/v2\/media\/10532"}],"wp:attachment":[{"href":"https:\/\/www.bobooaza.pl\/index.php\/wp-json\/wp\/v2\/media?parent=10534"}],"wp:term":[{"taxonomy":"product_brand","embeddable":true,"href":"https:\/\/www.bobooaza.pl\/index.php\/wp-json\/wp\/v2\/product_brand?post=10534"},{"taxonomy":"product_cat","embeddable":true,"href":"https:\/\/www.bobooaza.pl\/index.php\/wp-json\/wp\/v2\/product_cat?post=10534"},{"taxonomy":"product_tag","embeddable":true,"href":"https:\/\/www.bobooaza.pl\/index.php\/wp-json\/wp\/v2\/product_tag?post=10534"}],"curies":[{"name":"wp","href":"https:\/\/api.w.org\/{rel}","templated":true}]}}