{"id":10542,"date":"2026-01-05T22:25:27","date_gmt":"2026-01-05T21:25:27","guid":{"rendered":"https:\/\/bobooaza.pl\/index.php\/produkt\/lansinoh-silikonowy-laktator\/"},"modified":"2026-01-05T22:35:54","modified_gmt":"2026-01-05T21:35:54","slug":"lansinoh-silikonowy-laktator","status":"publish","type":"product","link":"https:\/\/www.bobooaza.pl\/index.php\/produkt\/lansinoh-silikonowy-laktator\/","title":{"rendered":"LANSINOH Silikonowy laktator"},"content":{"rendered":"<p>Silikonowy laktator Lansinoh to prosty i lekki spos\u00f3b na zbieranie wyciekaj\u0105cego mleka z piersi podczas karmienia lub odci\u0105gania pokarmu z drugiej piersi. Jest ma\u0142y, por\u0119czny i dyskretny, a jego elastyczny silikon zapewnia szczelny kontakt z piersi\u0105, umo\u017cliwiaj\u0105c gromadzenie mleka bez u\u017cycia r\u0105k. Laktator nadaje si\u0119 do wszystkich rozmiar\u00f3w piersi, posiada szerok\u0105 szyjk\u0119 i efektywn\u0105 baz\u0119 ss\u0105c\u0105. Dodatkowy pasek na szyj\u0119 zapobiega rozlaniu mleka, a pokrywka chroni zawarto\u015b\u0107 przed zanieczyszczeniem. Podstawa laktatora mo\u017ce by\u0107 przymocowana do g\u0142adkiej powierzchni dzi\u0119ki funkcji zassania, co zwi\u0119ksza stabilno\u015b\u0107 podczas u\u017cycia. Produkt jest wykonany w 100% z silikonu, wolny od BPA i BPS, i mo\u017cna go my\u0107 w zmywarce.<\/p>\n","protected":false},"excerpt":{"rendered":"<p>Silikonowy laktator Lansinoh to prosty i lekki spos\u00f3b na zbieranie wyciekaj\u0105cego mleka z piersi podczas karmienia lub odci\u0105gania pokarmu z drugiej piersi. Jest ma\u0142y, por\u0119czny i dyskretny, a jego elastyczny silikon zapewnia szczelny kontakt z piersi\u0105, umo\u017cliwiaj\u0105c gromadzenie mleka bez u\u017cycia r\u0105k. Laktator nadaje si\u0119 do wszystkich rozmiar\u00f3w piersi, posiada szerok\u0105 szyjk\u0119 i efektywn\u0105 baz\u0119 [&hellip;]<\/p>\n","protected":false},"featured_media":10539,"comment_status":"open","ping_status":"closed","template":"","meta":[],"product_brand":[],"product_cat":[94,92,88],"product_tag":[],"class_list":{"0":"post-10542","1":"product","2":"type-product","3":"status-publish","4":"has-post-thumbnail","6":"product_cat-karmienie-piersia","7":"product_cat-laktatory","8":"product_cat-mama","10":"first","11":"instock","12":"taxable","13":"shipping-taxable","14":"purchasable","15":"product-type-simple"},"_links":{"self":[{"href":"https:\/\/www.bobooaza.pl\/index.php\/wp-json\/wp\/v2\/product\/10542","targetHints":{"allow":["GET"]}}],"collection":[{"href":"https:\/\/www.bobooaza.pl\/index.php\/wp-json\/wp\/v2\/product"}],"about":[{"href":"https:\/\/www.bobooaza.pl\/index.php\/wp-json\/wp\/v2\/types\/product"}],"replies":[{"embeddable":true,"href":"https:\/\/www.bobooaza.pl\/index.php\/wp-json\/wp\/v2\/comments?post=10542"}],"wp:featuredmedia":[{"embeddable":true,"href":"https:\/\/www.bobooaza.pl\/index.php\/wp-json\/wp\/v2\/media\/10539"}],"wp:attachment":[{"href":"https:\/\/www.bobooaza.pl\/index.php\/wp-json\/wp\/v2\/media?parent=10542"}],"wp:term":[{"taxonomy":"product_brand","embeddable":true,"href":"https:\/\/www.bobooaza.pl\/index.php\/wp-json\/wp\/v2\/product_brand?post=10542"},{"taxonomy":"product_cat","embeddable":true,"href":"https:\/\/www.bobooaza.pl\/index.php\/wp-json\/wp\/v2\/product_cat?post=10542"},{"taxonomy":"product_tag","embeddable":true,"href":"https:\/\/www.bobooaza.pl\/index.php\/wp-json\/wp\/v2\/product_tag?post=10542"}],"curies":[{"name":"wp","href":"https:\/\/api.w.org\/{rel}","templated":true}]}}