{"id":10557,"date":"2026-01-05T22:25:34","date_gmt":"2026-01-05T21:25:34","guid":{"rendered":"https:\/\/bobooaza.pl\/index.php\/produkt\/b-o-1400-kolektor-laktator-milk-me\/"},"modified":"2026-01-05T22:35:55","modified_gmt":"2026-01-05T21:35:55","slug":"b-o-1400-kolektor-laktator-milk-me","status":"publish","type":"product","link":"https:\/\/www.bobooaza.pl\/index.php\/produkt\/b-o-1400-kolektor-laktator-milk-me\/","title":{"rendered":"B.O.1400 Kolektor laktator MILK ME!"},"content":{"rendered":"<p>B.O.1400 Kolektor laktator MILK ME! to dyskretny, bezprzewodowy laktator, kt\u00f3ry mo\u017cna wygodnie umie\u015bci\u0107 w staniku, pozwalaj\u0105cy odci\u0105ga\u0107 mleko bez u\u017cycia r\u0105k. Urz\u0105dzenie \u0142\u0105czy funkcj\u0119 zbierania i odci\u0105gania pokarmu \u2014 wystarczy nacisn\u0105\u0107 przycisk, aby zwi\u0119kszy\u0107 ilo\u015b\u0107 zebranej substancji. Kolektor jest kompaktowy i lekki, idealny do zabrania w podr\u00f3\u017c lub do pracy. Sk\u0142ada si\u0119 tylko z trzech element\u00f3w, co u\u0142atwia szybkie czyszczenie i monta\u017c. Lejek wykonano z delikatnego, wysokiej jako\u015bci silikonu, kt\u00f3ry chroni sk\u00f3r\u0119 i dopasowuje si\u0119 do kszta\u0142tu piersi. Wszystkie cz\u0119\u015bci s\u0105 wolne od BPA i bezpieczne w kontakcie z \u017cywno\u015bci\u0105.<\/p>\n<p>Urz\u0105dzenie ma wymiary 11,5 \u00d7 10,5 \u00d7 6 cm, wa\u017cy 100 g, pojemno\u015b\u0107 muszli wynosi 60 ml, muszla jest w ca\u0142o\u015bci silikonowa, a pojemnik wykonano z tworzywa PP.<\/p>\n","protected":false},"excerpt":{"rendered":"<p>B.O.1400 Kolektor laktator MILK ME! to dyskretny, bezprzewodowy laktator, kt\u00f3ry mo\u017cna wygodnie umie\u015bci\u0107 w staniku, pozwalaj\u0105cy odci\u0105ga\u0107 mleko bez u\u017cycia r\u0105k. Urz\u0105dzenie \u0142\u0105czy funkcj\u0119 zbierania i odci\u0105gania pokarmu \u2014 wystarczy nacisn\u0105\u0107 przycisk, aby zwi\u0119kszy\u0107 ilo\u015b\u0107 zebranej substancji. Kolektor jest kompaktowy i lekki, idealny do zabrania w podr\u00f3\u017c lub do pracy. Sk\u0142ada si\u0119 tylko z trzech [&hellip;]<\/p>\n","protected":false},"featured_media":10549,"comment_status":"open","ping_status":"closed","template":"","meta":[],"product_brand":[],"product_cat":[94,92,88],"product_tag":[],"class_list":{"0":"post-10557","1":"product","2":"type-product","3":"status-publish","4":"has-post-thumbnail","6":"product_cat-karmienie-piersia","7":"product_cat-laktatory","8":"product_cat-mama","10":"first","11":"instock","12":"taxable","13":"shipping-taxable","14":"purchasable","15":"product-type-simple"},"_links":{"self":[{"href":"https:\/\/www.bobooaza.pl\/index.php\/wp-json\/wp\/v2\/product\/10557","targetHints":{"allow":["GET"]}}],"collection":[{"href":"https:\/\/www.bobooaza.pl\/index.php\/wp-json\/wp\/v2\/product"}],"about":[{"href":"https:\/\/www.bobooaza.pl\/index.php\/wp-json\/wp\/v2\/types\/product"}],"replies":[{"embeddable":true,"href":"https:\/\/www.bobooaza.pl\/index.php\/wp-json\/wp\/v2\/comments?post=10557"}],"wp:featuredmedia":[{"embeddable":true,"href":"https:\/\/www.bobooaza.pl\/index.php\/wp-json\/wp\/v2\/media\/10549"}],"wp:attachment":[{"href":"https:\/\/www.bobooaza.pl\/index.php\/wp-json\/wp\/v2\/media?parent=10557"}],"wp:term":[{"taxonomy":"product_brand","embeddable":true,"href":"https:\/\/www.bobooaza.pl\/index.php\/wp-json\/wp\/v2\/product_brand?post=10557"},{"taxonomy":"product_cat","embeddable":true,"href":"https:\/\/www.bobooaza.pl\/index.php\/wp-json\/wp\/v2\/product_cat?post=10557"},{"taxonomy":"product_tag","embeddable":true,"href":"https:\/\/www.bobooaza.pl\/index.php\/wp-json\/wp\/v2\/product_tag?post=10557"}],"curies":[{"name":"wp","href":"https:\/\/api.w.org\/{rel}","templated":true}]}}