{"id":10619,"date":"2026-01-05T23:37:55","date_gmt":"2026-01-05T22:37:55","guid":{"rendered":"https:\/\/bobooaza.pl\/index.php\/produkt\/b-o-535-02-pojemnik-na-smoczek-natural-nursing-mietowy\/"},"modified":"2026-01-19T20:19:32","modified_gmt":"2026-01-19T19:19:32","slug":"b-o-535-02-pojemnik-na-smoczek-natural-nursing-mietowy","status":"publish","type":"product","link":"https:\/\/www.bobooaza.pl\/index.php\/produkt\/b-o-535-02-pojemnik-na-smoczek-natural-nursing-mietowy\/","title":{"rendered":"B.O.535\/02 Pojemnik na smoczek NATURAL NURSING mi\u0119towy"},"content":{"rendered":"<p>B.O.535\/02 to pojemnik na smoczek w kolorze mi\u0119towym, kt\u00f3ry chroni smoczek dziecka przed zabrudzeniem podczas spacer\u00f3w, podr\u00f3\u017cy i w domu. Jest wygodny w u\u017cyciu i posiada elastyczne zapi\u0119cie do przymocowania do w\u00f3zka, fotelika lub torby. Wykonany jest z bezpiecznych materia\u0142\u00f3w, nie zawiera Bisfenolu A. Wymiary pojemnika wynosz\u0105 5,5 x 5 cm.<\/p>\n","protected":false},"excerpt":{"rendered":"<p>B.O.535\/02 to pojemnik na smoczek w kolorze mi\u0119towym, kt\u00f3ry chroni smoczek dziecka przed zabrudzeniem podczas spacer\u00f3w, podr\u00f3\u017cy i w domu. Jest wygodny w u\u017cyciu i posiada elastyczne zapi\u0119cie do przymocowania do w\u00f3zka, fotelika lub torby. Wykonany jest z bezpiecznych materia\u0142\u00f3w, nie zawiera Bisfenolu A. Wymiary pojemnika wynosz\u0105 5,5 x 5 cm.<\/p>\n","protected":false},"featured_media":10617,"comment_status":"open","ping_status":"closed","template":"","meta":[],"product_brand":[],"product_cat":[76,106,103],"product_tag":[],"class_list":{"0":"post-10619","1":"product","2":"type-product","3":"status-publish","4":"has-post-thumbnail","6":"product_cat-dziecko","7":"product_cat-pojemniki-na-smoczek","8":"product_cat-smoczki-i-zawieszki","10":"first","11":"instock","12":"taxable","13":"shipping-taxable","14":"purchasable","15":"product-type-simple"},"_links":{"self":[{"href":"https:\/\/www.bobooaza.pl\/index.php\/wp-json\/wp\/v2\/product\/10619","targetHints":{"allow":["GET"]}}],"collection":[{"href":"https:\/\/www.bobooaza.pl\/index.php\/wp-json\/wp\/v2\/product"}],"about":[{"href":"https:\/\/www.bobooaza.pl\/index.php\/wp-json\/wp\/v2\/types\/product"}],"replies":[{"embeddable":true,"href":"https:\/\/www.bobooaza.pl\/index.php\/wp-json\/wp\/v2\/comments?post=10619"}],"wp:featuredmedia":[{"embeddable":true,"href":"https:\/\/www.bobooaza.pl\/index.php\/wp-json\/wp\/v2\/media\/10617"}],"wp:attachment":[{"href":"https:\/\/www.bobooaza.pl\/index.php\/wp-json\/wp\/v2\/media?parent=10619"}],"wp:term":[{"taxonomy":"product_brand","embeddable":true,"href":"https:\/\/www.bobooaza.pl\/index.php\/wp-json\/wp\/v2\/product_brand?post=10619"},{"taxonomy":"product_cat","embeddable":true,"href":"https:\/\/www.bobooaza.pl\/index.php\/wp-json\/wp\/v2\/product_cat?post=10619"},{"taxonomy":"product_tag","embeddable":true,"href":"https:\/\/www.bobooaza.pl\/index.php\/wp-json\/wp\/v2\/product_tag?post=10619"}],"curies":[{"name":"wp","href":"https:\/\/api.w.org\/{rel}","templated":true}]}}