{"id":10661,"date":"2026-01-06T00:07:27","date_gmt":"2026-01-05T23:07:27","guid":{"rendered":"https:\/\/bobooaza.pl\/index.php\/produkt\/avent-scf085-20-smoczek-uspokajajacy-ultra-air-6-18-zielono-szary\/"},"modified":"2026-01-06T00:50:51","modified_gmt":"2026-01-05T23:50:51","slug":"avent-scf085-20-smoczek-uspokajajacy-ultra-air-6-18-zielono-szary","status":"publish","type":"product","link":"https:\/\/www.bobooaza.pl\/index.php\/produkt\/avent-scf085-20-smoczek-uspokajajacy-ultra-air-6-18-zielono-szary\/","title":{"rendered":"AVENT SCF085\/20 Smoczek uspokajaj\u0105cy Ultra Air 6-18 zielono\/szary"},"content":{"rendered":"<p>Smoczek uspokajaj\u0105cy Philips Avent Ultra Air 6-18 miesi\u0119cy w kolorze zielono-szarym, zestaw 2 sztuki, zosta\u0142 zaprojektowany tak, aby zapewni\u0107 maksymalny przep\u0142yw powietrza i utrzyma\u0107 sk\u00f3r\u0119 dziecka such\u0105 dzi\u0119ki du\u017cym otworom w tarczce. Smoczek jest ortodontyczny, wolny od bisfenolu A i dostosowany do naturalnego kszta\u0142tu podniebienia, z\u0119b\u00f3w i dzi\u0105se\u0142, wspieraj\u0105c prawid\u0142owy rozw\u00f3j uz\u0119bienia. Lekka os\u0142onka i symetryczny kszta\u0142t smoczka gwarantuj\u0105 wygod\u0119 i komfort malucha. Etui podr\u00f3\u017cne s\u0142u\u017cy tak\u017ce jako sterylizator \u2013 wystarczy doda\u0107 wod\u0119 i w\u0142o\u017cy\u0107 do mikrofal\u00f3wki, aby smoczek by\u0142 gotowy do u\u017cycia. Smoczki Ultra Air s\u0105 akceptowane przez dzieci w 98% przypadk\u00f3w i zapewniaj\u0105 swobodn\u0105 wentylacj\u0119 sk\u00f3ry, chroni\u0105c j\u0105 przed podra\u017cnieniami.<\/p>\n","protected":false},"excerpt":{"rendered":"<p>Smoczek uspokajaj\u0105cy Philips Avent Ultra Air 6-18 miesi\u0119cy w kolorze zielono-szarym, zestaw 2 sztuki, zosta\u0142 zaprojektowany tak, aby zapewni\u0107 maksymalny przep\u0142yw powietrza i utrzyma\u0107 sk\u00f3r\u0119 dziecka such\u0105 dzi\u0119ki du\u017cym otworom w tarczce. Smoczek jest ortodontyczny, wolny od bisfenolu A i dostosowany do naturalnego kszta\u0142tu podniebienia, z\u0119b\u00f3w i dzi\u0105se\u0142, wspieraj\u0105c prawid\u0142owy rozw\u00f3j uz\u0119bienia. Lekka os\u0142onka i [&hellip;]<\/p>\n","protected":false},"featured_media":10660,"comment_status":"open","ping_status":"closed","template":"","meta":[],"product_brand":[],"product_cat":[76,105,103],"product_tag":[],"class_list":{"0":"post-10661","1":"product","2":"type-product","3":"status-publish","4":"has-post-thumbnail","6":"product_cat-dziecko","7":"product_cat-smoczki","8":"product_cat-smoczki-i-zawieszki","10":"first","11":"instock","12":"taxable","13":"shipping-taxable","14":"purchasable","15":"product-type-simple"},"_links":{"self":[{"href":"https:\/\/www.bobooaza.pl\/index.php\/wp-json\/wp\/v2\/product\/10661","targetHints":{"allow":["GET"]}}],"collection":[{"href":"https:\/\/www.bobooaza.pl\/index.php\/wp-json\/wp\/v2\/product"}],"about":[{"href":"https:\/\/www.bobooaza.pl\/index.php\/wp-json\/wp\/v2\/types\/product"}],"replies":[{"embeddable":true,"href":"https:\/\/www.bobooaza.pl\/index.php\/wp-json\/wp\/v2\/comments?post=10661"}],"wp:featuredmedia":[{"embeddable":true,"href":"https:\/\/www.bobooaza.pl\/index.php\/wp-json\/wp\/v2\/media\/10660"}],"wp:attachment":[{"href":"https:\/\/www.bobooaza.pl\/index.php\/wp-json\/wp\/v2\/media?parent=10661"}],"wp:term":[{"taxonomy":"product_brand","embeddable":true,"href":"https:\/\/www.bobooaza.pl\/index.php\/wp-json\/wp\/v2\/product_brand?post=10661"},{"taxonomy":"product_cat","embeddable":true,"href":"https:\/\/www.bobooaza.pl\/index.php\/wp-json\/wp\/v2\/product_cat?post=10661"},{"taxonomy":"product_tag","embeddable":true,"href":"https:\/\/www.bobooaza.pl\/index.php\/wp-json\/wp\/v2\/product_tag?post=10661"}],"curies":[{"name":"wp","href":"https:\/\/api.w.org\/{rel}","templated":true}]}}