{"id":10722,"date":"2026-01-06T00:14:31","date_gmt":"2026-01-05T23:14:31","guid":{"rendered":"https:\/\/bobooaza.pl\/index.php\/produkt\/dr-browns-ps11007-smoczek-uspokajajacy-0-6-m-rozowy\/"},"modified":"2026-01-19T21:53:42","modified_gmt":"2026-01-19T20:53:42","slug":"dr-browns-ps11007-smoczek-uspokajajacy-0-6-m-rozowy","status":"publish","type":"product","link":"https:\/\/www.bobooaza.pl\/index.php\/produkt\/dr-browns-ps11007-smoczek-uspokajajacy-0-6-m-rozowy\/","title":{"rendered":"Dr.Browns PS11007 Smoczek uspokajaj\u0105cy 0-6 m r\u00f3\u017cowy"},"content":{"rendered":"<p>Smoczek uspokajaj\u0105cy Dr.Browns PS11007 dla niemowl\u0105t 0\u20136 miesi\u0119cy wykonany jest w 100% z silikonu klasy medycznej. Wyprofilowana tarczka pozostawia miejsce na nos i policzki dziecka, zapewniaj\u0105c komfort i bezpiecze\u0144stwo podczas ssania. Smoczek jest lekki, prosty w u\u017cyciu i ma kszta\u0142t zbli\u017cony do smoczka butelki standard, co u\u0142atwia dziecku prawid\u0142owe ssanie.<\/p>\n","protected":false},"excerpt":{"rendered":"<p>Smoczek uspokajaj\u0105cy Dr.Browns PS11007 dla niemowl\u0105t 0\u20136 miesi\u0119cy wykonany jest w 100% z silikonu klasy medycznej. Wyprofilowana tarczka pozostawia miejsce na nos i policzki dziecka, zapewniaj\u0105c komfort i bezpiecze\u0144stwo podczas ssania. Smoczek jest lekki, prosty w u\u017cyciu i ma kszta\u0142t zbli\u017cony do smoczka butelki standard, co u\u0142atwia dziecku prawid\u0142owe ssanie.<\/p>\n","protected":false},"featured_media":10720,"comment_status":"open","ping_status":"closed","template":"","meta":[],"product_brand":[],"product_cat":[76,105,103],"product_tag":[],"class_list":{"0":"post-10722","1":"product","2":"type-product","3":"status-publish","4":"has-post-thumbnail","6":"product_cat-dziecko","7":"product_cat-smoczki","8":"product_cat-smoczki-i-zawieszki","10":"first","11":"instock","12":"taxable","13":"shipping-taxable","14":"purchasable","15":"product-type-simple"},"_links":{"self":[{"href":"https:\/\/www.bobooaza.pl\/index.php\/wp-json\/wp\/v2\/product\/10722","targetHints":{"allow":["GET"]}}],"collection":[{"href":"https:\/\/www.bobooaza.pl\/index.php\/wp-json\/wp\/v2\/product"}],"about":[{"href":"https:\/\/www.bobooaza.pl\/index.php\/wp-json\/wp\/v2\/types\/product"}],"replies":[{"embeddable":true,"href":"https:\/\/www.bobooaza.pl\/index.php\/wp-json\/wp\/v2\/comments?post=10722"}],"wp:featuredmedia":[{"embeddable":true,"href":"https:\/\/www.bobooaza.pl\/index.php\/wp-json\/wp\/v2\/media\/10720"}],"wp:attachment":[{"href":"https:\/\/www.bobooaza.pl\/index.php\/wp-json\/wp\/v2\/media?parent=10722"}],"wp:term":[{"taxonomy":"product_brand","embeddable":true,"href":"https:\/\/www.bobooaza.pl\/index.php\/wp-json\/wp\/v2\/product_brand?post=10722"},{"taxonomy":"product_cat","embeddable":true,"href":"https:\/\/www.bobooaza.pl\/index.php\/wp-json\/wp\/v2\/product_cat?post=10722"},{"taxonomy":"product_tag","embeddable":true,"href":"https:\/\/www.bobooaza.pl\/index.php\/wp-json\/wp\/v2\/product_tag?post=10722"}],"curies":[{"name":"wp","href":"https:\/\/api.w.org\/{rel}","templated":true}]}}