{"id":10789,"date":"2026-01-06T14:01:24","date_gmt":"2026-01-06T13:01:24","guid":{"rendered":"https:\/\/bobooaza.pl\/index.php\/produkt\/avent-scf075-17-smoczek-sthr-start-0-2-ksiezyc-gwiazdka\/"},"modified":"2026-01-06T14:46:54","modified_gmt":"2026-01-06T13:46:54","slug":"avent-scf075-17-smoczek-sthr-start-0-2-ksiezyc-gwiazdka","status":"publish","type":"product","link":"https:\/\/www.bobooaza.pl\/index.php\/produkt\/avent-scf075-17-smoczek-sthr-start-0-2-ksiezyc-gwiazdka\/","title":{"rendered":"AVENT SCF075\/17 Smoczek STHR START 0-2 ksi\u0119\u017cyc\/gwiazdka"},"content":{"rendered":"<p>AVENT SCF075\/17 Smoczek Ultra Start Nighttime 0\u20132 to zestaw dw\u00f3ch smoczk\u00f3w Philips Avent z motywami ksi\u0119\u017cyca i gwiazdki, stworzonych z my\u015bl\u0105 o noworodkach od pierwszych dni \u017cycia. Model Ultra Start Nighttime zosta\u0142 zaprojektowany tak, aby idealnie dopasowa\u0107 si\u0119 do bardzo ma\u0142ych ust i twarzy dziecka, zapewniaj\u0105c poczucie bezpiecze\u0144stwa i skuteczne ukojenie a\u017c do 6. miesi\u0105ca \u017cycia. Smoczek \u015bwieci w ciemno\u015bci, co u\u0142atwia jego szybkie odnalezienie po zgaszeniu \u015bwiat\u0142a, bez wybudzania malucha.<\/p>\n<p>Lekka konstrukcja bez pier\u015bcienia sprawia, \u017ce smoczek jest wyj\u0105tkowo delikatny i wygodny, stanowi\u0105c idealny pierwszy smoczek dla noworodka. Jego kszta\u0142t i rozmiar wspieraj\u0105 naturalne potrzeby ssania oraz u\u0142atwiaj\u0105 p\u00f3\u017aniejsze przej\u015bcie na smoczki Philips Avent Ultra Air i Ultra Soft. Ortodontyczna budowa smoczka, wykonana w 100% z mi\u0119kkiego silikonu spo\u017cywczego, wspiera prawid\u0142owy rozw\u00f3j jamy ustnej i zmniejsza nacisk mi\u0119dzy j\u0119zykiem a podniebieniem. Smoczki posiadaj\u0105 niezale\u017cn\u0105 akredytacj\u0119 Oral Health Foundation i nie zawieraj\u0105 BPA, BPS, ftalan\u00f3w, PVC ani wielopier\u015bcieniowych w\u0119glowodor\u00f3w aromatycznych.<\/p>\n<p>Teksturowana ko\u0144c\u00f3wka zosta\u0142a zaprojektowana tak, aby przypomina\u0107 dotyk piersi mamy, co przek\u0142ada si\u0119 na bardzo wysok\u0105 akceptacj\u0119 w\u015br\u00f3d niemowl\u0105t. Smoczki wspieraj\u0105 wyciszenie dziecka i pomagaj\u0105 w budowaniu rutyny snu, co ma istotne znaczenie dla zdrowego rozwoju od pierwszych tygodni \u017cycia.<\/p>\n<p>Produkt jest r\u00f3wnie\u017c bardziej przyjazny dla \u015brodowiska, poniewa\u017c twarde elementy smoczka oraz do\u0142\u0105czone etui do sterylizacji i przechowywania wykonano w 80% z materia\u0142\u00f3w pochodzenia ro\u015blinnego. Etui umo\u017cliwia szybkie i wygodne sterylizowanie smoczk\u00f3w w kuchence mikrofalowej, zapewniaj\u0105c codzienn\u0105 higien\u0119 i gotowo\u015b\u0107 do u\u017cycia. Philips Avent Ultra Start Nighttime to bezpieczny i przemy\u015blany wyb\u00f3r dla rodzic\u00f3w poszukuj\u0105cych pierwszego smoczka dla noworodka.<\/p>\n","protected":false},"excerpt":{"rendered":"<p>AVENT SCF075\/17 Smoczek Ultra Start Nighttime 0\u20132 to zestaw dw\u00f3ch smoczk\u00f3w Philips Avent z motywami ksi\u0119\u017cyca i gwiazdki, stworzonych z my\u015bl\u0105 o noworodkach od pierwszych dni \u017cycia. Model Ultra Start Nighttime zosta\u0142 zaprojektowany tak, aby idealnie dopasowa\u0107 si\u0119 do bardzo ma\u0142ych ust i twarzy dziecka, zapewniaj\u0105c poczucie bezpiecze\u0144stwa i skuteczne ukojenie a\u017c do 6. miesi\u0105ca [&hellip;]<\/p>\n","protected":false},"featured_media":10788,"comment_status":"open","ping_status":"closed","template":"","meta":[],"product_brand":[],"product_cat":[76,105,103],"product_tag":[],"class_list":{"0":"post-10789","1":"product","2":"type-product","3":"status-publish","4":"has-post-thumbnail","6":"product_cat-dziecko","7":"product_cat-smoczki","8":"product_cat-smoczki-i-zawieszki","10":"first","11":"instock","12":"taxable","13":"shipping-taxable","14":"purchasable","15":"product-type-simple"},"_links":{"self":[{"href":"https:\/\/www.bobooaza.pl\/index.php\/wp-json\/wp\/v2\/product\/10789","targetHints":{"allow":["GET"]}}],"collection":[{"href":"https:\/\/www.bobooaza.pl\/index.php\/wp-json\/wp\/v2\/product"}],"about":[{"href":"https:\/\/www.bobooaza.pl\/index.php\/wp-json\/wp\/v2\/types\/product"}],"replies":[{"embeddable":true,"href":"https:\/\/www.bobooaza.pl\/index.php\/wp-json\/wp\/v2\/comments?post=10789"}],"wp:featuredmedia":[{"embeddable":true,"href":"https:\/\/www.bobooaza.pl\/index.php\/wp-json\/wp\/v2\/media\/10788"}],"wp:attachment":[{"href":"https:\/\/www.bobooaza.pl\/index.php\/wp-json\/wp\/v2\/media?parent=10789"}],"wp:term":[{"taxonomy":"product_brand","embeddable":true,"href":"https:\/\/www.bobooaza.pl\/index.php\/wp-json\/wp\/v2\/product_brand?post=10789"},{"taxonomy":"product_cat","embeddable":true,"href":"https:\/\/www.bobooaza.pl\/index.php\/wp-json\/wp\/v2\/product_cat?post=10789"},{"taxonomy":"product_tag","embeddable":true,"href":"https:\/\/www.bobooaza.pl\/index.php\/wp-json\/wp\/v2\/product_tag?post=10789"}],"curies":[{"name":"wp","href":"https:\/\/api.w.org\/{rel}","templated":true}]}}