{"id":10823,"date":"2026-01-06T14:33:13","date_gmt":"2026-01-06T13:33:13","guid":{"rendered":"https:\/\/bobooaza.pl\/index.php\/produkt\/lovi-34-418-smoczek-silikonowy-dynamiczny-prime-6-18m-2-szt-baby-blue-blue\/"},"modified":"2026-01-19T21:53:55","modified_gmt":"2026-01-19T20:53:55","slug":"lovi-34-418-smoczek-silikonowy-dynamiczny-prime-6-18m-2-szt-baby-blue-blue","status":"publish","type":"product","link":"https:\/\/www.bobooaza.pl\/index.php\/produkt\/lovi-34-418-smoczek-silikonowy-dynamiczny-prime-6-18m-2-szt-baby-blue-blue\/","title":{"rendered":"LOVI 34\/418 Smoczek silikonowy dynamiczny Prime 6-18m 2 szt Baby Blue\/Blue"},"content":{"rendered":"<p>LOVI 34\/418 Smoczek silikonowy dynamiczny Prime 6-18m Baby Blue\/Blue to zestaw dw\u00f3ch smoczk\u00f3w przeznaczonych dla dzieci w wieku od 6 do 18 miesi\u0119cy.<\/p>\n<p>Podobnie jak inne smoczki LOVI Prime, ma dynamiczn\u0105 gumk\u0119 wykonan\u0105 z silikonu o r\u00f3\u017cnej grubo\u015bci, dzi\u0119ki czemu rozci\u0105ga si\u0119 i kurczy zgodnie z rytmem ssania dziecka. Chroni to naturalny odruch ssania, nie wp\u0142ywa negatywnie na karmienie piersi\u0105 i wspiera prawid\u0142owy rozw\u00f3j jamy ustnej oraz zgryzu (przy przestrzeganiu zalece\u0144 ortodontycznych i neurologopedycznych).<\/p>\n<p>Smoczek jest symetryczny, inspirowany kszta\u0142tem brodawki sutkowej, a jego profilowana tarczka umo\u017cliwia swobodne oddychanie przez nos i u\u0142atwia prze\u0142ykanie \u015bliny, minimalizuj\u0105c ryzyko podra\u017cnie\u0144 sk\u00f3ry. Smoczek jest lekki, a silikonowa gumka nie odkszta\u0142ca si\u0119 w buzi dziecka.<\/p>\n<p>Dodatkowe cechy:<\/p>\n<p>* Praktyczne etui, kt\u00f3re s\u0142u\u017cy do przechowywania i sterylizacji<br \/>\n* Atrakcyjny design w modnych kolorach Baby Blue\/Blue<\/p>\n<p>Ten smoczek jest idealny jako kolejny etap po smoczku dla m\u0142odszych dzieci (0-6m), dostosowany do wi\u0119kszej buzi i zmieniaj\u0105cych si\u0119 potrzeb ssania malucha.<\/p>\n","protected":false},"excerpt":{"rendered":"<p>LOVI 34\/418 Smoczek silikonowy dynamiczny Prime 6-18m Baby Blue\/Blue to zestaw dw\u00f3ch smoczk\u00f3w przeznaczonych dla dzieci w wieku od 6 do 18 miesi\u0119cy. Podobnie jak inne smoczki LOVI Prime, ma dynamiczn\u0105 gumk\u0119 wykonan\u0105 z silikonu o r\u00f3\u017cnej grubo\u015bci, dzi\u0119ki czemu rozci\u0105ga si\u0119 i kurczy zgodnie z rytmem ssania dziecka. Chroni to naturalny odruch ssania, nie [&hellip;]<\/p>\n","protected":false},"featured_media":10822,"comment_status":"open","ping_status":"closed","template":"","meta":[],"product_brand":[],"product_cat":[76,105,103],"product_tag":[],"class_list":{"0":"post-10823","1":"product","2":"type-product","3":"status-publish","4":"has-post-thumbnail","6":"product_cat-dziecko","7":"product_cat-smoczki","8":"product_cat-smoczki-i-zawieszki","10":"first","11":"instock","12":"taxable","13":"shipping-taxable","14":"purchasable","15":"product-type-simple"},"_links":{"self":[{"href":"https:\/\/www.bobooaza.pl\/index.php\/wp-json\/wp\/v2\/product\/10823","targetHints":{"allow":["GET"]}}],"collection":[{"href":"https:\/\/www.bobooaza.pl\/index.php\/wp-json\/wp\/v2\/product"}],"about":[{"href":"https:\/\/www.bobooaza.pl\/index.php\/wp-json\/wp\/v2\/types\/product"}],"replies":[{"embeddable":true,"href":"https:\/\/www.bobooaza.pl\/index.php\/wp-json\/wp\/v2\/comments?post=10823"}],"wp:featuredmedia":[{"embeddable":true,"href":"https:\/\/www.bobooaza.pl\/index.php\/wp-json\/wp\/v2\/media\/10822"}],"wp:attachment":[{"href":"https:\/\/www.bobooaza.pl\/index.php\/wp-json\/wp\/v2\/media?parent=10823"}],"wp:term":[{"taxonomy":"product_brand","embeddable":true,"href":"https:\/\/www.bobooaza.pl\/index.php\/wp-json\/wp\/v2\/product_brand?post=10823"},{"taxonomy":"product_cat","embeddable":true,"href":"https:\/\/www.bobooaza.pl\/index.php\/wp-json\/wp\/v2\/product_cat?post=10823"},{"taxonomy":"product_tag","embeddable":true,"href":"https:\/\/www.bobooaza.pl\/index.php\/wp-json\/wp\/v2\/product_tag?post=10823"}],"curies":[{"name":"wp","href":"https:\/\/api.w.org\/{rel}","templated":true}]}}