{"id":10851,"date":"2026-01-06T14:46:09","date_gmt":"2026-01-06T13:46:09","guid":{"rendered":"https:\/\/bobooaza.pl\/index.php\/produkt\/avent-scf349-22-smoczek-ultra-air-18m-slon-love\/"},"modified":"2026-01-06T14:55:22","modified_gmt":"2026-01-06T13:55:22","slug":"avent-scf349-22-smoczek-ultra-air-18m-slon-love","status":"publish","type":"product","link":"https:\/\/www.bobooaza.pl\/index.php\/produkt\/avent-scf349-22-smoczek-ultra-air-18m-slon-love\/","title":{"rendered":"AVENT SCF349\/22 Smoczek Ultra Air 18m+ s\u0142o\u0144\/love"},"content":{"rendered":"<p>Smoczek AVENT SCF349\/22 Ultra Air 18m+ w motywie s\u0142o\u0144\/love to ortodontyczny smoczek dla dzieci powy\u017cej 18 miesi\u0119cy, wykonany w 100% z bezpiecznego silikonu spo\u017cywczego, wolnego od BPA i innych szkodliwych substancji. Du\u017ce otwory w tarczce pozwalaj\u0105 sk\u00f3rze dziecka oddycha\u0107, utrzymuj\u0105c j\u0105 such\u0105 i zmniejszaj\u0105c ryzyko podra\u017cnie\u0144. Smoczek jest bardzo sztywny, dopasowany do naturalnego kszta\u0142tu podniebienia, z\u0119b\u00f3w i dzi\u0105se\u0142, wspieraj\u0105c prawid\u0142owy rozw\u00f3j jamy ustnej. Symetryczny kszta\u0142t i teksturowany silikon imituj\u0105 naturalne odczucia podczas ssania piersi matki, zapewniaj\u0105c dziecku komfort i ukojenie, szczeg\u00f3lnie w okresie z\u0105bkowania. Smoczki sprzedawane s\u0105 w zestawie 2 sztuk wraz z praktycznym etui, kt\u00f3re s\u0142u\u017cy r\u00f3wnie\u017c do szybkiej sterylizacji w kuchence mikrofalowej w 3 minuty. Produkt zosta\u0142 zaprojektowany i wyprodukowany w Holandii.<\/p>\n","protected":false},"excerpt":{"rendered":"<p>Smoczek AVENT SCF349\/22 Ultra Air 18m+ w motywie s\u0142o\u0144\/love to ortodontyczny smoczek dla dzieci powy\u017cej 18 miesi\u0119cy, wykonany w 100% z bezpiecznego silikonu spo\u017cywczego, wolnego od BPA i innych szkodliwych substancji. Du\u017ce otwory w tarczce pozwalaj\u0105 sk\u00f3rze dziecka oddycha\u0107, utrzymuj\u0105c j\u0105 such\u0105 i zmniejszaj\u0105c ryzyko podra\u017cnie\u0144. Smoczek jest bardzo sztywny, dopasowany do naturalnego kszta\u0142tu podniebienia, [&hellip;]<\/p>\n","protected":false},"featured_media":10850,"comment_status":"open","ping_status":"closed","template":"","meta":[],"product_brand":[],"product_cat":[76,105,103],"product_tag":[],"class_list":{"0":"post-10851","1":"product","2":"type-product","3":"status-publish","4":"has-post-thumbnail","6":"product_cat-dziecko","7":"product_cat-smoczki","8":"product_cat-smoczki-i-zawieszki","10":"first","11":"instock","12":"taxable","13":"shipping-taxable","14":"purchasable","15":"product-type-simple"},"_links":{"self":[{"href":"https:\/\/www.bobooaza.pl\/index.php\/wp-json\/wp\/v2\/product\/10851","targetHints":{"allow":["GET"]}}],"collection":[{"href":"https:\/\/www.bobooaza.pl\/index.php\/wp-json\/wp\/v2\/product"}],"about":[{"href":"https:\/\/www.bobooaza.pl\/index.php\/wp-json\/wp\/v2\/types\/product"}],"replies":[{"embeddable":true,"href":"https:\/\/www.bobooaza.pl\/index.php\/wp-json\/wp\/v2\/comments?post=10851"}],"wp:featuredmedia":[{"embeddable":true,"href":"https:\/\/www.bobooaza.pl\/index.php\/wp-json\/wp\/v2\/media\/10850"}],"wp:attachment":[{"href":"https:\/\/www.bobooaza.pl\/index.php\/wp-json\/wp\/v2\/media?parent=10851"}],"wp:term":[{"taxonomy":"product_brand","embeddable":true,"href":"https:\/\/www.bobooaza.pl\/index.php\/wp-json\/wp\/v2\/product_brand?post=10851"},{"taxonomy":"product_cat","embeddable":true,"href":"https:\/\/www.bobooaza.pl\/index.php\/wp-json\/wp\/v2\/product_cat?post=10851"},{"taxonomy":"product_tag","embeddable":true,"href":"https:\/\/www.bobooaza.pl\/index.php\/wp-json\/wp\/v2\/product_tag?post=10851"}],"curies":[{"name":"wp","href":"https:\/\/api.w.org\/{rel}","templated":true}]}}