{"id":10871,"date":"2026-01-06T19:37:26","date_gmt":"2026-01-06T18:37:26","guid":{"rendered":"https:\/\/bobooaza.pl\/index.php\/produkt\/albero-mio-fotelik-pikowany-pasy-herbaciana-roza\/"},"modified":"2026-01-06T19:39:57","modified_gmt":"2026-01-06T18:39:57","slug":"albero-mio-fotelik-pikowany-pasy-herbaciana-roza","status":"publish","type":"product","link":"https:\/\/www.bobooaza.pl\/index.php\/produkt\/albero-mio-fotelik-pikowany-pasy-herbaciana-roza\/","title":{"rendered":"ALBERO MIO Fotelik pikowany pasy herbaciana r\u00f3\u017ca"},"content":{"rendered":"<p>Albero Mio Fotelik Pikowany Pasy Herbaciana R\u00f3\u017ca to komfortowe i praktyczne siedzisko dla starszych dzieci, kt\u00f3re potrafi\u0105 samodzielnie siedzie\u0107. Mi\u0119kka piankowa konstrukcja zapewnia wygod\u0119 podczas zabawy, czytania czy odpoczynku, a stabilna forma wspiera prawid\u0142ow\u0105 postaw\u0119 dziecka.<\/p>\n<p>Fotelik wykonany jest z trwa\u0142ej pianki poliuretanowej, a zdejmowany, pikowany pokrowiec z naturalnej bawe\u0142ny u\u0142atwia utrzymanie go w czysto\u015bci i dodaje przytulnego charakteru. Boczn\u0105 kieszonk\u0119 mo\u017cna wykorzysta\u0107 na drobne zabawki, ksi\u0105\u017ceczki lub akcesoria dzieci\u0119ce, co zwi\u0119ksza funkcjonalno\u015b\u0107 fotelika.<\/p>\n<p>Praktyczny uchwyt pozwala \u0142atwo przenosi\u0107 fotelik w dowolne miejsce, dzi\u0119ki czemu sprawdzi si\u0119 zar\u00f3wno w pokoju dziecka, jak i w salonie. Kompaktowe wymiary 50 x 35 x 45 cm \u0142\u0105cz\u0105 wygod\u0119 u\u017cytkowania z estetycznym designem w delikatnym kolorze herbacianej r\u00f3\u017cy, kt\u00f3ry pasuje do r\u00f3\u017cnych wn\u0119trz.<\/p>\n","protected":false},"excerpt":{"rendered":"<p>Albero Mio Fotelik Pikowany Pasy Herbaciana R\u00f3\u017ca to komfortowe i praktyczne siedzisko dla starszych dzieci, kt\u00f3re potrafi\u0105 samodzielnie siedzie\u0107. Mi\u0119kka piankowa konstrukcja zapewnia wygod\u0119 podczas zabawy, czytania czy odpoczynku, a stabilna forma wspiera prawid\u0142ow\u0105 postaw\u0119 dziecka. Fotelik wykonany jest z trwa\u0142ej pianki poliuretanowej, a zdejmowany, pikowany pokrowiec z naturalnej bawe\u0142ny u\u0142atwia utrzymanie go w czysto\u015bci [&hellip;]<\/p>\n","protected":false},"featured_media":10870,"comment_status":"open","ping_status":"closed","template":"","meta":[],"product_brand":[],"product_cat":[76,122,121,84],"product_tag":[],"class_list":{"0":"post-10871","1":"product","2":"type-product","3":"status-publish","4":"has-post-thumbnail","6":"product_cat-dziecko","7":"product_cat-fotele","8":"product_cat-meble","9":"product_cat-pokoj-dziecka","11":"first","12":"instock","13":"taxable","14":"shipping-taxable","15":"purchasable","16":"product-type-simple"},"_links":{"self":[{"href":"https:\/\/www.bobooaza.pl\/index.php\/wp-json\/wp\/v2\/product\/10871","targetHints":{"allow":["GET"]}}],"collection":[{"href":"https:\/\/www.bobooaza.pl\/index.php\/wp-json\/wp\/v2\/product"}],"about":[{"href":"https:\/\/www.bobooaza.pl\/index.php\/wp-json\/wp\/v2\/types\/product"}],"replies":[{"embeddable":true,"href":"https:\/\/www.bobooaza.pl\/index.php\/wp-json\/wp\/v2\/comments?post=10871"}],"wp:featuredmedia":[{"embeddable":true,"href":"https:\/\/www.bobooaza.pl\/index.php\/wp-json\/wp\/v2\/media\/10870"}],"wp:attachment":[{"href":"https:\/\/www.bobooaza.pl\/index.php\/wp-json\/wp\/v2\/media?parent=10871"}],"wp:term":[{"taxonomy":"product_brand","embeddable":true,"href":"https:\/\/www.bobooaza.pl\/index.php\/wp-json\/wp\/v2\/product_brand?post=10871"},{"taxonomy":"product_cat","embeddable":true,"href":"https:\/\/www.bobooaza.pl\/index.php\/wp-json\/wp\/v2\/product_cat?post=10871"},{"taxonomy":"product_tag","embeddable":true,"href":"https:\/\/www.bobooaza.pl\/index.php\/wp-json\/wp\/v2\/product_tag?post=10871"}],"curies":[{"name":"wp","href":"https:\/\/api.w.org\/{rel}","templated":true}]}}