{"id":10901,"date":"2026-01-06T19:38:23","date_gmt":"2026-01-06T18:38:23","guid":{"rendered":"https:\/\/bobooaza.pl\/index.php\/produkt\/albero-mio-fotelik-piankowy-animals-a001-hippo\/"},"modified":"2026-01-06T19:40:02","modified_gmt":"2026-01-06T18:40:02","slug":"albero-mio-fotelik-piankowy-animals-a001-hippo","status":"publish","type":"product","link":"https:\/\/www.bobooaza.pl\/index.php\/produkt\/albero-mio-fotelik-piankowy-animals-a001-hippo\/","title":{"rendered":"ALBERO MIO Fotelik piankowy Animals A001 Hippo"},"content":{"rendered":"<p>Albero Mio Fotelik Piankowy Animals A001 Hippo to mi\u0119kkie i wygodne siedzisko dla starszych dzieci, kt\u00f3re potrafi\u0105 samodzielnie siedzie\u0107. Wype\u0142nienie z pianki poliuretanowej zapewnia stabilno\u015b\u0107 i komfort, a pikowany, velvetowy pokrowiec z poliestru nadaje fotelikowi przytulny i atrakcyjny wygl\u0105d.<\/p>\n<p>Boczna kieszonka pozwala przechowywa\u0107 drobne zabawki, ksi\u0105\u017ceczki lub akcesoria, a praktyczny uchwyt u\u0142atwia przenoszenie fotelika w dowolne miejsce. Wymiary 50 x 35 x 45 cm sprawiaj\u0105, \u017ce fotelik jest funkcjonalny, wygodny i idealny zar\u00f3wno do zabawy, jak i odpoczynku. To po\u0142\u0105czenie komfortu, bezpiecze\u0144stwa i dzieci\u0119cego designu, kt\u00f3re doskonale wpisuje si\u0119 w wystr\u00f3j pokoju malucha.<\/p>\n","protected":false},"excerpt":{"rendered":"<p>Albero Mio Fotelik Piankowy Animals A001 Hippo to mi\u0119kkie i wygodne siedzisko dla starszych dzieci, kt\u00f3re potrafi\u0105 samodzielnie siedzie\u0107. Wype\u0142nienie z pianki poliuretanowej zapewnia stabilno\u015b\u0107 i komfort, a pikowany, velvetowy pokrowiec z poliestru nadaje fotelikowi przytulny i atrakcyjny wygl\u0105d. Boczna kieszonka pozwala przechowywa\u0107 drobne zabawki, ksi\u0105\u017ceczki lub akcesoria, a praktyczny uchwyt u\u0142atwia przenoszenie fotelika w [&hellip;]<\/p>\n","protected":false},"featured_media":10897,"comment_status":"open","ping_status":"closed","template":"","meta":[],"product_brand":[],"product_cat":[76,122,121,84],"product_tag":[],"class_list":{"0":"post-10901","1":"product","2":"type-product","3":"status-publish","4":"has-post-thumbnail","6":"product_cat-dziecko","7":"product_cat-fotele","8":"product_cat-meble","9":"product_cat-pokoj-dziecka","11":"first","12":"outofstock","13":"taxable","14":"shipping-taxable","15":"purchasable","16":"product-type-simple"},"_links":{"self":[{"href":"https:\/\/www.bobooaza.pl\/index.php\/wp-json\/wp\/v2\/product\/10901","targetHints":{"allow":["GET"]}}],"collection":[{"href":"https:\/\/www.bobooaza.pl\/index.php\/wp-json\/wp\/v2\/product"}],"about":[{"href":"https:\/\/www.bobooaza.pl\/index.php\/wp-json\/wp\/v2\/types\/product"}],"replies":[{"embeddable":true,"href":"https:\/\/www.bobooaza.pl\/index.php\/wp-json\/wp\/v2\/comments?post=10901"}],"wp:featuredmedia":[{"embeddable":true,"href":"https:\/\/www.bobooaza.pl\/index.php\/wp-json\/wp\/v2\/media\/10897"}],"wp:attachment":[{"href":"https:\/\/www.bobooaza.pl\/index.php\/wp-json\/wp\/v2\/media?parent=10901"}],"wp:term":[{"taxonomy":"product_brand","embeddable":true,"href":"https:\/\/www.bobooaza.pl\/index.php\/wp-json\/wp\/v2\/product_brand?post=10901"},{"taxonomy":"product_cat","embeddable":true,"href":"https:\/\/www.bobooaza.pl\/index.php\/wp-json\/wp\/v2\/product_cat?post=10901"},{"taxonomy":"product_tag","embeddable":true,"href":"https:\/\/www.bobooaza.pl\/index.php\/wp-json\/wp\/v2\/product_tag?post=10901"}],"curies":[{"name":"wp","href":"https:\/\/api.w.org\/{rel}","templated":true}]}}