{"id":10909,"date":"2026-01-06T19:52:25","date_gmt":"2026-01-06T18:52:25","guid":{"rendered":"https:\/\/bobooaza.pl\/index.php\/produkt\/amy-131-baldachim-szyfon-kolor\/"},"modified":"2026-01-06T19:55:03","modified_gmt":"2026-01-06T18:55:03","slug":"amy-131-baldachim-szyfon-kolor","status":"publish","type":"product","link":"https:\/\/www.bobooaza.pl\/index.php\/produkt\/amy-131-baldachim-szyfon-kolor\/","title":{"rendered":"AMY 131 Baldachim szyfon kolor"},"content":{"rendered":"<p>AMY 131 Baldachim Szyfonowy to elegancki i funkcjonalny dodatek do pokoju dzieci\u0119cego, idealny do \u0142\u00f3\u017ceczek 120&#215;60, 140&#215;70 oraz ko\u0142ysek. Wymiary 160 cm wysoko\u015bci i 600 cm szeroko\u015bci pozwalaj\u0105 na pe\u0142ne zas\u0142oni\u0119cie \u0142\u00f3\u017ceczka, tworz\u0105c przytuln\u0105, intymn\u0105 przestrze\u0144 dla maluszka.<\/p>\n<p>Wykonany z bia\u0142ego, lekkiego tiulu, baldachim jest przewiewny i nie ogranicza dop\u0142ywu \u015bwiat\u0142a, a jednocze\u015bnie pe\u0142ni funkcj\u0119 praktyczn\u0105 \u2013 mo\u017ce s\u0142u\u017cy\u0107 jako moskitiera, skutecznie chroni\u0105c dziecko przed owadami dzi\u0119ki dodatkowym zabezpieczeniom w szczycie baldachimu.<\/p>\n<p>Ca\u0142o\u015b\u0107 zdobi ozdobna szarfa nawi\u0105zuj\u0105ca do kolekcji, kt\u00f3ra nadaje baldachimowi wyj\u0105tkowy, uroczy charakter i pi\u0119knie wyka\u0144cza \u0142\u00f3\u017ceczko. W po\u0142\u0105czeniu z innymi elementami z tej samej serii tworzy sp\u00f3jn\u0105, stylow\u0105 aran\u017cacj\u0119, jednocze\u015bnie zapewniaj\u0105c maluszkowi odrobin\u0119 prywatno\u015bci i rodzicom komfort w dzielonej sypialni.<\/p>\n","protected":false},"excerpt":{"rendered":"<p>AMY 131 Baldachim Szyfonowy to elegancki i funkcjonalny dodatek do pokoju dzieci\u0119cego, idealny do \u0142\u00f3\u017ceczek 120&#215;60, 140&#215;70 oraz ko\u0142ysek. Wymiary 160 cm wysoko\u015bci i 600 cm szeroko\u015bci pozwalaj\u0105 na pe\u0142ne zas\u0142oni\u0119cie \u0142\u00f3\u017ceczka, tworz\u0105c przytuln\u0105, intymn\u0105 przestrze\u0144 dla maluszka. Wykonany z bia\u0142ego, lekkiego tiulu, baldachim jest przewiewny i nie ogranicza dop\u0142ywu \u015bwiat\u0142a, a jednocze\u015bnie pe\u0142ni funkcj\u0119 [&hellip;]<\/p>\n","protected":false},"featured_media":10908,"comment_status":"open","ping_status":"closed","template":"","meta":[],"product_brand":[],"product_cat":[120,76,84],"product_tag":[],"class_list":{"0":"post-10909","1":"product","2":"type-product","3":"status-publish","4":"has-post-thumbnail","6":"product_cat-baldachimy-i-moskitiery","7":"product_cat-dziecko","8":"product_cat-pokoj-dziecka","10":"first","11":"outofstock","12":"taxable","13":"shipping-taxable","14":"purchasable","15":"product-type-simple"},"_links":{"self":[{"href":"https:\/\/www.bobooaza.pl\/index.php\/wp-json\/wp\/v2\/product\/10909","targetHints":{"allow":["GET"]}}],"collection":[{"href":"https:\/\/www.bobooaza.pl\/index.php\/wp-json\/wp\/v2\/product"}],"about":[{"href":"https:\/\/www.bobooaza.pl\/index.php\/wp-json\/wp\/v2\/types\/product"}],"replies":[{"embeddable":true,"href":"https:\/\/www.bobooaza.pl\/index.php\/wp-json\/wp\/v2\/comments?post=10909"}],"wp:featuredmedia":[{"embeddable":true,"href":"https:\/\/www.bobooaza.pl\/index.php\/wp-json\/wp\/v2\/media\/10908"}],"wp:attachment":[{"href":"https:\/\/www.bobooaza.pl\/index.php\/wp-json\/wp\/v2\/media?parent=10909"}],"wp:term":[{"taxonomy":"product_brand","embeddable":true,"href":"https:\/\/www.bobooaza.pl\/index.php\/wp-json\/wp\/v2\/product_brand?post=10909"},{"taxonomy":"product_cat","embeddable":true,"href":"https:\/\/www.bobooaza.pl\/index.php\/wp-json\/wp\/v2\/product_cat?post=10909"},{"taxonomy":"product_tag","embeddable":true,"href":"https:\/\/www.bobooaza.pl\/index.php\/wp-json\/wp\/v2\/product_tag?post=10909"}],"curies":[{"name":"wp","href":"https:\/\/api.w.org\/{rel}","templated":true}]}}