{"id":10963,"date":"2026-01-06T20:49:38","date_gmt":"2026-01-06T19:49:38","guid":{"rendered":"https:\/\/bobooaza.pl\/index.php\/produkt\/inter-widex-posciel-wypelniona-bamboo-100x135\/"},"modified":"2026-01-06T20:53:18","modified_gmt":"2026-01-06T19:53:18","slug":"inter-widex-posciel-wypelniona-bamboo-100x135","status":"publish","type":"product","link":"https:\/\/www.bobooaza.pl\/index.php\/produkt\/inter-widex-posciel-wypelniona-bamboo-100x135\/","title":{"rendered":"INTER-WIDEX Po\u015bciel wype\u0142niona BAMBOO 100&#215;135"},"content":{"rendered":"<p>INTER-WIDEX Po\u015bciel wype\u0142niona BAMBOO 100&#215;135<\/p>\n<p>Wype\u0142nienie: 50% bambus (w\u0142\u00f3kno pozyskiwane z drewna bambusowego \u2013 wiskoza), 50% puszyste w\u0142\u00f3kno poliestrowe<br \/>\nTkanina: 50% bambus (w\u0142\u00f3kno pozyskiwane z drewna bambusowego \u2013 wiskoza), 50% bawe\u0142na<br \/>\nRozmiary: ko\u0142derka 90\u00d7120 cm + poduszka 40\u00d760 cm; ko\u0142derka 100\u00d7135 cm + poduszka 40\u00d760 cm<\/p>\n<p>Po\u015bciel posiada naturalne w\u0142a\u015bciwo\u015bci antybakteryjne bambusa bez dodatk\u00f3w chemicznych. Dzi\u0119ki porowatej strukturze w\u0142\u00f3kien zapewnia doskona\u0142\u0105 oddychalno\u015b\u0107 i bardzo dobr\u0105 absorpcj\u0119 wilgoci, utrzymuj\u0105c suchy klimat snu \u2013 bambus wch\u0142ania wilgo\u0107 nawet trzy razy skuteczniej ni\u017c bawe\u0142na. Produkt jest przyjazny ekologicznie, poniewa\u017c bambus ro\u015bnie szybko bez stosowania pestycyd\u00f3w. Tkanina jest mi\u0119kka, g\u0142adka i bezpieczna dla sk\u00f3ry dziecka, a naturalny kolor nadaje po\u015bcieli delikatny, przyjemny wygl\u0105d.<\/p>\n","protected":false},"excerpt":{"rendered":"<p>INTER-WIDEX Po\u015bciel wype\u0142niona BAMBOO 100&#215;135 Wype\u0142nienie: 50% bambus (w\u0142\u00f3kno pozyskiwane z drewna bambusowego \u2013 wiskoza), 50% puszyste w\u0142\u00f3kno poliestrowe Tkanina: 50% bambus (w\u0142\u00f3kno pozyskiwane z drewna bambusowego \u2013 wiskoza), 50% bawe\u0142na Rozmiary: ko\u0142derka 90\u00d7120 cm + poduszka 40\u00d760 cm; ko\u0142derka 100\u00d7135 cm + poduszka 40\u00d760 cm Po\u015bciel posiada naturalne w\u0142a\u015bciwo\u015bci antybakteryjne bambusa bez dodatk\u00f3w chemicznych. [&hellip;]<\/p>\n","protected":false},"featured_media":10960,"comment_status":"open","ping_status":"closed","template":"","meta":[],"product_brand":[],"product_cat":[76,123,121,84,127],"product_tag":[],"class_list":{"0":"post-10963","1":"product","2":"type-product","3":"status-publish","4":"has-post-thumbnail","6":"product_cat-dziecko","7":"product_cat-lozeczka","8":"product_cat-meble","9":"product_cat-pokoj-dziecka","10":"product_cat-posciele","12":"first","13":"instock","14":"taxable","15":"shipping-taxable","16":"purchasable","17":"product-type-simple"},"_links":{"self":[{"href":"https:\/\/www.bobooaza.pl\/index.php\/wp-json\/wp\/v2\/product\/10963","targetHints":{"allow":["GET"]}}],"collection":[{"href":"https:\/\/www.bobooaza.pl\/index.php\/wp-json\/wp\/v2\/product"}],"about":[{"href":"https:\/\/www.bobooaza.pl\/index.php\/wp-json\/wp\/v2\/types\/product"}],"replies":[{"embeddable":true,"href":"https:\/\/www.bobooaza.pl\/index.php\/wp-json\/wp\/v2\/comments?post=10963"}],"wp:featuredmedia":[{"embeddable":true,"href":"https:\/\/www.bobooaza.pl\/index.php\/wp-json\/wp\/v2\/media\/10960"}],"wp:attachment":[{"href":"https:\/\/www.bobooaza.pl\/index.php\/wp-json\/wp\/v2\/media?parent=10963"}],"wp:term":[{"taxonomy":"product_brand","embeddable":true,"href":"https:\/\/www.bobooaza.pl\/index.php\/wp-json\/wp\/v2\/product_brand?post=10963"},{"taxonomy":"product_cat","embeddable":true,"href":"https:\/\/www.bobooaza.pl\/index.php\/wp-json\/wp\/v2\/product_cat?post=10963"},{"taxonomy":"product_tag","embeddable":true,"href":"https:\/\/www.bobooaza.pl\/index.php\/wp-json\/wp\/v2\/product_tag?post=10963"}],"curies":[{"name":"wp","href":"https:\/\/api.w.org\/{rel}","templated":true}]}}