{"id":10968,"date":"2026-01-06T20:49:50","date_gmt":"2026-01-06T19:49:50","guid":{"rendered":"https:\/\/bobooaza.pl\/index.php\/produkt\/albero-mio-posciel-c-2-c010-horse-world\/"},"modified":"2026-01-06T20:53:21","modified_gmt":"2026-01-06T19:53:21","slug":"albero-mio-posciel-c-2-c010-horse-world","status":"publish","type":"product","link":"https:\/\/www.bobooaza.pl\/index.php\/produkt\/albero-mio-posciel-c-2-c010-horse-world\/","title":{"rendered":"ALBERO MIO Po\u015bciel C-2 C010 Horse world"},"content":{"rendered":"<p>ALBERO MIO Po\u015bciel C-2 C010 Horse World<\/p>\n<p>Po\u015bciel 2-elementowa, sk\u0142ada si\u0119 z poszwy na ko\u0142dr\u0119 o wymiarach 100\u00d7135 cm oraz poszewki na poduszk\u0119 40\u00d760 cm. Wykonana w ca\u0142o\u015bci z wysokiej jako\u015bci bawe\u0142ny (100%), mi\u0119kka i przyjemna w dotyku, zapewnia komfortowy i spokojny sen dziecka.<\/p>\n","protected":false},"excerpt":{"rendered":"<p>ALBERO MIO Po\u015bciel C-2 C010 Horse World Po\u015bciel 2-elementowa, sk\u0142ada si\u0119 z poszwy na ko\u0142dr\u0119 o wymiarach 100\u00d7135 cm oraz poszewki na poduszk\u0119 40\u00d760 cm. Wykonana w ca\u0142o\u015bci z wysokiej jako\u015bci bawe\u0142ny (100%), mi\u0119kka i przyjemna w dotyku, zapewnia komfortowy i spokojny sen dziecka.<\/p>\n","protected":false},"featured_media":10967,"comment_status":"open","ping_status":"closed","template":"","meta":[],"product_brand":[],"product_cat":[76,123,121,84,127],"product_tag":[],"class_list":{"0":"post-10968","1":"product","2":"type-product","3":"status-publish","4":"has-post-thumbnail","6":"product_cat-dziecko","7":"product_cat-lozeczka","8":"product_cat-meble","9":"product_cat-pokoj-dziecka","10":"product_cat-posciele","12":"first","13":"instock","14":"taxable","15":"shipping-taxable","16":"purchasable","17":"product-type-simple"},"_links":{"self":[{"href":"https:\/\/www.bobooaza.pl\/index.php\/wp-json\/wp\/v2\/product\/10968","targetHints":{"allow":["GET"]}}],"collection":[{"href":"https:\/\/www.bobooaza.pl\/index.php\/wp-json\/wp\/v2\/product"}],"about":[{"href":"https:\/\/www.bobooaza.pl\/index.php\/wp-json\/wp\/v2\/types\/product"}],"replies":[{"embeddable":true,"href":"https:\/\/www.bobooaza.pl\/index.php\/wp-json\/wp\/v2\/comments?post=10968"}],"wp:featuredmedia":[{"embeddable":true,"href":"https:\/\/www.bobooaza.pl\/index.php\/wp-json\/wp\/v2\/media\/10967"}],"wp:attachment":[{"href":"https:\/\/www.bobooaza.pl\/index.php\/wp-json\/wp\/v2\/media?parent=10968"}],"wp:term":[{"taxonomy":"product_brand","embeddable":true,"href":"https:\/\/www.bobooaza.pl\/index.php\/wp-json\/wp\/v2\/product_brand?post=10968"},{"taxonomy":"product_cat","embeddable":true,"href":"https:\/\/www.bobooaza.pl\/index.php\/wp-json\/wp\/v2\/product_cat?post=10968"},{"taxonomy":"product_tag","embeddable":true,"href":"https:\/\/www.bobooaza.pl\/index.php\/wp-json\/wp\/v2\/product_tag?post=10968"}],"curies":[{"name":"wp","href":"https:\/\/api.w.org\/{rel}","templated":true}]}}