{"id":10989,"date":"2026-01-06T20:53:30","date_gmt":"2026-01-06T19:53:30","guid":{"rendered":"https:\/\/bobooaza.pl\/index.php\/produkt\/albero-mio-posciel-c-3-c002-wild-world\/"},"modified":"2026-01-06T21:04:58","modified_gmt":"2026-01-06T20:04:58","slug":"albero-mio-posciel-c-3-c002-wild-world","status":"publish","type":"product","link":"https:\/\/www.bobooaza.pl\/index.php\/produkt\/albero-mio-posciel-c-3-c002-wild-world\/","title":{"rendered":"ALBERO MIO Po\u015bciel C-3 C002 Wild World"},"content":{"rendered":"<p>ALBERO MIO Po\u015bciel C-3 C002 Wild World<\/p>\n<p>Po\u015bciel 3-elementowa do \u0142\u00f3\u017ceczka dzieci\u0119cego z Kolekcji Colorful World. Zestaw obejmuje poszw\u0119 na ko\u0142dr\u0119 100&#215;135 cm, poszewk\u0119 na poduszk\u0119 40&#215;60 cm oraz ochraniacz do \u0142\u00f3\u017ceczka 180&#215;30 cm.<\/p>\n<p>Wykonana w 100% z mi\u0119kkiej i delikatnej bawe\u0142ny, zapewniaj\u0105cej komfort i bezpiecze\u0144stwo dziecku. Ochraniacz wype\u0142niony jest poliestrem, co dodatkowo chroni malucha przed uderzeniami i otarciami. Kolorowy nadruk sprawia, \u017ce po\u015bciel efektownie zdobi dzieci\u0119ce \u0142\u00f3\u017ceczko.<\/p>\n","protected":false},"excerpt":{"rendered":"<p>ALBERO MIO Po\u015bciel C-3 C002 Wild World Po\u015bciel 3-elementowa do \u0142\u00f3\u017ceczka dzieci\u0119cego z Kolekcji Colorful World. Zestaw obejmuje poszw\u0119 na ko\u0142dr\u0119 100&#215;135 cm, poszewk\u0119 na poduszk\u0119 40&#215;60 cm oraz ochraniacz do \u0142\u00f3\u017ceczka 180&#215;30 cm. Wykonana w 100% z mi\u0119kkiej i delikatnej bawe\u0142ny, zapewniaj\u0105cej komfort i bezpiecze\u0144stwo dziecku. Ochraniacz wype\u0142niony jest poliestrem, co dodatkowo chroni malucha [&hellip;]<\/p>\n","protected":false},"featured_media":10988,"comment_status":"open","ping_status":"closed","template":"","meta":[],"product_brand":[],"product_cat":[76,123,121,84,127],"product_tag":[],"class_list":{"0":"post-10989","1":"product","2":"type-product","3":"status-publish","4":"has-post-thumbnail","6":"product_cat-dziecko","7":"product_cat-lozeczka","8":"product_cat-meble","9":"product_cat-pokoj-dziecka","10":"product_cat-posciele","12":"first","13":"instock","14":"taxable","15":"shipping-taxable","16":"purchasable","17":"product-type-simple"},"_links":{"self":[{"href":"https:\/\/www.bobooaza.pl\/index.php\/wp-json\/wp\/v2\/product\/10989","targetHints":{"allow":["GET"]}}],"collection":[{"href":"https:\/\/www.bobooaza.pl\/index.php\/wp-json\/wp\/v2\/product"}],"about":[{"href":"https:\/\/www.bobooaza.pl\/index.php\/wp-json\/wp\/v2\/types\/product"}],"replies":[{"embeddable":true,"href":"https:\/\/www.bobooaza.pl\/index.php\/wp-json\/wp\/v2\/comments?post=10989"}],"wp:featuredmedia":[{"embeddable":true,"href":"https:\/\/www.bobooaza.pl\/index.php\/wp-json\/wp\/v2\/media\/10988"}],"wp:attachment":[{"href":"https:\/\/www.bobooaza.pl\/index.php\/wp-json\/wp\/v2\/media?parent=10989"}],"wp:term":[{"taxonomy":"product_brand","embeddable":true,"href":"https:\/\/www.bobooaza.pl\/index.php\/wp-json\/wp\/v2\/product_brand?post=10989"},{"taxonomy":"product_cat","embeddable":true,"href":"https:\/\/www.bobooaza.pl\/index.php\/wp-json\/wp\/v2\/product_cat?post=10989"},{"taxonomy":"product_tag","embeddable":true,"href":"https:\/\/www.bobooaza.pl\/index.php\/wp-json\/wp\/v2\/product_tag?post=10989"}],"curies":[{"name":"wp","href":"https:\/\/api.w.org\/{rel}","templated":true}]}}