{"id":11002,"date":"2026-01-06T21:05:48","date_gmt":"2026-01-06T20:05:48","guid":{"rendered":"https:\/\/bobooaza.pl\/index.php\/produkt\/matex-poduszka-60x36-klin-original-tb0058_01\/"},"modified":"2026-01-06T21:16:34","modified_gmt":"2026-01-06T20:16:34","slug":"matex-poduszka-60x36-klin-original-tb0058_01","status":"publish","type":"product","link":"https:\/\/www.bobooaza.pl\/index.php\/produkt\/matex-poduszka-60x36-klin-original-tb0058_01\/","title":{"rendered":"MATEX Poduszka 60&#215;36 KLIN ORIGINAL [TB0058_01]"},"content":{"rendered":"<p>Poduszka niemowl\u0119ca KLIN ORIGINAL od Matex to produkt przeznaczony do ko\u0142yski, w\u00f3zka czy \u0142\u00f3\u017ceczka. Jej klinowy kszta\u0142t zapewnia prawid\u0142owe u\u0142o\u017cenie g\u0142\u00f3wki dziecka i utrzymuje bezpieczn\u0105 pozycj\u0119, co zapobiega zad\u0142awieniu podczas ulewania i u\u0142atwia oddychanie. Wentylacyjny system otwor\u00f3w w piance poliuretanowej umo\u017cliwia swobodny przep\u0142yw powietrza, a pokrowiec z frotte z bezpiecznym suwakiem chroni poduszk\u0119 przed zabrudzeniem. Poszewka wykonana jest w 82% z bawe\u0142ny i 18% z poliestru, wype\u0142nienie stanowi pianka poliuretanowa. Dost\u0119pne rozmiary to 40&#215;36 cm oraz 60&#215;36 cm.<\/p>\n","protected":false},"excerpt":{"rendered":"<p>Poduszka niemowl\u0119ca KLIN ORIGINAL od Matex to produkt przeznaczony do ko\u0142yski, w\u00f3zka czy \u0142\u00f3\u017ceczka. Jej klinowy kszta\u0142t zapewnia prawid\u0142owe u\u0142o\u017cenie g\u0142\u00f3wki dziecka i utrzymuje bezpieczn\u0105 pozycj\u0119, co zapobiega zad\u0142awieniu podczas ulewania i u\u0142atwia oddychanie. Wentylacyjny system otwor\u00f3w w piance poliuretanowej umo\u017cliwia swobodny przep\u0142yw powietrza, a pokrowiec z frotte z bezpiecznym suwakiem chroni poduszk\u0119 przed zabrudzeniem. [&hellip;]<\/p>\n","protected":false},"featured_media":11000,"comment_status":"open","ping_status":"closed","template":"","meta":[],"product_brand":[],"product_cat":[76,123,121,148,84],"product_tag":[],"class_list":{"0":"post-11002","1":"product","2":"type-product","3":"status-publish","4":"has-post-thumbnail","6":"product_cat-dziecko","7":"product_cat-lozeczka","8":"product_cat-meble","9":"product_cat-poduszki","10":"product_cat-pokoj-dziecka","12":"first","13":"instock","14":"taxable","15":"shipping-taxable","16":"purchasable","17":"product-type-simple"},"_links":{"self":[{"href":"https:\/\/www.bobooaza.pl\/index.php\/wp-json\/wp\/v2\/product\/11002","targetHints":{"allow":["GET"]}}],"collection":[{"href":"https:\/\/www.bobooaza.pl\/index.php\/wp-json\/wp\/v2\/product"}],"about":[{"href":"https:\/\/www.bobooaza.pl\/index.php\/wp-json\/wp\/v2\/types\/product"}],"replies":[{"embeddable":true,"href":"https:\/\/www.bobooaza.pl\/index.php\/wp-json\/wp\/v2\/comments?post=11002"}],"wp:featuredmedia":[{"embeddable":true,"href":"https:\/\/www.bobooaza.pl\/index.php\/wp-json\/wp\/v2\/media\/11000"}],"wp:attachment":[{"href":"https:\/\/www.bobooaza.pl\/index.php\/wp-json\/wp\/v2\/media?parent=11002"}],"wp:term":[{"taxonomy":"product_brand","embeddable":true,"href":"https:\/\/www.bobooaza.pl\/index.php\/wp-json\/wp\/v2\/product_brand?post=11002"},{"taxonomy":"product_cat","embeddable":true,"href":"https:\/\/www.bobooaza.pl\/index.php\/wp-json\/wp\/v2\/product_cat?post=11002"},{"taxonomy":"product_tag","embeddable":true,"href":"https:\/\/www.bobooaza.pl\/index.php\/wp-json\/wp\/v2\/product_tag?post=11002"}],"curies":[{"name":"wp","href":"https:\/\/api.w.org\/{rel}","templated":true}]}}