{"id":11006,"date":"2026-01-06T21:05:50","date_gmt":"2026-01-06T20:05:50","guid":{"rendered":"https:\/\/bobooaza.pl\/index.php\/produkt\/matex-poduszka-dla-niemowlat-aero3d-37x57-tb0184\/"},"modified":"2026-01-06T21:16:36","modified_gmt":"2026-01-06T20:16:36","slug":"matex-poduszka-dla-niemowlat-aero3d-37x57-tb0184","status":"publish","type":"product","link":"https:\/\/www.bobooaza.pl\/index.php\/produkt\/matex-poduszka-dla-niemowlat-aero3d-37x57-tb0184\/","title":{"rendered":"MATEX Poduszka dla niemowl\u0105t Aero3D 37&#215;57 [TB0184]"},"content":{"rendered":"<p>MATEX Poduszka dla niemowl\u0105t Aero3D 37&#215;57<\/p>\n<p>Poduszka AERO 3D to innowacyjny produkt z tr\u00f3jwymiarow\u0105 struktur\u0105 i systemem AERO MESH 3D, zapewniaj\u0105cy komfort i bezpiecze\u0144stwo podczas snu niemowl\u0119cia. Sk\u0142ada si\u0119 z dw\u00f3ch warstw z wysokiej jako\u015bci materia\u0142\u00f3w, kt\u00f3re utrzymuj\u0105 ch\u0142\u00f3d i sucho\u015b\u0107, a jednocze\u015bnie dopasowuj\u0105 si\u0119 do kszta\u0142tu g\u0142\u00f3wki dziecka. Poduszka zapobiega deformacjom tylnej cz\u0119\u015bci g\u0142owy, wspiera prawid\u0142ow\u0105 pozycj\u0119 do snu, umo\u017cliwia swobodne obracanie g\u0142owy i oddychanie, jest higieniczna oraz odpowiednia dla alergik\u00f3w.<\/p>\n<p>Sk\u0142ad: poszewka 100% bawe\u0142na, poduszka 100% poliester, wype\u0142nienie: w\u0142\u00f3knina silikonowa<br \/>\nWymiary: 37 x 57 cm<\/p>\n","protected":false},"excerpt":{"rendered":"<p>MATEX Poduszka dla niemowl\u0105t Aero3D 37&#215;57 Poduszka AERO 3D to innowacyjny produkt z tr\u00f3jwymiarow\u0105 struktur\u0105 i systemem AERO MESH 3D, zapewniaj\u0105cy komfort i bezpiecze\u0144stwo podczas snu niemowl\u0119cia. Sk\u0142ada si\u0119 z dw\u00f3ch warstw z wysokiej jako\u015bci materia\u0142\u00f3w, kt\u00f3re utrzymuj\u0105 ch\u0142\u00f3d i sucho\u015b\u0107, a jednocze\u015bnie dopasowuj\u0105 si\u0119 do kszta\u0142tu g\u0142\u00f3wki dziecka. Poduszka zapobiega deformacjom tylnej cz\u0119\u015bci g\u0142owy, [&hellip;]<\/p>\n","protected":false},"featured_media":11005,"comment_status":"open","ping_status":"closed","template":"","meta":[],"product_brand":[],"product_cat":[76,123,121,148,84],"product_tag":[],"class_list":{"0":"post-11006","1":"product","2":"type-product","3":"status-publish","4":"has-post-thumbnail","6":"product_cat-dziecko","7":"product_cat-lozeczka","8":"product_cat-meble","9":"product_cat-poduszki","10":"product_cat-pokoj-dziecka","12":"first","13":"instock","14":"taxable","15":"shipping-taxable","16":"purchasable","17":"product-type-simple"},"_links":{"self":[{"href":"https:\/\/www.bobooaza.pl\/index.php\/wp-json\/wp\/v2\/product\/11006","targetHints":{"allow":["GET"]}}],"collection":[{"href":"https:\/\/www.bobooaza.pl\/index.php\/wp-json\/wp\/v2\/product"}],"about":[{"href":"https:\/\/www.bobooaza.pl\/index.php\/wp-json\/wp\/v2\/types\/product"}],"replies":[{"embeddable":true,"href":"https:\/\/www.bobooaza.pl\/index.php\/wp-json\/wp\/v2\/comments?post=11006"}],"wp:featuredmedia":[{"embeddable":true,"href":"https:\/\/www.bobooaza.pl\/index.php\/wp-json\/wp\/v2\/media\/11005"}],"wp:attachment":[{"href":"https:\/\/www.bobooaza.pl\/index.php\/wp-json\/wp\/v2\/media?parent=11006"}],"wp:term":[{"taxonomy":"product_brand","embeddable":true,"href":"https:\/\/www.bobooaza.pl\/index.php\/wp-json\/wp\/v2\/product_brand?post=11006"},{"taxonomy":"product_cat","embeddable":true,"href":"https:\/\/www.bobooaza.pl\/index.php\/wp-json\/wp\/v2\/product_cat?post=11006"},{"taxonomy":"product_tag","embeddable":true,"href":"https:\/\/www.bobooaza.pl\/index.php\/wp-json\/wp\/v2\/product_tag?post=11006"}],"curies":[{"name":"wp","href":"https:\/\/api.w.org\/{rel}","templated":true}]}}