{"id":11023,"date":"2026-01-06T21:06:03","date_gmt":"2026-01-06T20:06:03","guid":{"rendered":"https:\/\/bobooaza.pl\/index.php\/produkt\/balibazoo-bb-82824-poduszka-rogal-aktywna-dzungla\/"},"modified":"2026-01-19T21:54:15","modified_gmt":"2026-01-19T20:54:15","slug":"balibazoo-bb-82824-poduszka-rogal-aktywna-dzungla","status":"publish","type":"product","link":"https:\/\/www.bobooaza.pl\/index.php\/produkt\/balibazoo-bb-82824-poduszka-rogal-aktywna-dzungla\/","title":{"rendered":"BALIBAZOO BB 82824 Poduszka\/rogal Aktywna d\u017cungla"},"content":{"rendered":"<p>BALIBAZOO BB 82824 Poduszka\/rogal Aktywna D\u017cungla<\/p>\n<p>Kolorowa poduszka\/rogal przeznaczona dla niemowl\u0105t od dnia narodzin. Zapewnia wsparcie dziecku le\u017c\u0105cemu na brzuchu i jednocze\u015bnie bawi weso\u0142ymi obrazkami zwierz\u0105tek. Wykonana z materia\u0142\u00f3w r\u00f3\u017cni\u0105cych si\u0119 kolorem, faktur\u0105 i nadrukiem, wspiera rozw\u00f3j zdolno\u015bci poznawczych malucha.<\/p>\n<p>Zabawki i elementy interaktywne do\u0142\u0105czone do poduszki: doszyta szeleszcz\u0105ca g\u0142owa ma\u0142pki, odczepiane twarde kszta\u0142ty, piszcza\u0142ka w kszta\u0142cie listka i mi\u0119kki gryzak w kszta\u0142cie ki\u015bci banan\u00f3w. Produkt stymuluje zmys\u0142y dziecka i zach\u0119ca do aktywno\u015bci manualnej.<\/p>\n","protected":false},"excerpt":{"rendered":"<p>BALIBAZOO BB 82824 Poduszka\/rogal Aktywna D\u017cungla Kolorowa poduszka\/rogal przeznaczona dla niemowl\u0105t od dnia narodzin. Zapewnia wsparcie dziecku le\u017c\u0105cemu na brzuchu i jednocze\u015bnie bawi weso\u0142ymi obrazkami zwierz\u0105tek. Wykonana z materia\u0142\u00f3w r\u00f3\u017cni\u0105cych si\u0119 kolorem, faktur\u0105 i nadrukiem, wspiera rozw\u00f3j zdolno\u015bci poznawczych malucha. Zabawki i elementy interaktywne do\u0142\u0105czone do poduszki: doszyta szeleszcz\u0105ca g\u0142owa ma\u0142pki, odczepiane twarde kszta\u0142ty, piszcza\u0142ka [&hellip;]<\/p>\n","protected":false},"featured_media":11019,"comment_status":"open","ping_status":"closed","template":"","meta":[],"product_brand":[],"product_cat":[76,123,121,148,84],"product_tag":[],"class_list":{"0":"post-11023","1":"product","2":"type-product","3":"status-publish","4":"has-post-thumbnail","6":"product_cat-dziecko","7":"product_cat-lozeczka","8":"product_cat-meble","9":"product_cat-poduszki","10":"product_cat-pokoj-dziecka","12":"first","13":"instock","14":"taxable","15":"shipping-taxable","16":"purchasable","17":"product-type-simple"},"_links":{"self":[{"href":"https:\/\/www.bobooaza.pl\/index.php\/wp-json\/wp\/v2\/product\/11023","targetHints":{"allow":["GET"]}}],"collection":[{"href":"https:\/\/www.bobooaza.pl\/index.php\/wp-json\/wp\/v2\/product"}],"about":[{"href":"https:\/\/www.bobooaza.pl\/index.php\/wp-json\/wp\/v2\/types\/product"}],"replies":[{"embeddable":true,"href":"https:\/\/www.bobooaza.pl\/index.php\/wp-json\/wp\/v2\/comments?post=11023"}],"wp:featuredmedia":[{"embeddable":true,"href":"https:\/\/www.bobooaza.pl\/index.php\/wp-json\/wp\/v2\/media\/11019"}],"wp:attachment":[{"href":"https:\/\/www.bobooaza.pl\/index.php\/wp-json\/wp\/v2\/media?parent=11023"}],"wp:term":[{"taxonomy":"product_brand","embeddable":true,"href":"https:\/\/www.bobooaza.pl\/index.php\/wp-json\/wp\/v2\/product_brand?post=11023"},{"taxonomy":"product_cat","embeddable":true,"href":"https:\/\/www.bobooaza.pl\/index.php\/wp-json\/wp\/v2\/product_cat?post=11023"},{"taxonomy":"product_tag","embeddable":true,"href":"https:\/\/www.bobooaza.pl\/index.php\/wp-json\/wp\/v2\/product_tag?post=11023"}],"curies":[{"name":"wp","href":"https:\/\/api.w.org\/{rel}","templated":true}]}}