{"id":11048,"date":"2026-01-06T21:08:17","date_gmt":"2026-01-06T20:08:17","guid":{"rendered":"https:\/\/bobooaza.pl\/index.php\/produkt\/matex-poduszka-pozycjonujaca-relax-z-tk-bawel-dl-190-tb0045_r48-lapacz-snow\/"},"modified":"2026-01-06T21:16:44","modified_gmt":"2026-01-06T20:16:44","slug":"matex-poduszka-pozycjonujaca-relax-z-tk-bawel-dl-190-tb0045_r48-lapacz-snow","status":"publish","type":"product","link":"https:\/\/www.bobooaza.pl\/index.php\/produkt\/matex-poduszka-pozycjonujaca-relax-z-tk-bawel-dl-190-tb0045_r48-lapacz-snow\/","title":{"rendered":"MATEX Poduszka pozycjonuj\u0105ca RELAX z tk.bawe\u0142.d\u0142.190 [TB0045_R48] \u0142apacz sn\u00f3w"},"content":{"rendered":"<p>Poduszka pozycjonuj\u0105ca RELAX o d\u0142ugo\u015bci 190 cm wykonana jest z tkaniny bawe\u0142nianej i wype\u0142niona antyalergicznym mikrogranulatem pere\u0142kowym. Sprawdza si\u0119 w czasie ci\u0105\u017cy, karmienia oraz odpoczynku. W ci\u0105\u017cy stabilizuje boczn\u0105 pozycj\u0119 cia\u0142a, odci\u0105\u017ca kr\u0119gos\u0142up i wspiera nogi oraz brzuch. Podczas karmienia umo\u017cliwia wygodne u\u0142o\u017cenie matki i dziecka, odci\u0105\u017ca ramiona, plecy i szyj\u0119, a tak\u017ce mo\u017ce s\u0142u\u017cy\u0107 jako wsparcie dla plec\u00f3w lub \u201egniazdko\u201d dla niemowl\u0119cia.<\/p>\n","protected":false},"excerpt":{"rendered":"<p>Poduszka pozycjonuj\u0105ca RELAX o d\u0142ugo\u015bci 190 cm wykonana jest z tkaniny bawe\u0142nianej i wype\u0142niona antyalergicznym mikrogranulatem pere\u0142kowym. Sprawdza si\u0119 w czasie ci\u0105\u017cy, karmienia oraz odpoczynku. W ci\u0105\u017cy stabilizuje boczn\u0105 pozycj\u0119 cia\u0142a, odci\u0105\u017ca kr\u0119gos\u0142up i wspiera nogi oraz brzuch. Podczas karmienia umo\u017cliwia wygodne u\u0142o\u017cenie matki i dziecka, odci\u0105\u017ca ramiona, plecy i szyj\u0119, a tak\u017ce mo\u017ce s\u0142u\u017cy\u0107 [&hellip;]<\/p>\n","protected":false},"featured_media":11047,"comment_status":"open","ping_status":"closed","template":"","meta":[],"product_brand":[],"product_cat":[76,123,121,148,84],"product_tag":[],"class_list":{"0":"post-11048","1":"product","2":"type-product","3":"status-publish","4":"has-post-thumbnail","6":"product_cat-dziecko","7":"product_cat-lozeczka","8":"product_cat-meble","9":"product_cat-poduszki","10":"product_cat-pokoj-dziecka","12":"first","13":"instock","14":"taxable","15":"shipping-taxable","16":"purchasable","17":"product-type-simple"},"_links":{"self":[{"href":"https:\/\/www.bobooaza.pl\/index.php\/wp-json\/wp\/v2\/product\/11048","targetHints":{"allow":["GET"]}}],"collection":[{"href":"https:\/\/www.bobooaza.pl\/index.php\/wp-json\/wp\/v2\/product"}],"about":[{"href":"https:\/\/www.bobooaza.pl\/index.php\/wp-json\/wp\/v2\/types\/product"}],"replies":[{"embeddable":true,"href":"https:\/\/www.bobooaza.pl\/index.php\/wp-json\/wp\/v2\/comments?post=11048"}],"wp:featuredmedia":[{"embeddable":true,"href":"https:\/\/www.bobooaza.pl\/index.php\/wp-json\/wp\/v2\/media\/11047"}],"wp:attachment":[{"href":"https:\/\/www.bobooaza.pl\/index.php\/wp-json\/wp\/v2\/media?parent=11048"}],"wp:term":[{"taxonomy":"product_brand","embeddable":true,"href":"https:\/\/www.bobooaza.pl\/index.php\/wp-json\/wp\/v2\/product_brand?post=11048"},{"taxonomy":"product_cat","embeddable":true,"href":"https:\/\/www.bobooaza.pl\/index.php\/wp-json\/wp\/v2\/product_cat?post=11048"},{"taxonomy":"product_tag","embeddable":true,"href":"https:\/\/www.bobooaza.pl\/index.php\/wp-json\/wp\/v2\/product_tag?post=11048"}],"curies":[{"name":"wp","href":"https:\/\/api.w.org\/{rel}","templated":true}]}}