{"id":11050,"date":"2026-01-06T21:08:21","date_gmt":"2026-01-06T20:08:21","guid":{"rendered":"https:\/\/bobooaza.pl\/index.php\/produkt\/matex-poduszka-36x36-klin-original-tb0399_01\/"},"modified":"2026-01-06T21:16:45","modified_gmt":"2026-01-06T20:16:45","slug":"matex-poduszka-36x36-klin-original-tb0399_01","status":"publish","type":"product","link":"https:\/\/www.bobooaza.pl\/index.php\/produkt\/matex-poduszka-36x36-klin-original-tb0399_01\/","title":{"rendered":"MATEX Poduszka 36&#215;36 KLIN Original [TB0399_01]"},"content":{"rendered":"<p>Poduszka KlinAIR o wymiarach 36&#215;36 cm jest przeznaczona do wi\u0119kszo\u015bci gondoli w\u00f3zk\u00f3w. Ma zaokr\u0105glone kszta\u0142ty i dwustronn\u0105 konstrukcj\u0119, z jednej strony wyposa\u017con\u0105 w oddychaj\u0105c\u0105 piank\u0119 CALIPORE. Pokrowiec jest nieprzemakalny, paroprzepuszczalny, \u0142atwo zdejmowalny i zapinany na ukryty bezpieczny suwak. Wype\u0142nienie stanowi\u0105 pianka poliuretanowa i pianka Calipore, a poszewka wykonana jest w 100% z poliestru. Warstwa nieprzemakalna sk\u0142ada si\u0119 w 100% z bawe\u0142ny i PU.<\/p>\n","protected":false},"excerpt":{"rendered":"<p>Poduszka KlinAIR o wymiarach 36&#215;36 cm jest przeznaczona do wi\u0119kszo\u015bci gondoli w\u00f3zk\u00f3w. Ma zaokr\u0105glone kszta\u0142ty i dwustronn\u0105 konstrukcj\u0119, z jednej strony wyposa\u017con\u0105 w oddychaj\u0105c\u0105 piank\u0119 CALIPORE. Pokrowiec jest nieprzemakalny, paroprzepuszczalny, \u0142atwo zdejmowalny i zapinany na ukryty bezpieczny suwak. Wype\u0142nienie stanowi\u0105 pianka poliuretanowa i pianka Calipore, a poszewka wykonana jest w 100% z poliestru. Warstwa nieprzemakalna [&hellip;]<\/p>\n","protected":false},"featured_media":11049,"comment_status":"open","ping_status":"closed","template":"","meta":[],"product_brand":[],"product_cat":[76,123,121,148,84],"product_tag":[],"class_list":{"0":"post-11050","1":"product","2":"type-product","3":"status-publish","4":"has-post-thumbnail","6":"product_cat-dziecko","7":"product_cat-lozeczka","8":"product_cat-meble","9":"product_cat-poduszki","10":"product_cat-pokoj-dziecka","12":"first","13":"instock","14":"taxable","15":"shipping-taxable","16":"purchasable","17":"product-type-simple"},"_links":{"self":[{"href":"https:\/\/www.bobooaza.pl\/index.php\/wp-json\/wp\/v2\/product\/11050","targetHints":{"allow":["GET"]}}],"collection":[{"href":"https:\/\/www.bobooaza.pl\/index.php\/wp-json\/wp\/v2\/product"}],"about":[{"href":"https:\/\/www.bobooaza.pl\/index.php\/wp-json\/wp\/v2\/types\/product"}],"replies":[{"embeddable":true,"href":"https:\/\/www.bobooaza.pl\/index.php\/wp-json\/wp\/v2\/comments?post=11050"}],"wp:featuredmedia":[{"embeddable":true,"href":"https:\/\/www.bobooaza.pl\/index.php\/wp-json\/wp\/v2\/media\/11049"}],"wp:attachment":[{"href":"https:\/\/www.bobooaza.pl\/index.php\/wp-json\/wp\/v2\/media?parent=11050"}],"wp:term":[{"taxonomy":"product_brand","embeddable":true,"href":"https:\/\/www.bobooaza.pl\/index.php\/wp-json\/wp\/v2\/product_brand?post=11050"},{"taxonomy":"product_cat","embeddable":true,"href":"https:\/\/www.bobooaza.pl\/index.php\/wp-json\/wp\/v2\/product_cat?post=11050"},{"taxonomy":"product_tag","embeddable":true,"href":"https:\/\/www.bobooaza.pl\/index.php\/wp-json\/wp\/v2\/product_tag?post=11050"}],"curies":[{"name":"wp","href":"https:\/\/api.w.org\/{rel}","templated":true}]}}