{"id":11056,"date":"2026-01-06T21:19:18","date_gmt":"2026-01-06T20:19:18","guid":{"rendered":"https:\/\/bobooaza.pl\/index.php\/produkt\/danpol-materac-kokos-120x60x6-koala\/"},"modified":"2026-01-06T21:30:13","modified_gmt":"2026-01-06T20:30:13","slug":"danpol-materac-kokos-120x60x6-koala","status":"publish","type":"product","link":"https:\/\/www.bobooaza.pl\/index.php\/produkt\/danpol-materac-kokos-120x60x6-koala\/","title":{"rendered":"DANPOL Materac kokos 120x60x6 KOALA"},"content":{"rendered":"<p>Materac kokosowy KOALA o wymiarach 120x60x6 cm wykonany jest w ca\u0142o\u015bci ze sprasowanych w\u0142\u00f3kien kokosowych po\u0142\u0105czonych naturalnym lateksem. Porowata struktura materaca zapewnia swobodn\u0105 cyrkulacj\u0119 powietrza, dzi\u0119ki czemu powierzchnia pozostaje sucha, a konstrukcja jest odporna na odkszta\u0142cenia pod wp\u0142ywem nacisku.<\/p>\n","protected":false},"excerpt":{"rendered":"<p>Materac kokosowy KOALA o wymiarach 120x60x6 cm wykonany jest w ca\u0142o\u015bci ze sprasowanych w\u0142\u00f3kien kokosowych po\u0142\u0105czonych naturalnym lateksem. Porowata struktura materaca zapewnia swobodn\u0105 cyrkulacj\u0119 powietrza, dzi\u0119ki czemu powierzchnia pozostaje sucha, a konstrukcja jest odporna na odkszta\u0142cenia pod wp\u0142ywem nacisku.<\/p>\n","protected":false},"featured_media":11054,"comment_status":"open","ping_status":"closed","template":"","meta":[],"product_brand":[],"product_cat":[76,123,126,121,84],"product_tag":[],"class_list":{"0":"post-11056","1":"product","2":"type-product","3":"status-publish","4":"has-post-thumbnail","6":"product_cat-dziecko","7":"product_cat-lozeczka","8":"product_cat-materace","9":"product_cat-meble","10":"product_cat-pokoj-dziecka","12":"first","13":"instock","14":"taxable","15":"shipping-taxable","16":"purchasable","17":"product-type-simple"},"_links":{"self":[{"href":"https:\/\/www.bobooaza.pl\/index.php\/wp-json\/wp\/v2\/product\/11056","targetHints":{"allow":["GET"]}}],"collection":[{"href":"https:\/\/www.bobooaza.pl\/index.php\/wp-json\/wp\/v2\/product"}],"about":[{"href":"https:\/\/www.bobooaza.pl\/index.php\/wp-json\/wp\/v2\/types\/product"}],"replies":[{"embeddable":true,"href":"https:\/\/www.bobooaza.pl\/index.php\/wp-json\/wp\/v2\/comments?post=11056"}],"wp:featuredmedia":[{"embeddable":true,"href":"https:\/\/www.bobooaza.pl\/index.php\/wp-json\/wp\/v2\/media\/11054"}],"wp:attachment":[{"href":"https:\/\/www.bobooaza.pl\/index.php\/wp-json\/wp\/v2\/media?parent=11056"}],"wp:term":[{"taxonomy":"product_brand","embeddable":true,"href":"https:\/\/www.bobooaza.pl\/index.php\/wp-json\/wp\/v2\/product_brand?post=11056"},{"taxonomy":"product_cat","embeddable":true,"href":"https:\/\/www.bobooaza.pl\/index.php\/wp-json\/wp\/v2\/product_cat?post=11056"},{"taxonomy":"product_tag","embeddable":true,"href":"https:\/\/www.bobooaza.pl\/index.php\/wp-json\/wp\/v2\/product_tag?post=11056"}],"curies":[{"name":"wp","href":"https:\/\/api.w.org\/{rel}","templated":true}]}}