{"id":11063,"date":"2026-01-06T21:19:22","date_gmt":"2026-01-06T20:19:22","guid":{"rendered":"https:\/\/bobooaza.pl\/index.php\/produkt\/fiki-miki-materac-piankowy-komfort-line-pkl1-120x60\/"},"modified":"2026-01-19T21:54:18","modified_gmt":"2026-01-19T20:54:18","slug":"fiki-miki-materac-piankowy-komfort-line-pkl1-120x60","status":"publish","type":"product","link":"https:\/\/www.bobooaza.pl\/index.php\/produkt\/fiki-miki-materac-piankowy-komfort-line-pkl1-120x60\/","title":{"rendered":"FIKI MIKI Materac Piankowy Komfort Line PKL1 120&#215;60"},"content":{"rendered":"<p>Materac piankowy Komfort Line o wymiarach 120x60x8 cm zapewnia spr\u0119\u017cyste i stabilne podparcie plec\u00f3w dziecka. Jego twardo\u015b\u0107 pozwala na swobodn\u0105 zmian\u0119 pozycji w okresie niemowl\u0119cym, a konstrukcja zapewnia dobr\u0105 cyrkulacj\u0119 powietrza. Materac posiada niezale\u017cny pokrowiec z dzianiny materacowej, kt\u00f3ry mo\u017cna pra\u0107 w temperaturze 60\u00b0C.<\/p>\n","protected":false},"excerpt":{"rendered":"<p>Materac piankowy Komfort Line o wymiarach 120x60x8 cm zapewnia spr\u0119\u017cyste i stabilne podparcie plec\u00f3w dziecka. Jego twardo\u015b\u0107 pozwala na swobodn\u0105 zmian\u0119 pozycji w okresie niemowl\u0119cym, a konstrukcja zapewnia dobr\u0105 cyrkulacj\u0119 powietrza. Materac posiada niezale\u017cny pokrowiec z dzianiny materacowej, kt\u00f3ry mo\u017cna pra\u0107 w temperaturze 60\u00b0C.<\/p>\n","protected":false},"featured_media":11062,"comment_status":"open","ping_status":"closed","template":"","meta":[],"product_brand":[],"product_cat":[76,123,126,121,84],"product_tag":[],"class_list":{"0":"post-11063","1":"product","2":"type-product","3":"status-publish","4":"has-post-thumbnail","6":"product_cat-dziecko","7":"product_cat-lozeczka","8":"product_cat-materace","9":"product_cat-meble","10":"product_cat-pokoj-dziecka","12":"first","13":"instock","14":"taxable","15":"shipping-taxable","16":"purchasable","17":"product-type-simple"},"_links":{"self":[{"href":"https:\/\/www.bobooaza.pl\/index.php\/wp-json\/wp\/v2\/product\/11063","targetHints":{"allow":["GET"]}}],"collection":[{"href":"https:\/\/www.bobooaza.pl\/index.php\/wp-json\/wp\/v2\/product"}],"about":[{"href":"https:\/\/www.bobooaza.pl\/index.php\/wp-json\/wp\/v2\/types\/product"}],"replies":[{"embeddable":true,"href":"https:\/\/www.bobooaza.pl\/index.php\/wp-json\/wp\/v2\/comments?post=11063"}],"wp:featuredmedia":[{"embeddable":true,"href":"https:\/\/www.bobooaza.pl\/index.php\/wp-json\/wp\/v2\/media\/11062"}],"wp:attachment":[{"href":"https:\/\/www.bobooaza.pl\/index.php\/wp-json\/wp\/v2\/media?parent=11063"}],"wp:term":[{"taxonomy":"product_brand","embeddable":true,"href":"https:\/\/www.bobooaza.pl\/index.php\/wp-json\/wp\/v2\/product_brand?post=11063"},{"taxonomy":"product_cat","embeddable":true,"href":"https:\/\/www.bobooaza.pl\/index.php\/wp-json\/wp\/v2\/product_cat?post=11063"},{"taxonomy":"product_tag","embeddable":true,"href":"https:\/\/www.bobooaza.pl\/index.php\/wp-json\/wp\/v2\/product_tag?post=11063"}],"curies":[{"name":"wp","href":"https:\/\/api.w.org\/{rel}","templated":true}]}}