{"id":11075,"date":"2026-01-06T21:19:42","date_gmt":"2026-01-06T20:19:42","guid":{"rendered":"https:\/\/bobooaza.pl\/index.php\/produkt\/albero-mio-materac-lux-kompakt\/"},"modified":"2026-01-19T21:54:19","modified_gmt":"2026-01-19T20:54:19","slug":"albero-mio-materac-lux-kompakt","status":"publish","type":"product","link":"https:\/\/www.bobooaza.pl\/index.php\/produkt\/albero-mio-materac-lux-kompakt\/","title":{"rendered":"ALBERO MIO Materac LUX Kompakt"},"content":{"rendered":"<p>Materac LUX Kompakt sk\u0142ada si\u0119 z dw\u00f3ch cz\u0119\u015bci o wymiarach 120x80x9 cm i 82x50x9 cm. Wype\u0142nienie tworz\u0105 pianka visco (termoelastyczna), dopasowuj\u0105ca si\u0119 do kszta\u0142tu cia\u0142a dziecka, oraz pianka poliuretanowa N25. Pokrowiec jest pikowany, wykonany w 100% z poliestru i zamykany na zamek, co u\u0142atwia jego zdejmowanie i utrzymanie w czysto\u015bci.<\/p>\n","protected":false},"excerpt":{"rendered":"<p>Materac LUX Kompakt sk\u0142ada si\u0119 z dw\u00f3ch cz\u0119\u015bci o wymiarach 120x80x9 cm i 82x50x9 cm. Wype\u0142nienie tworz\u0105 pianka visco (termoelastyczna), dopasowuj\u0105ca si\u0119 do kszta\u0142tu cia\u0142a dziecka, oraz pianka poliuretanowa N25. Pokrowiec jest pikowany, wykonany w 100% z poliestru i zamykany na zamek, co u\u0142atwia jego zdejmowanie i utrzymanie w czysto\u015bci.<\/p>\n","protected":false},"featured_media":11072,"comment_status":"open","ping_status":"closed","template":"","meta":[],"product_brand":[],"product_cat":[76,123,126,121,84],"product_tag":[],"class_list":{"0":"post-11075","1":"product","2":"type-product","3":"status-publish","4":"has-post-thumbnail","6":"product_cat-dziecko","7":"product_cat-lozeczka","8":"product_cat-materace","9":"product_cat-meble","10":"product_cat-pokoj-dziecka","12":"first","13":"instock","14":"taxable","15":"shipping-taxable","16":"purchasable","17":"product-type-simple"},"_links":{"self":[{"href":"https:\/\/www.bobooaza.pl\/index.php\/wp-json\/wp\/v2\/product\/11075","targetHints":{"allow":["GET"]}}],"collection":[{"href":"https:\/\/www.bobooaza.pl\/index.php\/wp-json\/wp\/v2\/product"}],"about":[{"href":"https:\/\/www.bobooaza.pl\/index.php\/wp-json\/wp\/v2\/types\/product"}],"replies":[{"embeddable":true,"href":"https:\/\/www.bobooaza.pl\/index.php\/wp-json\/wp\/v2\/comments?post=11075"}],"wp:featuredmedia":[{"embeddable":true,"href":"https:\/\/www.bobooaza.pl\/index.php\/wp-json\/wp\/v2\/media\/11072"}],"wp:attachment":[{"href":"https:\/\/www.bobooaza.pl\/index.php\/wp-json\/wp\/v2\/media?parent=11075"}],"wp:term":[{"taxonomy":"product_brand","embeddable":true,"href":"https:\/\/www.bobooaza.pl\/index.php\/wp-json\/wp\/v2\/product_brand?post=11075"},{"taxonomy":"product_cat","embeddable":true,"href":"https:\/\/www.bobooaza.pl\/index.php\/wp-json\/wp\/v2\/product_cat?post=11075"},{"taxonomy":"product_tag","embeddable":true,"href":"https:\/\/www.bobooaza.pl\/index.php\/wp-json\/wp\/v2\/product_tag?post=11075"}],"curies":[{"name":"wp","href":"https:\/\/api.w.org\/{rel}","templated":true}]}}