{"id":11084,"date":"2026-01-06T21:19:48","date_gmt":"2026-01-06T20:19:48","guid":{"rendered":"https:\/\/bobooaza.pl\/index.php\/produkt\/matex-materacyk-ortopedyczny-carpathia-120x60x10-tb0310\/"},"modified":"2026-01-06T21:30:19","modified_gmt":"2026-01-06T20:30:19","slug":"matex-materacyk-ortopedyczny-carpathia-120x60x10-tb0310","status":"publish","type":"product","link":"https:\/\/www.bobooaza.pl\/index.php\/produkt\/matex-materacyk-ortopedyczny-carpathia-120x60x10-tb0310\/","title":{"rendered":"MATEX Materacyk ortopedyczny CARPATHIA 120x60x10 [TB0310]"},"content":{"rendered":"<p>Materacyk ortopedyczny CARPATHIA o wymiarach 120x60x10 cm jest dwustronny i posiada wentylacyjny system kanalik\u00f3w oraz pikowany \u017cakardowy pokrowiec zapinany na zamek. Pokrowiec jest dwustronny, z rozdzielczym zamkiem 360\u00b0, co pozwala na korzystanie jednej strony podczas prania drugiej. Wykonany jest z tr\u00f3jwarstwowej, puszystej dzianiny \u017cakardowej z logo BabyMatex\u00ae oraz dzianiny frotte o w\u0142a\u015bciwo\u015bciach ch\u0142onnych, posiada certyfikat najwy\u017cszej klasy bezpiecze\u0144stwa dla niemowl\u0105t, a zamek jest wyposa\u017cony w bezpieczny suwak. Wype\u0142nienie materacyka obejmuje wertykalne kanaliki wentylacyjne po stronie dla niemowl\u0105t, modulacje o zwi\u0119kszonej g\u0119sto\u015bci z funkcj\u0105 masa\u017cu, boczne belki stabilizuj\u0105ce o wi\u0119kszej twardo\u015bci, kt\u00f3re zmniejszaj\u0105 ryzyko skr\u0119cenia kostki dziecka. Elementy materaca s\u0105 \u0142\u0105czone certyfikowanym klejem nierozpuszczalnikowym, a produkt posiada certyfikat Oeko Tex oraz status wyrobu medycznego. Pokrowiec wykonany jest w 33% z bawe\u0142ny, 33% z PES i 34% z PA, wype\u0142nienie stanowi pianka poliuretanowa.<\/p>\n","protected":false},"excerpt":{"rendered":"<p>Materacyk ortopedyczny CARPATHIA o wymiarach 120x60x10 cm jest dwustronny i posiada wentylacyjny system kanalik\u00f3w oraz pikowany \u017cakardowy pokrowiec zapinany na zamek. Pokrowiec jest dwustronny, z rozdzielczym zamkiem 360\u00b0, co pozwala na korzystanie jednej strony podczas prania drugiej. Wykonany jest z tr\u00f3jwarstwowej, puszystej dzianiny \u017cakardowej z logo BabyMatex\u00ae oraz dzianiny frotte o w\u0142a\u015bciwo\u015bciach ch\u0142onnych, posiada certyfikat [&hellip;]<\/p>\n","protected":false},"featured_media":11083,"comment_status":"open","ping_status":"closed","template":"","meta":[],"product_brand":[],"product_cat":[76,123,126,121,84],"product_tag":[],"class_list":{"0":"post-11084","1":"product","2":"type-product","3":"status-publish","4":"has-post-thumbnail","6":"product_cat-dziecko","7":"product_cat-lozeczka","8":"product_cat-materace","9":"product_cat-meble","10":"product_cat-pokoj-dziecka","12":"first","13":"instock","14":"taxable","15":"shipping-taxable","16":"purchasable","17":"product-type-simple"},"_links":{"self":[{"href":"https:\/\/www.bobooaza.pl\/index.php\/wp-json\/wp\/v2\/product\/11084","targetHints":{"allow":["GET"]}}],"collection":[{"href":"https:\/\/www.bobooaza.pl\/index.php\/wp-json\/wp\/v2\/product"}],"about":[{"href":"https:\/\/www.bobooaza.pl\/index.php\/wp-json\/wp\/v2\/types\/product"}],"replies":[{"embeddable":true,"href":"https:\/\/www.bobooaza.pl\/index.php\/wp-json\/wp\/v2\/comments?post=11084"}],"wp:featuredmedia":[{"embeddable":true,"href":"https:\/\/www.bobooaza.pl\/index.php\/wp-json\/wp\/v2\/media\/11083"}],"wp:attachment":[{"href":"https:\/\/www.bobooaza.pl\/index.php\/wp-json\/wp\/v2\/media?parent=11084"}],"wp:term":[{"taxonomy":"product_brand","embeddable":true,"href":"https:\/\/www.bobooaza.pl\/index.php\/wp-json\/wp\/v2\/product_brand?post=11084"},{"taxonomy":"product_cat","embeddable":true,"href":"https:\/\/www.bobooaza.pl\/index.php\/wp-json\/wp\/v2\/product_cat?post=11084"},{"taxonomy":"product_tag","embeddable":true,"href":"https:\/\/www.bobooaza.pl\/index.php\/wp-json\/wp\/v2\/product_tag?post=11084"}],"curies":[{"name":"wp","href":"https:\/\/api.w.org\/{rel}","templated":true}]}}