{"id":11092,"date":"2026-01-06T21:23:36","date_gmt":"2026-01-06T20:23:36","guid":{"rendered":"https:\/\/bobooaza.pl\/index.php\/produkt\/fiki-miki-materac-vera-mvhrpur1-140-70-11\/"},"modified":"2026-01-06T21:30:21","modified_gmt":"2026-01-06T20:30:21","slug":"fiki-miki-materac-vera-mvhrpur1-140-70-11","status":"publish","type":"product","link":"https:\/\/www.bobooaza.pl\/index.php\/produkt\/fiki-miki-materac-vera-mvhrpur1-140-70-11\/","title":{"rendered":"FIKI MIKI Materac VERA MVHRPUR1 140\/70\/11"},"content":{"rendered":"<p>Materac dzieci\u0119cy FIKI MIKI VERA MVHRPUR1 140x70x11 zapewnia bardzo dobr\u0105 spr\u0119\u017cysto\u015b\u0107 i stabilne podparcie plec\u00f3w dziecka. Jego twardo\u015b\u0107 umo\u017cliwia swobodn\u0105 zmian\u0119 pozycji niemowl\u0119cia, a bezpieczne kraw\u0119dzie wspieraj\u0105 pionizowanie postawy i pierwsze kroki. Materac charakteryzuje si\u0119 doskona\u0142\u0105 cyrkulacj\u0105 powietrza, wysok\u0105 odporno\u015bci\u0105 na zu\u017cycie i uszkodzenia oraz \u0142atwo\u015bci\u0105 utrzymania w czysto\u015bci dzi\u0119ki wielowarstwowemu pokrowcowi antyalergicznemu. Pokrowiec ma konstrukcj\u0119 czterowarstwow\u0105 (4W) i sk\u0142ada si\u0119 z dzianiny 100% poliestrowej wyko\u0144czonej protektorem SANITIZED, puszystej w\u0142\u00f3kniny poliestrowej oraz p\u0142askiej w\u0142\u00f3kniny polipropylenowej.<\/p>\n","protected":false},"excerpt":{"rendered":"<p>Materac dzieci\u0119cy FIKI MIKI VERA MVHRPUR1 140x70x11 zapewnia bardzo dobr\u0105 spr\u0119\u017cysto\u015b\u0107 i stabilne podparcie plec\u00f3w dziecka. Jego twardo\u015b\u0107 umo\u017cliwia swobodn\u0105 zmian\u0119 pozycji niemowl\u0119cia, a bezpieczne kraw\u0119dzie wspieraj\u0105 pionizowanie postawy i pierwsze kroki. Materac charakteryzuje si\u0119 doskona\u0142\u0105 cyrkulacj\u0105 powietrza, wysok\u0105 odporno\u015bci\u0105 na zu\u017cycie i uszkodzenia oraz \u0142atwo\u015bci\u0105 utrzymania w czysto\u015bci dzi\u0119ki wielowarstwowemu pokrowcowi antyalergicznemu. Pokrowiec ma [&hellip;]<\/p>\n","protected":false},"featured_media":11091,"comment_status":"open","ping_status":"closed","template":"","meta":[],"product_brand":[],"product_cat":[76,123,126,121,84],"product_tag":[],"class_list":{"0":"post-11092","1":"product","2":"type-product","3":"status-publish","4":"has-post-thumbnail","6":"product_cat-dziecko","7":"product_cat-lozeczka","8":"product_cat-materace","9":"product_cat-meble","10":"product_cat-pokoj-dziecka","12":"first","13":"instock","14":"taxable","15":"shipping-taxable","16":"purchasable","17":"product-type-simple"},"_links":{"self":[{"href":"https:\/\/www.bobooaza.pl\/index.php\/wp-json\/wp\/v2\/product\/11092","targetHints":{"allow":["GET"]}}],"collection":[{"href":"https:\/\/www.bobooaza.pl\/index.php\/wp-json\/wp\/v2\/product"}],"about":[{"href":"https:\/\/www.bobooaza.pl\/index.php\/wp-json\/wp\/v2\/types\/product"}],"replies":[{"embeddable":true,"href":"https:\/\/www.bobooaza.pl\/index.php\/wp-json\/wp\/v2\/comments?post=11092"}],"wp:featuredmedia":[{"embeddable":true,"href":"https:\/\/www.bobooaza.pl\/index.php\/wp-json\/wp\/v2\/media\/11091"}],"wp:attachment":[{"href":"https:\/\/www.bobooaza.pl\/index.php\/wp-json\/wp\/v2\/media?parent=11092"}],"wp:term":[{"taxonomy":"product_brand","embeddable":true,"href":"https:\/\/www.bobooaza.pl\/index.php\/wp-json\/wp\/v2\/product_brand?post=11092"},{"taxonomy":"product_cat","embeddable":true,"href":"https:\/\/www.bobooaza.pl\/index.php\/wp-json\/wp\/v2\/product_cat?post=11092"},{"taxonomy":"product_tag","embeddable":true,"href":"https:\/\/www.bobooaza.pl\/index.php\/wp-json\/wp\/v2\/product_tag?post=11092"}],"curies":[{"name":"wp","href":"https:\/\/api.w.org\/{rel}","templated":true}]}}