{"id":11118,"date":"2026-01-07T13:37:39","date_gmt":"2026-01-07T12:37:39","guid":{"rendered":"https:\/\/bobooaza.pl\/index.php\/produkt\/euro-cart-krzeselko-do-karmienia-baila-giraffe\/"},"modified":"2026-01-07T13:47:19","modified_gmt":"2026-01-07T12:47:19","slug":"euro-cart-krzeselko-do-karmienia-baila-giraffe","status":"publish","type":"product","link":"https:\/\/www.bobooaza.pl\/index.php\/produkt\/euro-cart-krzeselko-do-karmienia-baila-giraffe\/","title":{"rendered":"EURO-CART Krzese\u0142ko do karmienia BAILA GIRAFFE"},"content":{"rendered":"<p>Krzese\u0142ko do karmienia Euro-Cart Baila Giraffe to wysokiej jako\u015bci, uniwersalne rozwi\u0105zanie stworzone z my\u015bl\u0105 o wygodzie dziecka i komforcie rodzic\u00f3w. Model oferuje sze\u015bciostopniow\u0105 regulacj\u0119 wysoko\u015bci siedziska oraz trzystopniow\u0105 regulacj\u0119 po\u0142o\u017cenia tacki, nachylenia oparcia i k\u0105ta siedziska, a tak\u017ce wysoko\u015bci podn\u00f3\u017cka, co pozwala na idealne dopasowanie krzese\u0142ka do etapu rozwoju malucha. Dwie tacki, w tym dodatkowa nak\u0142adka, u\u0142atwiaj\u0105 codzienne karmienie i szybkie sprz\u0105tanie po posi\u0142kach. Powlekana tapicerka o matowej, przyjemnej w dotyku strukturze jest \u0142atwa w czyszczeniu i nie klei si\u0119, a mo\u017cliwo\u015b\u0107 jej demonta\u017cu umo\u017cliwia pranie. Pi\u0119ciopunktowe pasy bezpiecze\u0144stwa oraz stabilna konstrukcja zapewniaj\u0105 wysoki poziom ochrony podczas u\u017cytkowania. Przednie nogi wyposa\u017cono w szerokie gumowe stopery, kt\u00f3re nie rysuj\u0105 pod\u0142ogi i nie pozostawiaj\u0105 \u015blad\u00f3w, natomiast tylne nogi posiadaj\u0105 k\u00f3\u0142ka z hamulcami u\u0142atwiaj\u0105ce przemieszczanie krzese\u0142ka. Produkt spe\u0142nia europejsk\u0105 norm\u0119 bezpiecze\u0144stwa EN 14988. Wymiary krzese\u0142ka w najwy\u017cszej pozycji to 80 x 62 x 100 cm, po z\u0142o\u017ceniu 33 x 62 x 85 cm, zakres regulacji wysoko\u015bci siedziska wynosi od 40 do 69,5 cm, a ergonomiczne siedzisko ma szeroko\u015b\u0107 30 cm i wysoko\u015b\u0107 oparcia 48 cm.<\/p>\n","protected":false},"excerpt":{"rendered":"<p>Krzese\u0142ko do karmienia Euro-Cart Baila Giraffe to wysokiej jako\u015bci, uniwersalne rozwi\u0105zanie stworzone z my\u015bl\u0105 o wygodzie dziecka i komforcie rodzic\u00f3w. Model oferuje sze\u015bciostopniow\u0105 regulacj\u0119 wysoko\u015bci siedziska oraz trzystopniow\u0105 regulacj\u0119 po\u0142o\u017cenia tacki, nachylenia oparcia i k\u0105ta siedziska, a tak\u017ce wysoko\u015bci podn\u00f3\u017cka, co pozwala na idealne dopasowanie krzese\u0142ka do etapu rozwoju malucha. Dwie tacki, w tym dodatkowa [&hellip;]<\/p>\n","protected":false},"featured_media":11117,"comment_status":"open","ping_status":"closed","template":"","meta":[],"product_brand":[],"product_cat":[76,63,80],"product_tag":[],"class_list":{"0":"post-11118","1":"product","2":"type-product","3":"status-publish","4":"has-post-thumbnail","6":"product_cat-dziecko","7":"product_cat-karmienie","8":"product_cat-krzeselka-dzieciece","10":"first","11":"outofstock","12":"taxable","13":"shipping-taxable","14":"purchasable","15":"product-type-simple"},"_links":{"self":[{"href":"https:\/\/www.bobooaza.pl\/index.php\/wp-json\/wp\/v2\/product\/11118","targetHints":{"allow":["GET"]}}],"collection":[{"href":"https:\/\/www.bobooaza.pl\/index.php\/wp-json\/wp\/v2\/product"}],"about":[{"href":"https:\/\/www.bobooaza.pl\/index.php\/wp-json\/wp\/v2\/types\/product"}],"replies":[{"embeddable":true,"href":"https:\/\/www.bobooaza.pl\/index.php\/wp-json\/wp\/v2\/comments?post=11118"}],"wp:featuredmedia":[{"embeddable":true,"href":"https:\/\/www.bobooaza.pl\/index.php\/wp-json\/wp\/v2\/media\/11117"}],"wp:attachment":[{"href":"https:\/\/www.bobooaza.pl\/index.php\/wp-json\/wp\/v2\/media?parent=11118"}],"wp:term":[{"taxonomy":"product_brand","embeddable":true,"href":"https:\/\/www.bobooaza.pl\/index.php\/wp-json\/wp\/v2\/product_brand?post=11118"},{"taxonomy":"product_cat","embeddable":true,"href":"https:\/\/www.bobooaza.pl\/index.php\/wp-json\/wp\/v2\/product_cat?post=11118"},{"taxonomy":"product_tag","embeddable":true,"href":"https:\/\/www.bobooaza.pl\/index.php\/wp-json\/wp\/v2\/product_tag?post=11118"}],"curies":[{"name":"wp","href":"https:\/\/api.w.org\/{rel}","templated":true}]}}