{"id":11206,"date":"2026-01-07T18:49:30","date_gmt":"2026-01-07T17:49:30","guid":{"rendered":"https:\/\/bobooaza.pl\/index.php\/produkt\/b-o-1673-02-kocyk-bambusowy-jasny-bez\/"},"modified":"2026-01-19T21:54:28","modified_gmt":"2026-01-19T20:54:28","slug":"b-o-1673-02-kocyk-bambusowy-jasny-bez","status":"publish","type":"product","link":"https:\/\/www.bobooaza.pl\/index.php\/produkt\/b-o-1673-02-kocyk-bambusowy-jasny-bez\/","title":{"rendered":"B.O.1673\/02 Kocyk bambusowy jasny be\u017c"},"content":{"rendered":"<p>Bambusowy kocyk niemowl\u0119cy B.O.1673\/02 w kolorze jasny be\u017c to praktyczny i bezpieczny wyb\u00f3r zar\u00f3wno do domu, jak i na spacery. Wykonany z naturalnej wiskozy bambusowej, zapewnia przewiewno\u015b\u0107 i delikatno\u015b\u0107 dla wra\u017cliwej sk\u00f3ry dziecka, tak\u017ce alergik\u00f3w. Materia\u0142 jest antybakteryjny, antygrzybiczy i antystatyczny, wspiera higien\u0119, wch\u0142ania wilgo\u0107 i pomaga w termoregulacji, zapewniaj\u0105c ciep\u0142o w ch\u0142odne dni i przyjemny ch\u0142\u00f3d latem, chroni\u0105c dziecko przed przegrzaniem.<\/p>\n<p>Praktyczny rozmiar 75 x 100 cm pozwala otuli\u0107 niemowl\u0119 w \u0142\u00f3\u017ceczku, w\u00f3zku czy podczas odpoczynku. Klasyczna, jasnobe\u017cowa kolorystyka sprawia, \u017ce kocyk elegancko pasuje do ka\u017cdego pokoju i r\u00f3\u017cnych modeli w\u00f3zk\u00f3w. Produkt przeznaczony jest dla dzieci od pierwszych dni \u017cycia i zapakowany w sztywny kartonik z okienkiem, co czyni go \u015bwietnym pomys\u0142em na prezent.<\/p>\n","protected":false},"excerpt":{"rendered":"<p>Bambusowy kocyk niemowl\u0119cy B.O.1673\/02 w kolorze jasny be\u017c to praktyczny i bezpieczny wyb\u00f3r zar\u00f3wno do domu, jak i na spacery. Wykonany z naturalnej wiskozy bambusowej, zapewnia przewiewno\u015b\u0107 i delikatno\u015b\u0107 dla wra\u017cliwej sk\u00f3ry dziecka, tak\u017ce alergik\u00f3w. Materia\u0142 jest antybakteryjny, antygrzybiczy i antystatyczny, wspiera higien\u0119, wch\u0142ania wilgo\u0107 i pomaga w termoregulacji, zapewniaj\u0105c ciep\u0142o w ch\u0142odne dni i [&hellip;]<\/p>\n","protected":false},"featured_media":11204,"comment_status":"open","ping_status":"closed","template":"","meta":[],"product_brand":[],"product_cat":[76,147,84,85],"product_tag":[],"class_list":{"0":"post-11206","1":"product","2":"type-product","3":"status-publish","4":"has-post-thumbnail","6":"product_cat-dziecko","7":"product_cat-kocyki","8":"product_cat-pokoj-dziecka","9":"product_cat-spanie","11":"first","12":"instock","13":"taxable","14":"shipping-taxable","15":"purchasable","16":"product-type-simple"},"_links":{"self":[{"href":"https:\/\/www.bobooaza.pl\/index.php\/wp-json\/wp\/v2\/product\/11206","targetHints":{"allow":["GET"]}}],"collection":[{"href":"https:\/\/www.bobooaza.pl\/index.php\/wp-json\/wp\/v2\/product"}],"about":[{"href":"https:\/\/www.bobooaza.pl\/index.php\/wp-json\/wp\/v2\/types\/product"}],"replies":[{"embeddable":true,"href":"https:\/\/www.bobooaza.pl\/index.php\/wp-json\/wp\/v2\/comments?post=11206"}],"wp:featuredmedia":[{"embeddable":true,"href":"https:\/\/www.bobooaza.pl\/index.php\/wp-json\/wp\/v2\/media\/11204"}],"wp:attachment":[{"href":"https:\/\/www.bobooaza.pl\/index.php\/wp-json\/wp\/v2\/media?parent=11206"}],"wp:term":[{"taxonomy":"product_brand","embeddable":true,"href":"https:\/\/www.bobooaza.pl\/index.php\/wp-json\/wp\/v2\/product_brand?post=11206"},{"taxonomy":"product_cat","embeddable":true,"href":"https:\/\/www.bobooaza.pl\/index.php\/wp-json\/wp\/v2\/product_cat?post=11206"},{"taxonomy":"product_tag","embeddable":true,"href":"https:\/\/www.bobooaza.pl\/index.php\/wp-json\/wp\/v2\/product_tag?post=11206"}],"curies":[{"name":"wp","href":"https:\/\/api.w.org\/{rel}","templated":true}]}}