{"id":11234,"date":"2026-01-07T19:00:21","date_gmt":"2026-01-07T18:00:21","guid":{"rendered":"https:\/\/bobooaza.pl\/index.php\/produkt\/matex-kocyk-thai-bambusowydziany-80x100-tb0364_04-c-szary\/"},"modified":"2026-01-07T19:12:02","modified_gmt":"2026-01-07T18:12:02","slug":"matex-kocyk-thai-bambusowydziany-80x100-tb0364_04-c-szary","status":"publish","type":"product","link":"https:\/\/www.bobooaza.pl\/index.php\/produkt\/matex-kocyk-thai-bambusowydziany-80x100-tb0364_04-c-szary\/","title":{"rendered":"MATEX Kocyk THAI bambusowy,dziany 80&#215;100 [TB0364_04]* c. szary"},"content":{"rendered":"<p>MATEX Kocyk THAI bambusowy dziany 80 x 100 cm w kolorze ciemny szary to lekki i delikatny kocyk, wykonany w 100% z naturalnego bambusa. Doskonale sprawdza si\u0119 do przykrycia niemowl\u0119cia o ka\u017cdej porze roku, jest bezpieczny dla wra\u017cliwej sk\u00f3ry dziecka i posiada certyfikat najwy\u017cszej klasy bezpiecze\u0144stwa dla niemowl\u0105t.<\/p>\n","protected":false},"excerpt":{"rendered":"<p>MATEX Kocyk THAI bambusowy dziany 80 x 100 cm w kolorze ciemny szary to lekki i delikatny kocyk, wykonany w 100% z naturalnego bambusa. Doskonale sprawdza si\u0119 do przykrycia niemowl\u0119cia o ka\u017cdej porze roku, jest bezpieczny dla wra\u017cliwej sk\u00f3ry dziecka i posiada certyfikat najwy\u017cszej klasy bezpiecze\u0144stwa dla niemowl\u0105t.<\/p>\n","protected":false},"featured_media":11233,"comment_status":"open","ping_status":"closed","template":"","meta":[],"product_brand":[],"product_cat":[76,147,84,85],"product_tag":[],"class_list":{"0":"post-11234","1":"product","2":"type-product","3":"status-publish","4":"has-post-thumbnail","6":"product_cat-dziecko","7":"product_cat-kocyki","8":"product_cat-pokoj-dziecka","9":"product_cat-spanie","11":"first","12":"instock","13":"taxable","14":"shipping-taxable","15":"purchasable","16":"product-type-simple"},"_links":{"self":[{"href":"https:\/\/www.bobooaza.pl\/index.php\/wp-json\/wp\/v2\/product\/11234","targetHints":{"allow":["GET"]}}],"collection":[{"href":"https:\/\/www.bobooaza.pl\/index.php\/wp-json\/wp\/v2\/product"}],"about":[{"href":"https:\/\/www.bobooaza.pl\/index.php\/wp-json\/wp\/v2\/types\/product"}],"replies":[{"embeddable":true,"href":"https:\/\/www.bobooaza.pl\/index.php\/wp-json\/wp\/v2\/comments?post=11234"}],"wp:featuredmedia":[{"embeddable":true,"href":"https:\/\/www.bobooaza.pl\/index.php\/wp-json\/wp\/v2\/media\/11233"}],"wp:attachment":[{"href":"https:\/\/www.bobooaza.pl\/index.php\/wp-json\/wp\/v2\/media?parent=11234"}],"wp:term":[{"taxonomy":"product_brand","embeddable":true,"href":"https:\/\/www.bobooaza.pl\/index.php\/wp-json\/wp\/v2\/product_brand?post=11234"},{"taxonomy":"product_cat","embeddable":true,"href":"https:\/\/www.bobooaza.pl\/index.php\/wp-json\/wp\/v2\/product_cat?post=11234"},{"taxonomy":"product_tag","embeddable":true,"href":"https:\/\/www.bobooaza.pl\/index.php\/wp-json\/wp\/v2\/product_tag?post=11234"}],"curies":[{"name":"wp","href":"https:\/\/api.w.org\/{rel}","templated":true}]}}