{"id":11241,"date":"2026-01-07T19:00:25","date_gmt":"2026-01-07T18:00:25","guid":{"rendered":"https:\/\/bobooaza.pl\/index.php\/produkt\/ewa-921215-kocyk-bambus-jasny-szary-warkocz\/"},"modified":"2026-01-07T19:12:03","modified_gmt":"2026-01-07T18:12:03","slug":"ewa-921215-kocyk-bambus-jasny-szary-warkocz","status":"publish","type":"product","link":"https:\/\/www.bobooaza.pl\/index.php\/produkt\/ewa-921215-kocyk-bambus-jasny-szary-warkocz\/","title":{"rendered":"EWA 921215 Kocyk bambus jasny szary warkocz"},"content":{"rendered":"<p>EWA 921215 Kocyk bambusowy jasny szary warkocz to niemowl\u0119cy kocyk o wymiarach 100 x 75 cm, wykonany w 100% z mi\u0119kkiej i przyjemnej w dotyku wiskozy bambusowej. Posiada modny wz\u00f3r w warkocz i naszywk\u0119 \u017cakardow\u0105 z logo marki. Nadaje si\u0119 na ka\u017cd\u0105 por\u0119 roku, jest antyalergiczny i delikatny dla wra\u017cliwej sk\u00f3ry dziecka. Produkt w 100% polski.<\/p>\n","protected":false},"excerpt":{"rendered":"<p>EWA 921215 Kocyk bambusowy jasny szary warkocz to niemowl\u0119cy kocyk o wymiarach 100 x 75 cm, wykonany w 100% z mi\u0119kkiej i przyjemnej w dotyku wiskozy bambusowej. Posiada modny wz\u00f3r w warkocz i naszywk\u0119 \u017cakardow\u0105 z logo marki. Nadaje si\u0119 na ka\u017cd\u0105 por\u0119 roku, jest antyalergiczny i delikatny dla wra\u017cliwej sk\u00f3ry dziecka. Produkt w 100% [&hellip;]<\/p>\n","protected":false},"featured_media":11238,"comment_status":"open","ping_status":"closed","template":"","meta":[],"product_brand":[],"product_cat":[76,147,84,85],"product_tag":[],"class_list":{"0":"post-11241","1":"product","2":"type-product","3":"status-publish","4":"has-post-thumbnail","6":"product_cat-dziecko","7":"product_cat-kocyki","8":"product_cat-pokoj-dziecka","9":"product_cat-spanie","11":"first","12":"instock","13":"taxable","14":"shipping-taxable","15":"purchasable","16":"product-type-simple"},"_links":{"self":[{"href":"https:\/\/www.bobooaza.pl\/index.php\/wp-json\/wp\/v2\/product\/11241","targetHints":{"allow":["GET"]}}],"collection":[{"href":"https:\/\/www.bobooaza.pl\/index.php\/wp-json\/wp\/v2\/product"}],"about":[{"href":"https:\/\/www.bobooaza.pl\/index.php\/wp-json\/wp\/v2\/types\/product"}],"replies":[{"embeddable":true,"href":"https:\/\/www.bobooaza.pl\/index.php\/wp-json\/wp\/v2\/comments?post=11241"}],"wp:featuredmedia":[{"embeddable":true,"href":"https:\/\/www.bobooaza.pl\/index.php\/wp-json\/wp\/v2\/media\/11238"}],"wp:attachment":[{"href":"https:\/\/www.bobooaza.pl\/index.php\/wp-json\/wp\/v2\/media?parent=11241"}],"wp:term":[{"taxonomy":"product_brand","embeddable":true,"href":"https:\/\/www.bobooaza.pl\/index.php\/wp-json\/wp\/v2\/product_brand?post=11241"},{"taxonomy":"product_cat","embeddable":true,"href":"https:\/\/www.bobooaza.pl\/index.php\/wp-json\/wp\/v2\/product_cat?post=11241"},{"taxonomy":"product_tag","embeddable":true,"href":"https:\/\/www.bobooaza.pl\/index.php\/wp-json\/wp\/v2\/product_tag?post=11241"}],"curies":[{"name":"wp","href":"https:\/\/api.w.org\/{rel}","templated":true}]}}