{"id":11260,"date":"2026-01-07T19:02:57","date_gmt":"2026-01-07T18:02:57","guid":{"rendered":"https:\/\/bobooaza.pl\/index.php\/produkt\/matex-kocyk-vello-roz-75x100cm-laka-tb0427_02\/"},"modified":"2026-01-07T19:12:07","modified_gmt":"2026-01-07T18:12:07","slug":"matex-kocyk-vello-roz-75x100cm-laka-tb0427_02","status":"publish","type":"product","link":"https:\/\/www.bobooaza.pl\/index.php\/produkt\/matex-kocyk-vello-roz-75x100cm-laka-tb0427_02\/","title":{"rendered":"MATEX Kocyk VELLO roz.75x100cm \u0142\u0105ka TB0427_02*"},"content":{"rendered":"<p>MATEX Kocyk VELLO dla dziecka w rozmiarze 75&#215;100 cm. Kocyk jest dwustronny \u2013 z jednej strony posiada wzorzysty nadruk \u201e\u0141\u0105ka\u201d, z drugiej mi\u0119kki welur. Wykonany z bawe\u0142ny i weluru, jest ciep\u0142y i przyjemny w dotyku, idealny na spacery, jako mata do zabawy lub okrycie podczas karmienia. Sk\u0142ad: 100% bawe\u0142na, welur.<\/p>\n","protected":false},"excerpt":{"rendered":"<p>MATEX Kocyk VELLO dla dziecka w rozmiarze 75&#215;100 cm. Kocyk jest dwustronny \u2013 z jednej strony posiada wzorzysty nadruk \u201e\u0141\u0105ka\u201d, z drugiej mi\u0119kki welur. Wykonany z bawe\u0142ny i weluru, jest ciep\u0142y i przyjemny w dotyku, idealny na spacery, jako mata do zabawy lub okrycie podczas karmienia. Sk\u0142ad: 100% bawe\u0142na, welur.<\/p>\n","protected":false},"featured_media":11258,"comment_status":"open","ping_status":"closed","template":"","meta":[],"product_brand":[],"product_cat":[76,147,84,85],"product_tag":[],"class_list":{"0":"post-11260","1":"product","2":"type-product","3":"status-publish","4":"has-post-thumbnail","6":"product_cat-dziecko","7":"product_cat-kocyki","8":"product_cat-pokoj-dziecka","9":"product_cat-spanie","11":"first","12":"instock","13":"taxable","14":"shipping-taxable","15":"purchasable","16":"product-type-simple"},"_links":{"self":[{"href":"https:\/\/www.bobooaza.pl\/index.php\/wp-json\/wp\/v2\/product\/11260","targetHints":{"allow":["GET"]}}],"collection":[{"href":"https:\/\/www.bobooaza.pl\/index.php\/wp-json\/wp\/v2\/product"}],"about":[{"href":"https:\/\/www.bobooaza.pl\/index.php\/wp-json\/wp\/v2\/types\/product"}],"replies":[{"embeddable":true,"href":"https:\/\/www.bobooaza.pl\/index.php\/wp-json\/wp\/v2\/comments?post=11260"}],"wp:featuredmedia":[{"embeddable":true,"href":"https:\/\/www.bobooaza.pl\/index.php\/wp-json\/wp\/v2\/media\/11258"}],"wp:attachment":[{"href":"https:\/\/www.bobooaza.pl\/index.php\/wp-json\/wp\/v2\/media?parent=11260"}],"wp:term":[{"taxonomy":"product_brand","embeddable":true,"href":"https:\/\/www.bobooaza.pl\/index.php\/wp-json\/wp\/v2\/product_brand?post=11260"},{"taxonomy":"product_cat","embeddable":true,"href":"https:\/\/www.bobooaza.pl\/index.php\/wp-json\/wp\/v2\/product_cat?post=11260"},{"taxonomy":"product_tag","embeddable":true,"href":"https:\/\/www.bobooaza.pl\/index.php\/wp-json\/wp\/v2\/product_tag?post=11260"}],"curies":[{"name":"wp","href":"https:\/\/api.w.org\/{rel}","templated":true}]}}