{"id":11290,"date":"2026-01-07T19:40:59","date_gmt":"2026-01-07T18:40:59","guid":{"rendered":"https:\/\/bobooaza.pl\/index.php\/produkt\/kieczmerski-rozek-wiazany-royal-z-falbanka-75x75-cm-bawelna-100-pudrowy-roz\/"},"modified":"2026-01-19T21:54:33","modified_gmt":"2026-01-19T20:54:33","slug":"kieczmerski-rozek-wiazany-royal-z-falbanka-75x75-cm-bawelna-100-pudrowy-roz","status":"publish","type":"product","link":"https:\/\/www.bobooaza.pl\/index.php\/produkt\/kieczmerski-rozek-wiazany-royal-z-falbanka-75x75-cm-bawelna-100-pudrowy-roz\/","title":{"rendered":"KIECZMERSKI Ro\u017cek wi\u0105zany ROYAL z falbank\u0105 75&#215;75 cm bawe\u0142na 100% pudrowy r\u00f3\u017c"},"content":{"rendered":"<p>KIECZMERSKI Ro\u017cek wi\u0105zany ROYAL z falbank\u0105 75&#215;75 cm w kolorze pudrowy r\u00f3\u017c to elegancki i funkcjonalny ro\u017cek niemowl\u0119cy z kolekcji ROYAL, wykonany w 100% z bawe\u0142ny.<\/p>\n<p>Jest wi\u0105zany na kokard\u0119, co pozwala dopasowa\u0107 jego rozmiar do potrzeb maluszka. Ro\u017cek idealnie nadaje si\u0119 do przenoszenia dziecka, karmienia i usypiania, dopasowuj\u0105c si\u0119 do kszta\u0142tu cia\u0142a dziecka i zachowuj\u0105c odpowiedni\u0105 twardo\u015b\u0107.<\/p>\n<p>Wyr\u00f3\u017cnia si\u0119 r\u0119cznym wykonaniem, subteln\u0105, pastelow\u0105 kolorystyk\u0105 i przepi\u0119knymi falbankami, kt\u00f3re dodaj\u0105 mu szyku i elegancji.<\/p>\n<p>Wype\u0142nienie to antyalergiczny wk\u0142ad silikonowy, lekki jak naturalny puch, przewiewny i chroni\u0105cy przed przegrzewaniem dziecka, a tak\u017ce przeciwdzia\u0142aj\u0105cy osadzaniu si\u0119 roztoczy i kurzu. Ro\u017cek jest przyjazny dla sk\u00f3ry niemowlaka, nie powoduje podra\u017cnie\u0144 ani alergii, dzi\u0119ki naturalnej, przewiewnej tkaninie bawe\u0142nianej.<\/p>\n<p>Rozmiar: 75&#215;75 cm<br \/>\nMateria\u0142: 100% bawe\u0142na (poszycie), antyalergiczne wype\u0142nienie silikonowe<\/p>\n<p>Produkt polski, r\u0119cznie wykonany, komfortowy i bezpieczny dla noworodk\u00f3w.<\/p>\n","protected":false},"excerpt":{"rendered":"<p>KIECZMERSKI Ro\u017cek wi\u0105zany ROYAL z falbank\u0105 75&#215;75 cm w kolorze pudrowy r\u00f3\u017c to elegancki i funkcjonalny ro\u017cek niemowl\u0119cy z kolekcji ROYAL, wykonany w 100% z bawe\u0142ny. Jest wi\u0105zany na kokard\u0119, co pozwala dopasowa\u0107 jego rozmiar do potrzeb maluszka. Ro\u017cek idealnie nadaje si\u0119 do przenoszenia dziecka, karmienia i usypiania, dopasowuj\u0105c si\u0119 do kszta\u0142tu cia\u0142a dziecka i [&hellip;]<\/p>\n","protected":false},"featured_media":11289,"comment_status":"open","ping_status":"closed","template":"","meta":[],"product_brand":[],"product_cat":[76,84,119,85],"product_tag":[],"class_list":{"0":"post-11290","1":"product","2":"type-product","3":"status-publish","4":"has-post-thumbnail","6":"product_cat-dziecko","7":"product_cat-pokoj-dziecka","8":"product_cat-rozki","9":"product_cat-spanie","11":"first","12":"instock","13":"taxable","14":"shipping-taxable","15":"purchasable","16":"product-type-simple"},"_links":{"self":[{"href":"https:\/\/www.bobooaza.pl\/index.php\/wp-json\/wp\/v2\/product\/11290","targetHints":{"allow":["GET"]}}],"collection":[{"href":"https:\/\/www.bobooaza.pl\/index.php\/wp-json\/wp\/v2\/product"}],"about":[{"href":"https:\/\/www.bobooaza.pl\/index.php\/wp-json\/wp\/v2\/types\/product"}],"replies":[{"embeddable":true,"href":"https:\/\/www.bobooaza.pl\/index.php\/wp-json\/wp\/v2\/comments?post=11290"}],"wp:featuredmedia":[{"embeddable":true,"href":"https:\/\/www.bobooaza.pl\/index.php\/wp-json\/wp\/v2\/media\/11289"}],"wp:attachment":[{"href":"https:\/\/www.bobooaza.pl\/index.php\/wp-json\/wp\/v2\/media?parent=11290"}],"wp:term":[{"taxonomy":"product_brand","embeddable":true,"href":"https:\/\/www.bobooaza.pl\/index.php\/wp-json\/wp\/v2\/product_brand?post=11290"},{"taxonomy":"product_cat","embeddable":true,"href":"https:\/\/www.bobooaza.pl\/index.php\/wp-json\/wp\/v2\/product_cat?post=11290"},{"taxonomy":"product_tag","embeddable":true,"href":"https:\/\/www.bobooaza.pl\/index.php\/wp-json\/wp\/v2\/product_tag?post=11290"}],"curies":[{"name":"wp","href":"https:\/\/api.w.org\/{rel}","templated":true}]}}