{"id":11304,"date":"2026-01-07T19:41:15","date_gmt":"2026-01-07T18:41:15","guid":{"rendered":"https:\/\/bobooaza.pl\/index.php\/produkt\/kieczmerski-rozek-wiazany-royal-z-falbanka-75x75-cm-zielen-nepalska\/"},"modified":"2026-01-16T15:50:32","modified_gmt":"2026-01-16T14:50:32","slug":"kieczmerski-rozek-wiazany-royal-z-falbanka-75x75-cm-zielen-nepalska","status":"publish","type":"product","link":"https:\/\/www.bobooaza.pl\/index.php\/produkt\/kieczmerski-rozek-wiazany-royal-z-falbanka-75x75-cm-zielen-nepalska\/","title":{"rendered":"KIECZMERSKI Ro\u017cek wi\u0105zany ROYAL z falbank\u0105 75&#215;75 cm ziele\u0144 nepalska"},"content":{"rendered":"<p>KIECZMERSKI Ro\u017cek wi\u0105zany ROYAL z falbank\u0105 75&#215;75 cm w kolorze ziele\u0144 nepalska to ro\u017cek niemowl\u0119cy wykonany z wysokiej jako\u015bci bawe\u0142ny 100%, produkowanej w Polsce. Ro\u017cek jest wi\u0105zany na kokard\u0119 i ozdobiony falbankami, co nadaje mu elegancki i wytworny wygl\u0105d. Dopasowuje si\u0119 do kszta\u0142tu cia\u0142a dziecka, zachowuj\u0105c odpowiedni\u0105 twardo\u015b\u0107, u\u0142atwia przenoszenie niemowlaka, karmienie i usypianie. Wype\u0142nienie jest antyalergiczne, silikonowane, lekkie i mi\u0119kkie, dobrze przepuszcza powietrze, zapewnia komfort snu i chroni przed roztoczami i kurzem. Ro\u017cek jest mi\u0119kki, przyjemny w dotyku, bezpieczny dla sk\u00f3ry dziecka, wytrzyma\u0142y i nadaje si\u0119 do prania w pralce w temperaturze 30\u00b0C, wirowanie max 800 obrot\u00f3w. Produkt polski, antyalergiczny, w rozmiarze 75&#215;75 cm.<\/p>\n","protected":false},"excerpt":{"rendered":"<p>KIECZMERSKI Ro\u017cek wi\u0105zany ROYAL z falbank\u0105 75&#215;75 cm w kolorze ziele\u0144 nepalska to ro\u017cek niemowl\u0119cy wykonany z wysokiej jako\u015bci bawe\u0142ny 100%, produkowanej w Polsce. Ro\u017cek jest wi\u0105zany na kokard\u0119 i ozdobiony falbankami, co nadaje mu elegancki i wytworny wygl\u0105d. Dopasowuje si\u0119 do kszta\u0142tu cia\u0142a dziecka, zachowuj\u0105c odpowiedni\u0105 twardo\u015b\u0107, u\u0142atwia przenoszenie niemowlaka, karmienie i usypianie. Wype\u0142nienie [&hellip;]<\/p>\n","protected":false},"featured_media":11303,"comment_status":"open","ping_status":"closed","template":"","meta":[],"product_brand":[],"product_cat":[76,84,119,85],"product_tag":[],"class_list":{"0":"post-11304","1":"product","2":"type-product","3":"status-publish","4":"has-post-thumbnail","6":"product_cat-dziecko","7":"product_cat-pokoj-dziecka","8":"product_cat-rozki","9":"product_cat-spanie","11":"first","12":"instock","13":"taxable","14":"shipping-taxable","15":"purchasable","16":"product-type-simple"},"_links":{"self":[{"href":"https:\/\/www.bobooaza.pl\/index.php\/wp-json\/wp\/v2\/product\/11304","targetHints":{"allow":["GET"]}}],"collection":[{"href":"https:\/\/www.bobooaza.pl\/index.php\/wp-json\/wp\/v2\/product"}],"about":[{"href":"https:\/\/www.bobooaza.pl\/index.php\/wp-json\/wp\/v2\/types\/product"}],"replies":[{"embeddable":true,"href":"https:\/\/www.bobooaza.pl\/index.php\/wp-json\/wp\/v2\/comments?post=11304"}],"wp:featuredmedia":[{"embeddable":true,"href":"https:\/\/www.bobooaza.pl\/index.php\/wp-json\/wp\/v2\/media\/11303"}],"wp:attachment":[{"href":"https:\/\/www.bobooaza.pl\/index.php\/wp-json\/wp\/v2\/media?parent=11304"}],"wp:term":[{"taxonomy":"product_brand","embeddable":true,"href":"https:\/\/www.bobooaza.pl\/index.php\/wp-json\/wp\/v2\/product_brand?post=11304"},{"taxonomy":"product_cat","embeddable":true,"href":"https:\/\/www.bobooaza.pl\/index.php\/wp-json\/wp\/v2\/product_cat?post=11304"},{"taxonomy":"product_tag","embeddable":true,"href":"https:\/\/www.bobooaza.pl\/index.php\/wp-json\/wp\/v2\/product_tag?post=11304"}],"curies":[{"name":"wp","href":"https:\/\/api.w.org\/{rel}","templated":true}]}}