{"id":11328,"date":"2026-01-07T19:41:35","date_gmt":"2026-01-07T18:41:35","guid":{"rendered":"https:\/\/bobooaza.pl\/index.php\/produkt\/kieczmerski-rozek-usztywniony-75x75-cm-miminu-design-kotki-bawelna-100\/"},"modified":"2026-01-16T15:50:34","modified_gmt":"2026-01-16T14:50:34","slug":"kieczmerski-rozek-usztywniony-75x75-cm-miminu-design-kotki-bawelna-100","status":"publish","type":"product","link":"https:\/\/www.bobooaza.pl\/index.php\/produkt\/kieczmerski-rozek-usztywniony-75x75-cm-miminu-design-kotki-bawelna-100\/","title":{"rendered":"KIECZMERSKI Ro\u017cek usztywniony 75&#215;75 cm MIMINU DESIGN Kotki bawe\u0142na 100%"},"content":{"rendered":"<p>Ro\u017cek niemowl\u0119cy usztywniany 75&#215;75 cm z tkaniny bawe\u0142nianej, wyprodukowanej w polskich fabrykach.<\/p>\n<p>Idealny do przenoszenia dziecka, u\u0142atwia karmienie i usypianie niemowl\u0119cia. <\/p>\n<p>Dopasowuje si\u0119 do kszta\u0142tu cia\u0142a, zachowuj\u0105c odpowiedni\u0105 twardo\u015b\u0107.<\/p>\n<p>Niezwykle mi\u0119kka i przyjemna w dotyku tkanina bawe\u0142niana zapewnia komfort u\u017cytkowania, stwarza bezpieczn\u0105 i przyjazn\u0105 dziecku atmosfer\u0119.<\/p>\n<p>Ro\u017cek zapinany na rzep.<\/p>\n<p>Naturalna 100% tkanina bawe\u0142niana wyprodukowana w Polsce, kt\u00f3ra nie powoduje \u017cadnych podra\u017cnie\u0144, ani alergii &#8211; mi\u0119kka i przyjemna w dotyku, a jednocze\u015bnie wytrzyma\u0142a w u\u017cytkowaniu.<\/p>\n<p>Poszycie ro\u017cka &#8211; BAWE\u0141NA 100%<\/p>\n<p>Wype\u0142nienie antyalergiczne &#8211; standard, poliester 100% silikonowany.<\/p>\n<p>Ro\u017cek usztywniany MAT\u0104 KOKOSOW\u0104 &#8211; naturalny surowiec, nie wch\u0142ania zapach\u00f3w.<\/p>\n<p>Gwarantowane bezpiecze\u0144stwo i jako\u015b\u0107 produktu, zachowanie odpowiednich atest\u00f3w i certyfikat\u00f3w.<\/p>\n<p>Piel\u0119gnacja &#8211; mo\u017cna pra\u0107 w pralce w temperaturze 30\u00b0C, wirowa\u0107 na obrotach max 800.<\/p>\n<p>PRODUKT POLSKI, PRODUKT ANTYALERGICZNY<\/p>\n<p>WZ\u00d3R &#8211; KOTKI<\/p>\n","protected":false},"excerpt":{"rendered":"<p>Ro\u017cek niemowl\u0119cy usztywniany 75&#215;75 cm z tkaniny bawe\u0142nianej, wyprodukowanej w polskich fabrykach. Idealny do przenoszenia dziecka, u\u0142atwia karmienie i usypianie niemowl\u0119cia. Dopasowuje si\u0119 do kszta\u0142tu cia\u0142a, zachowuj\u0105c odpowiedni\u0105 twardo\u015b\u0107. Niezwykle mi\u0119kka i przyjemna w dotyku tkanina bawe\u0142niana zapewnia komfort u\u017cytkowania, stwarza bezpieczn\u0105 i przyjazn\u0105 dziecku atmosfer\u0119. Ro\u017cek zapinany na rzep. Naturalna 100% tkanina bawe\u0142niana wyprodukowana [&hellip;]<\/p>\n","protected":false},"featured_media":11327,"comment_status":"open","ping_status":"closed","template":"","meta":[],"product_brand":[],"product_cat":[76,84,119,85],"product_tag":[],"class_list":{"0":"post-11328","1":"product","2":"type-product","3":"status-publish","4":"has-post-thumbnail","6":"product_cat-dziecko","7":"product_cat-pokoj-dziecka","8":"product_cat-rozki","9":"product_cat-spanie","11":"first","12":"instock","13":"taxable","14":"shipping-taxable","15":"purchasable","16":"product-type-simple"},"_links":{"self":[{"href":"https:\/\/www.bobooaza.pl\/index.php\/wp-json\/wp\/v2\/product\/11328","targetHints":{"allow":["GET"]}}],"collection":[{"href":"https:\/\/www.bobooaza.pl\/index.php\/wp-json\/wp\/v2\/product"}],"about":[{"href":"https:\/\/www.bobooaza.pl\/index.php\/wp-json\/wp\/v2\/types\/product"}],"replies":[{"embeddable":true,"href":"https:\/\/www.bobooaza.pl\/index.php\/wp-json\/wp\/v2\/comments?post=11328"}],"wp:featuredmedia":[{"embeddable":true,"href":"https:\/\/www.bobooaza.pl\/index.php\/wp-json\/wp\/v2\/media\/11327"}],"wp:attachment":[{"href":"https:\/\/www.bobooaza.pl\/index.php\/wp-json\/wp\/v2\/media?parent=11328"}],"wp:term":[{"taxonomy":"product_brand","embeddable":true,"href":"https:\/\/www.bobooaza.pl\/index.php\/wp-json\/wp\/v2\/product_brand?post=11328"},{"taxonomy":"product_cat","embeddable":true,"href":"https:\/\/www.bobooaza.pl\/index.php\/wp-json\/wp\/v2\/product_cat?post=11328"},{"taxonomy":"product_tag","embeddable":true,"href":"https:\/\/www.bobooaza.pl\/index.php\/wp-json\/wp\/v2\/product_tag?post=11328"}],"curies":[{"name":"wp","href":"https:\/\/api.w.org\/{rel}","templated":true}]}}