{"id":11340,"date":"2026-01-07T19:41:46","date_gmt":"2026-01-07T18:41:46","guid":{"rendered":"https:\/\/bobooaza.pl\/index.php\/produkt\/kieczmerski-rozek-standard-75x75-cm-miminu-design-misie-bezowe-bawelna-100\/"},"modified":"2026-01-14T15:46:28","modified_gmt":"2026-01-14T14:46:28","slug":"kieczmerski-rozek-standard-75x75-cm-miminu-design-misie-bezowe-bawelna-100","status":"publish","type":"product","link":"https:\/\/www.bobooaza.pl\/index.php\/produkt\/kieczmerski-rozek-standard-75x75-cm-miminu-design-misie-bezowe-bawelna-100\/","title":{"rendered":"KIECZMERSKI Ro\u017cek standard 75&#215;75 cm MIMINU DESIGN Misie be\u017cowe bawe\u0142na 100%"},"content":{"rendered":"<p>KIECZMERSKI Ro\u017cek standard 75&#215;75 cm MIMINU DESIGN Misie be\u017cowe<\/p>\n<p>Ro\u017cek niemowl\u0119cy 75&#215;75 cm z tkaniny bawe\u0142nianej 100% produkowanej w Polsce.<\/p>\n<p>Zapewnia komfort przy przenoszeniu dziecka, karmieniu i usypianiu, dopasowuje si\u0119 do kszta\u0142tu cia\u0142a i zachowuje odpowiedni\u0105 twardo\u015b\u0107. Ro\u017cek zapinany jest na rzep, a naturalna bawe\u0142na jest mi\u0119kka, przyjazna dla sk\u00f3ry i antyalergiczna.<\/p>\n<p>Wype\u0142nienie antyalergiczne stanowi poliester silikonowany. Produkt mo\u017cna pra\u0107 w pralce w temperaturze 30\u00b0C, wirowa\u0107 maksymalnie 800 obrot\u00f3w. Produkt polski, bezpieczny i trwa\u0142y.<\/p>\n","protected":false},"excerpt":{"rendered":"<p>KIECZMERSKI Ro\u017cek standard 75&#215;75 cm MIMINU DESIGN Misie be\u017cowe Ro\u017cek niemowl\u0119cy 75&#215;75 cm z tkaniny bawe\u0142nianej 100% produkowanej w Polsce. Zapewnia komfort przy przenoszeniu dziecka, karmieniu i usypianiu, dopasowuje si\u0119 do kszta\u0142tu cia\u0142a i zachowuje odpowiedni\u0105 twardo\u015b\u0107. Ro\u017cek zapinany jest na rzep, a naturalna bawe\u0142na jest mi\u0119kka, przyjazna dla sk\u00f3ry i antyalergiczna. Wype\u0142nienie antyalergiczne stanowi [&hellip;]<\/p>\n","protected":false},"featured_media":11339,"comment_status":"open","ping_status":"closed","template":"","meta":[],"product_brand":[],"product_cat":[76,84,119,85],"product_tag":[],"class_list":{"0":"post-11340","1":"product","2":"type-product","3":"status-publish","4":"has-post-thumbnail","6":"product_cat-dziecko","7":"product_cat-pokoj-dziecka","8":"product_cat-rozki","9":"product_cat-spanie","11":"first","12":"instock","13":"taxable","14":"shipping-taxable","15":"purchasable","16":"product-type-simple"},"_links":{"self":[{"href":"https:\/\/www.bobooaza.pl\/index.php\/wp-json\/wp\/v2\/product\/11340","targetHints":{"allow":["GET"]}}],"collection":[{"href":"https:\/\/www.bobooaza.pl\/index.php\/wp-json\/wp\/v2\/product"}],"about":[{"href":"https:\/\/www.bobooaza.pl\/index.php\/wp-json\/wp\/v2\/types\/product"}],"replies":[{"embeddable":true,"href":"https:\/\/www.bobooaza.pl\/index.php\/wp-json\/wp\/v2\/comments?post=11340"}],"wp:featuredmedia":[{"embeddable":true,"href":"https:\/\/www.bobooaza.pl\/index.php\/wp-json\/wp\/v2\/media\/11339"}],"wp:attachment":[{"href":"https:\/\/www.bobooaza.pl\/index.php\/wp-json\/wp\/v2\/media?parent=11340"}],"wp:term":[{"taxonomy":"product_brand","embeddable":true,"href":"https:\/\/www.bobooaza.pl\/index.php\/wp-json\/wp\/v2\/product_brand?post=11340"},{"taxonomy":"product_cat","embeddable":true,"href":"https:\/\/www.bobooaza.pl\/index.php\/wp-json\/wp\/v2\/product_cat?post=11340"},{"taxonomy":"product_tag","embeddable":true,"href":"https:\/\/www.bobooaza.pl\/index.php\/wp-json\/wp\/v2\/product_tag?post=11340"}],"curies":[{"name":"wp","href":"https:\/\/api.w.org\/{rel}","templated":true}]}}