{"id":11356,"date":"2026-01-07T19:41:57","date_gmt":"2026-01-07T18:41:57","guid":{"rendered":"https:\/\/bobooaza.pl\/index.php\/produkt\/kieczmerski-rozek-usztywniony-75x75-cm-kolekcja-kraina-czarow-bez\/"},"modified":"2026-01-07T19:54:01","modified_gmt":"2026-01-07T18:54:01","slug":"kieczmerski-rozek-usztywniony-75x75-cm-kolekcja-kraina-czarow-bez","status":"publish","type":"product","link":"https:\/\/www.bobooaza.pl\/index.php\/produkt\/kieczmerski-rozek-usztywniony-75x75-cm-kolekcja-kraina-czarow-bez\/","title":{"rendered":"KIECZMERSKI Ro\u017cek usztywniony 75&#215;75 cm KOLEKCJA Kraina Czar\u00f3w be\u017c"},"content":{"rendered":"<p>KIECZMERSKI Ro\u017cek niemowl\u0119cy usztywniony 75&#215;75 cm, kolekcja Kraina Czar\u00f3w be\u017c.<\/p>\n<p>Wykonany z bawe\u0142ny 100%, produkcji polskiej, mi\u0119kki i przyjemny w dotyku, bezpieczny dla sk\u00f3ry dziecka, nie powoduje alergii ani podra\u017cnie\u0144. Ro\u017cek u\u0142atwia przenoszenie, karmienie i usypianie niemowl\u0119cia, dopasowuj\u0105c si\u0119 do cia\u0142a dziecka przy zachowaniu odpowiedniej twardo\u015bci.<\/p>\n<p>Wyposa\u017cony w antyalergiczne wype\u0142nienie z silikonowanego poliestru oraz mat\u0119 kokosow\u0105, zapewniaj\u0105c\u0105 usztywnienie i przewiewno\u015b\u0107. Zapinany na rzep, ca\u0142kowicie bezpieczny i antyalergiczny.<\/p>\n<p>Mo\u017cna pra\u0107 w pralce w 30\u00b0C, wirowa\u0107 maksymalnie 800 obrot\u00f3w. Produkt polski, gwarantuj\u0105cy wysok\u0105 jako\u015b\u0107 i bezpiecze\u0144stwo.<\/p>\n","protected":false},"excerpt":{"rendered":"<p>KIECZMERSKI Ro\u017cek niemowl\u0119cy usztywniony 75&#215;75 cm, kolekcja Kraina Czar\u00f3w be\u017c. Wykonany z bawe\u0142ny 100%, produkcji polskiej, mi\u0119kki i przyjemny w dotyku, bezpieczny dla sk\u00f3ry dziecka, nie powoduje alergii ani podra\u017cnie\u0144. Ro\u017cek u\u0142atwia przenoszenie, karmienie i usypianie niemowl\u0119cia, dopasowuj\u0105c si\u0119 do cia\u0142a dziecka przy zachowaniu odpowiedniej twardo\u015bci. Wyposa\u017cony w antyalergiczne wype\u0142nienie z silikonowanego poliestru oraz mat\u0119 [&hellip;]<\/p>\n","protected":false},"featured_media":11355,"comment_status":"open","ping_status":"closed","template":"","meta":[],"product_brand":[],"product_cat":[76,84,119,85],"product_tag":[],"class_list":{"0":"post-11356","1":"product","2":"type-product","3":"status-publish","4":"has-post-thumbnail","6":"product_cat-dziecko","7":"product_cat-pokoj-dziecka","8":"product_cat-rozki","9":"product_cat-spanie","11":"first","12":"instock","13":"taxable","14":"shipping-taxable","15":"purchasable","16":"product-type-simple"},"_links":{"self":[{"href":"https:\/\/www.bobooaza.pl\/index.php\/wp-json\/wp\/v2\/product\/11356","targetHints":{"allow":["GET"]}}],"collection":[{"href":"https:\/\/www.bobooaza.pl\/index.php\/wp-json\/wp\/v2\/product"}],"about":[{"href":"https:\/\/www.bobooaza.pl\/index.php\/wp-json\/wp\/v2\/types\/product"}],"replies":[{"embeddable":true,"href":"https:\/\/www.bobooaza.pl\/index.php\/wp-json\/wp\/v2\/comments?post=11356"}],"wp:featuredmedia":[{"embeddable":true,"href":"https:\/\/www.bobooaza.pl\/index.php\/wp-json\/wp\/v2\/media\/11355"}],"wp:attachment":[{"href":"https:\/\/www.bobooaza.pl\/index.php\/wp-json\/wp\/v2\/media?parent=11356"}],"wp:term":[{"taxonomy":"product_brand","embeddable":true,"href":"https:\/\/www.bobooaza.pl\/index.php\/wp-json\/wp\/v2\/product_brand?post=11356"},{"taxonomy":"product_cat","embeddable":true,"href":"https:\/\/www.bobooaza.pl\/index.php\/wp-json\/wp\/v2\/product_cat?post=11356"},{"taxonomy":"product_tag","embeddable":true,"href":"https:\/\/www.bobooaza.pl\/index.php\/wp-json\/wp\/v2\/product_tag?post=11356"}],"curies":[{"name":"wp","href":"https:\/\/api.w.org\/{rel}","templated":true}]}}