{"id":11368,"date":"2026-01-07T19:42:03","date_gmt":"2026-01-07T18:42:03","guid":{"rendered":"https:\/\/bobooaza.pl\/index.php\/produkt\/kieczmerski-rozek-niemowlecy-z-kokarda-muslin-bawelniany-smietanka-bawelna-100\/"},"modified":"2026-01-07T19:54:04","modified_gmt":"2026-01-07T18:54:04","slug":"kieczmerski-rozek-niemowlecy-z-kokarda-muslin-bawelniany-smietanka-bawelna-100","status":"publish","type":"product","link":"https:\/\/www.bobooaza.pl\/index.php\/produkt\/kieczmerski-rozek-niemowlecy-z-kokarda-muslin-bawelniany-smietanka-bawelna-100\/","title":{"rendered":"KIECZMERSKI Ro\u017cek niemowl\u0119cy z kokard\u0105 MU\u015aLIN BAWE\u0141NIANY \u015bmietanka bawe\u0142na 100%"},"content":{"rendered":"<p>KIECZMERSKI Ro\u017cek niemowl\u0119cy z kokard\u0105 wykonany z mu\u015blinu bawe\u0142nianego 100% w kolorze \u015bmietankowym. Ro\u017cek wi\u0105zany, z podw\u00f3jnej gazy, zapewnia komfort podczas przenoszenia, karmienia i usypiania niemowlaka, dopasowuj\u0105c si\u0119 do kszta\u0142tu cia\u0142a przy zachowaniu odpowiedniej twardo\u015bci. Wyposa\u017cony w antyalergiczne ocieplenie z silikonowanego poliestru, lekki i przewiewny, ca\u0142oroczny. Zapinany na rzep i wi\u0105zany kokard\u0105, dobrze wentylowany, chroni przed przegrzaniem, a jednocze\u015bnie utrzymuje ciep\u0142o. Produkt bezpieczny, antyalergiczny, mo\u017cna pra\u0107 w pralce w 30\u00b0C, prasowa\u0107 w niskiej temperaturze, suszy\u0107 w pozycji roz\u0142o\u017conej. Rozmiar 75&#215;75 cm, dla dzieci od 0 do 3 miesi\u0119cy.<\/p>\n","protected":false},"excerpt":{"rendered":"<p>KIECZMERSKI Ro\u017cek niemowl\u0119cy z kokard\u0105 wykonany z mu\u015blinu bawe\u0142nianego 100% w kolorze \u015bmietankowym. Ro\u017cek wi\u0105zany, z podw\u00f3jnej gazy, zapewnia komfort podczas przenoszenia, karmienia i usypiania niemowlaka, dopasowuj\u0105c si\u0119 do kszta\u0142tu cia\u0142a przy zachowaniu odpowiedniej twardo\u015bci. Wyposa\u017cony w antyalergiczne ocieplenie z silikonowanego poliestru, lekki i przewiewny, ca\u0142oroczny. Zapinany na rzep i wi\u0105zany kokard\u0105, dobrze wentylowany, chroni [&hellip;]<\/p>\n","protected":false},"featured_media":11367,"comment_status":"open","ping_status":"closed","template":"","meta":[],"product_brand":[],"product_cat":[76,84,119,85],"product_tag":[],"class_list":{"0":"post-11368","1":"product","2":"type-product","3":"status-publish","4":"has-post-thumbnail","6":"product_cat-dziecko","7":"product_cat-pokoj-dziecka","8":"product_cat-rozki","9":"product_cat-spanie","11":"first","12":"instock","13":"taxable","14":"shipping-taxable","15":"purchasable","16":"product-type-simple"},"_links":{"self":[{"href":"https:\/\/www.bobooaza.pl\/index.php\/wp-json\/wp\/v2\/product\/11368","targetHints":{"allow":["GET"]}}],"collection":[{"href":"https:\/\/www.bobooaza.pl\/index.php\/wp-json\/wp\/v2\/product"}],"about":[{"href":"https:\/\/www.bobooaza.pl\/index.php\/wp-json\/wp\/v2\/types\/product"}],"replies":[{"embeddable":true,"href":"https:\/\/www.bobooaza.pl\/index.php\/wp-json\/wp\/v2\/comments?post=11368"}],"wp:featuredmedia":[{"embeddable":true,"href":"https:\/\/www.bobooaza.pl\/index.php\/wp-json\/wp\/v2\/media\/11367"}],"wp:attachment":[{"href":"https:\/\/www.bobooaza.pl\/index.php\/wp-json\/wp\/v2\/media?parent=11368"}],"wp:term":[{"taxonomy":"product_brand","embeddable":true,"href":"https:\/\/www.bobooaza.pl\/index.php\/wp-json\/wp\/v2\/product_brand?post=11368"},{"taxonomy":"product_cat","embeddable":true,"href":"https:\/\/www.bobooaza.pl\/index.php\/wp-json\/wp\/v2\/product_cat?post=11368"},{"taxonomy":"product_tag","embeddable":true,"href":"https:\/\/www.bobooaza.pl\/index.php\/wp-json\/wp\/v2\/product_tag?post=11368"}],"curies":[{"name":"wp","href":"https:\/\/api.w.org\/{rel}","templated":true}]}}