{"id":11539,"date":"2026-01-10T10:46:23","date_gmt":"2026-01-10T09:46:23","guid":{"rendered":"https:\/\/bobooaza.pl\/index.php\/produkt\/milly-mally-6576-bramka-zabezpieczajaca-barierka-na-schody-guardy-83-white\/"},"modified":"2026-01-10T10:50:01","modified_gmt":"2026-01-10T09:50:01","slug":"milly-mally-6576-bramka-zabezpieczajaca-barierka-na-schody-guardy-83-white","status":"publish","type":"product","link":"https:\/\/www.bobooaza.pl\/index.php\/produkt\/milly-mally-6576-bramka-zabezpieczajaca-barierka-na-schody-guardy-83-white\/","title":{"rendered":"MILLY MALLY 6576 Bramka zabezpieczaj\u0105ca &#8211; barierka na schody Guardy 83 White"},"content":{"rendered":"<p>Bramka zabezpieczaj\u0105ca Guardy 83 White od Milly Mally to idealne rozwi\u0105zanie do ochrony dzieci przed dost\u0119pem do schod\u00f3w, drzwi i innych niebezpiecznych miejsc w domu. Solidna konstrukcja z metalu i wysokiej jako\u015bci plastiku zapewnia stabilno\u015b\u0107, a podw\u00f3jny system zabezpiecze\u0144 uniemo\u017cliwia dziecku samodzielne otwarcie. Bramka otwiera si\u0119 w obie strony, co gwarantuje pe\u0142n\u0105 wygod\u0119 u\u017cytkowania niezale\u017cnie od uk\u0142adu pomieszczenia. Monta\u017c jest prosty dzi\u0119ki systemowi rozporowemu, a minimalistyczny, elegancki design w bia\u0142ym kolorze sprawia, \u017ce bramka harmonijnie wpasowuje si\u0119 w ka\u017cde wn\u0119trze. Guardy 83 przeznaczona jest dla dzieci w wieku 6\u201324 miesi\u0105ce, posiada certyfikaty bezpiecze\u0144stwa oraz jest zgodna z norm\u0105 EN 1930:2011, zapewniaj\u0105c spok\u00f3j i komfort zar\u00f3wno rodzicom, jak i maluchom.<\/p>\n","protected":false},"excerpt":{"rendered":"<p>Bramka zabezpieczaj\u0105ca Guardy 83 White od Milly Mally to idealne rozwi\u0105zanie do ochrony dzieci przed dost\u0119pem do schod\u00f3w, drzwi i innych niebezpiecznych miejsc w domu. Solidna konstrukcja z metalu i wysokiej jako\u015bci plastiku zapewnia stabilno\u015b\u0107, a podw\u00f3jny system zabezpiecze\u0144 uniemo\u017cliwia dziecku samodzielne otwarcie. Bramka otwiera si\u0119 w obie strony, co gwarantuje pe\u0142n\u0105 wygod\u0119 u\u017cytkowania niezale\u017cnie [&hellip;]<\/p>\n","protected":false},"featured_media":11532,"comment_status":"open","ping_status":"closed","template":"","meta":[],"product_brand":[],"product_cat":[66,76,67],"product_tag":[],"class_list":{"0":"post-11539","1":"product","2":"type-product","3":"status-publish","4":"has-post-thumbnail","6":"product_cat-bezpieczenstwo","7":"product_cat-dziecko","8":"product_cat-zabezpieczenia-domowe","10":"first","11":"instock","12":"taxable","13":"shipping-taxable","14":"purchasable","15":"product-type-simple"},"_links":{"self":[{"href":"https:\/\/www.bobooaza.pl\/index.php\/wp-json\/wp\/v2\/product\/11539","targetHints":{"allow":["GET"]}}],"collection":[{"href":"https:\/\/www.bobooaza.pl\/index.php\/wp-json\/wp\/v2\/product"}],"about":[{"href":"https:\/\/www.bobooaza.pl\/index.php\/wp-json\/wp\/v2\/types\/product"}],"replies":[{"embeddable":true,"href":"https:\/\/www.bobooaza.pl\/index.php\/wp-json\/wp\/v2\/comments?post=11539"}],"wp:featuredmedia":[{"embeddable":true,"href":"https:\/\/www.bobooaza.pl\/index.php\/wp-json\/wp\/v2\/media\/11532"}],"wp:attachment":[{"href":"https:\/\/www.bobooaza.pl\/index.php\/wp-json\/wp\/v2\/media?parent=11539"}],"wp:term":[{"taxonomy":"product_brand","embeddable":true,"href":"https:\/\/www.bobooaza.pl\/index.php\/wp-json\/wp\/v2\/product_brand?post=11539"},{"taxonomy":"product_cat","embeddable":true,"href":"https:\/\/www.bobooaza.pl\/index.php\/wp-json\/wp\/v2\/product_cat?post=11539"},{"taxonomy":"product_tag","embeddable":true,"href":"https:\/\/www.bobooaza.pl\/index.php\/wp-json\/wp\/v2\/product_tag?post=11539"}],"curies":[{"name":"wp","href":"https:\/\/api.w.org\/{rel}","templated":true}]}}