{"id":11608,"date":"2026-01-11T13:20:38","date_gmt":"2026-01-11T12:20:38","guid":{"rendered":"https:\/\/bobooaza.pl\/index.php\/produkt\/albero-mio-mata-do-przewijania-niemowlat-wloknina-70x50-431-wesole-gwiazdki\/"},"modified":"2026-01-11T13:25:36","modified_gmt":"2026-01-11T12:25:36","slug":"albero-mio-mata-do-przewijania-niemowlat-wloknina-70x50-431-wesole-gwiazdki","status":"publish","type":"product","link":"https:\/\/www.bobooaza.pl\/index.php\/produkt\/albero-mio-mata-do-przewijania-niemowlat-wloknina-70x50-431-wesole-gwiazdki\/","title":{"rendered":"ALBERO MIO Mata do przewijania niemowl\u0105t (w\u0142\u00f3knina) 70&#215;50 431 Weso\u0142e gwiazdki"},"content":{"rendered":"<p>Mi\u0119kka mata do przewijania niemowl\u0105t ALBERO MIO 431 Weso\u0142e Gwiazdki o wymiarach 70 x 50 cm to praktyczne i bezpieczne rozwi\u0105zanie do codziennej piel\u0119gnacji dziecka. Lekka konstrukcja sprawia, \u017ce mata jest \u0142atwa do przenoszenia i idealna do zabrania w podr\u00f3\u017c. Przeznaczona do u\u0142o\u017cenia na komodzie lub p\u00f3\u0142koprzewijaku, nie posiada dodatkowego usztywnienia, zapewniaj\u0105c wygod\u0119 i komfort podczas przewijania.<\/p>\n<p>Powierzchnia maty wykonana jest z folii PVC, wolnej od ftalan\u00f3w, delikatnej dla sk\u00f3ry dziecka, a wn\u0119trze wype\u0142niono puszyst\u0105, antyalergiczn\u0105 w\u0142\u00f3knin\u0105 (100% poliester), co zwi\u0119ksza bezpiecze\u0144stwo i komfort maluszka. Produkt zosta\u0142 wyprodukowany w Polsce z wysokiej jako\u015bci materia\u0142\u00f3w posiadaj\u0105cych certyfikaty potwierdzaj\u0105ce bezpiecze\u0144stwo najm\u0142odszych, zapewniaj\u0105c trwa\u0142o\u015b\u0107 i niezawodno\u015b\u0107.<\/p>\n<p>Uroczy wz\u00f3r Weso\u0142ych Gwiazdek nadaje macie przyjazny charakter i sprawia, \u017ce doskonale komponuje si\u0119 z wystrojem pokoju dzieci\u0119cego. Ekologiczny nadruk jest bezpieczny dla dziecka, cho\u0107 przy intensywnym u\u017cytkowaniu mo\u017ce delikatnie blakn\u0105\u0107. Mata powinna by\u0107 u\u017cywana wy\u0142\u0105cznie pod sta\u0142\u0105 opiek\u0105 osoby doros\u0142ej.<\/p>\n","protected":false},"excerpt":{"rendered":"<p>Mi\u0119kka mata do przewijania niemowl\u0105t ALBERO MIO 431 Weso\u0142e Gwiazdki o wymiarach 70 x 50 cm to praktyczne i bezpieczne rozwi\u0105zanie do codziennej piel\u0119gnacji dziecka. Lekka konstrukcja sprawia, \u017ce mata jest \u0142atwa do przenoszenia i idealna do zabrania w podr\u00f3\u017c. Przeznaczona do u\u0142o\u017cenia na komodzie lub p\u00f3\u0142koprzewijaku, nie posiada dodatkowego usztywnienia, zapewniaj\u0105c wygod\u0119 i komfort [&hellip;]<\/p>\n","protected":false},"featured_media":11607,"comment_status":"open","ping_status":"closed","template":"","meta":[],"product_brand":[],"product_cat":[75,76,68],"product_tag":[],"class_list":{"0":"post-11608","1":"product","2":"type-product","3":"status-publish","4":"has-post-thumbnail","6":"product_cat-przewijanie-maty-i-podklady","7":"product_cat-dziecko","8":"product_cat-higiena-i-pielegnacja","10":"first","11":"instock","12":"taxable","13":"shipping-taxable","14":"purchasable","15":"product-type-simple"},"_links":{"self":[{"href":"https:\/\/www.bobooaza.pl\/index.php\/wp-json\/wp\/v2\/product\/11608","targetHints":{"allow":["GET"]}}],"collection":[{"href":"https:\/\/www.bobooaza.pl\/index.php\/wp-json\/wp\/v2\/product"}],"about":[{"href":"https:\/\/www.bobooaza.pl\/index.php\/wp-json\/wp\/v2\/types\/product"}],"replies":[{"embeddable":true,"href":"https:\/\/www.bobooaza.pl\/index.php\/wp-json\/wp\/v2\/comments?post=11608"}],"wp:featuredmedia":[{"embeddable":true,"href":"https:\/\/www.bobooaza.pl\/index.php\/wp-json\/wp\/v2\/media\/11607"}],"wp:attachment":[{"href":"https:\/\/www.bobooaza.pl\/index.php\/wp-json\/wp\/v2\/media?parent=11608"}],"wp:term":[{"taxonomy":"product_brand","embeddable":true,"href":"https:\/\/www.bobooaza.pl\/index.php\/wp-json\/wp\/v2\/product_brand?post=11608"},{"taxonomy":"product_cat","embeddable":true,"href":"https:\/\/www.bobooaza.pl\/index.php\/wp-json\/wp\/v2\/product_cat?post=11608"},{"taxonomy":"product_tag","embeddable":true,"href":"https:\/\/www.bobooaza.pl\/index.php\/wp-json\/wp\/v2\/product_tag?post=11608"}],"curies":[{"name":"wp","href":"https:\/\/api.w.org\/{rel}","templated":true}]}}